000
CXUS55 KJKL 011000
CF6LOZ
PRELIMINARY LOCAL CLIMATOLOGICAL DATA (WS FORM: F-6)

                                          STATION:   LONDON KY
                                          MONTH:     OCTOBER
                                          YEAR:      2012
                                          LATITUDE:   37  4 N
                                          LONGITUDE:  84  5 W

  TEMPERATURE IN F:       :PCPN:    SNOW:  WIND      :SUNSHINE: SKY     :PK WND
================================================================================
1   2   3   4   5  6A  6B    7    8   9   10  11  12  13   14  15   16   17  18
                                     12Z  AVG MX 2MIN
DY MAX MIN AVG DEP HDD CDD  WTR  SNW DPTH SPD SPD DIR MIN PSBL S-S WX    SPD DR
================================================================================

 1  66  55  61  -1   4   0 1.13    M    M  4.6 12  80   M    M   7 1      16 130
 2  77  59  68   6   0   3    T    M    M  6.3 17 200   M    M   8 1      23 190
 3  72  55  64   2   1   0    T    M    M  1.5 12 270   M    M   3 1      15 270
 4  75  51  63   2   2   0 0.00    M    M  2.3 10 260   M    M   1 1      14 230
 5  77  50  64   3   1   0 0.00    M    M  2.7 12 240   M    M   2 1      16 250
 6  64  44  54  -6  11   0 0.22    M    M  4.5 17 320   M    M   6 1      23 320
 7  56  42  49 -11  16   0    T    M    M  2.0 10 350   M    M   7        14 290
 8  51  38  45 -15  20   0 0.25    M    M  2.6  8  20   M    M   6 1      10  30
 9  55  35  45 -14  20   0 0.00    M    M  1.4  8 190   M    M   7 12     12 190
10  60  39  50  -9  15   0 0.00    M    M  4.8 16 290   M    M   5        21 250
11  66  32  49 -10  16   0 0.00    M    M  1.4 12 250   M    M   1        15 250
12  63  43  53  -5  12   0    T    M    M  1.6  8  30   M    M   5        13  20
13  75  38  57  -1   8   0 0.00    M    M  4.0 14 190   M    M   1 1      17 210
14  72  59  66   8   0   1 0.21    M    M  9.1 23 190   M    M   4 1      33 200
15  65  43  54  -4  11   0    T    M    M  7.1 20 260   M    M   5 1      26 260
16  67  37  52  -5  13   0 0.00    M    M  0.7  7 190   M    M   2 12      9 190
17  72  44  58   1   7   0 0.00    M    M  5.0 16 180   M    M   0        22 180
18  65  42  54  -3  11   0 0.12    M    M  7.7 24 270   M    M   5 1      35 270
19  62  39  51  -5  14   0 0.00    M    M  6.3 20 280   M    M   7        29 210
20  57  41  49  -7  16   0 0.00    M    M  4.1 15 260   M    M   9        18 270
21  68  36  52  -4  13   0 0.00    M    M  1.1  8 200   M    M   1 1      10 200
22  77  44  61   6   4   0 0.00    M    M  1.4 14 250   M    M   4 8      15 240
23  78  48  63   8   2   0 0.00    M    M  1.7 13 220   M    M   0 18     17 270
24  78  49  64   9   1   0 0.00    M    M  1.1 10 250   M    M   1 1      13 260
25  78  45  62   8   3   0 0.00    M    M  2.2 12 230   M    M   0 8      16 230
26  77  49  63   9   2   0 0.01    M    M  3.6 14 320   M    M   4 1      18 330
27  49  45  47  -7  18   0 0.12    M    M  7.5 14  20   M    M  10 1      18 360
28  45  41  43 -11  22   0 0.37    M    M  8.7 17  10   M    M  10 1      23 360
29  42  37  40 -13  25   0 0.01    M    M 11.8 22 310   M    M  10        37 340
30  41  35  38 -15  27   0 0.35    M    M 12.9 22 300   M    M  10 1      32 290
31  51  37  44  -9  21   0    T    M    M  9.2 18 300   M    M   9 1      25 290
================================================================================
SM 2001 1352       336   4  2.79    M    140.9          M      150
================================================================================
AV 64.5 43.6                               4.5 FASTST   M    M   5    MAX(MPH)
                                 MISC ---->  # 24 270               # 37  340
================================================================================
NOTES:
# LAST OF SEVERAL OCCURRENCES

COLUMN 17 PEAK WIND IN M.P.H.

PRELIMINARY LOCAL CLIMATOLOGICAL DATA (WS FORM: F-6) , PAGE 2

                                          STATION:  LONDON KY
                                          MONTH:    OCTOBER
                                          YEAR:     2012
                                          LATITUDE:   37  4 N
                                          LONGITUDE:  84  5 W

[TEMPERATURE DATA]      [PRECIPITATION DATA]       SYMBOLS USED IN COLUMN 16

AVERAGE MONTHLY: 54.1   TOTAL FOR MONTH:   2.79    1 = FOG OR MIST
DPTR FM NORMAL:  -3.2   DPTR FM NORMAL:   -0.23    2 = FOG REDUCING VISIBILITY
HIGHEST:    78 ON 25,24 GRTST 24HR  1.13 ON  1- 1      TO 1/4 MILE OR LESS
LOWEST:     32 ON 11                               3 = THUNDER
                        SNOW, ICE PELLETS, HAIL    4 = ICE PELLETS
                        TOTAL MONTH:    M          5 = HAIL
                        GRTST 24HR    M  ON   M    6 = FREEZING RAIN OR DRIZZLE
                        GRTST DEPTH:  M  ON   M    7 = DUSTSTORM OR SANDSTORM:
                                                       VSBY 1/2 MILE OR LESS
                                                   8 = SMOKE OR HAZE
[NO. OF DAYS WITH]      [WEATHER - DAYS WITH]      9 = BLOWING SNOW
                                                   X = TORNADO
MAX 32 OR BELOW:   0    0.01 INCH OR MORE:  10
MAX 90 OR ABOVE:   0    0.10 INCH OR MORE:   8
MIN 32 OR BELOW:   1    0.50 INCH OR MORE:   1
MIN  0 OR BELOW:   0    1.00 INCH OR MORE:   1

[HDD (BASE 65) ]
TOTAL THIS MO.   336    CLEAR  (SCALE 0-3)  10
DPTR FM NORMAL    77    PTCLDY (SCALE 4-7)  14
TOTAL FM JUL 1   399    CLOUDY (SCALE 8-10)  7
DPTR FM NORMAL    93

[CDD (BASE 65) ]
TOTAL THIS MO.     4
DPTR FM NORMAL   -17    [PRESSURE DATA]
TOTAL FM JAN 1  1226    HIGHEST SLP 30.33 ON 12
DPTR FM NORMAL    38    LOWEST  SLP 29.60 ON 18

[REMARKS]
#FINAL-10-12#
