000
CXUS55 KJKL 011111
CF6LOZ
PRELIMINARY LOCAL CLIMATOLOGICAL DATA (WS FORM: F-6)

                                          STATION:   LONDON KY
                                          MONTH:     JANUARY
                                          YEAR:      2016
                                          LATITUDE:   37  4 N
                                          LONGITUDE:  84  5 W

  TEMPERATURE IN F:       :PCPN:    SNOW:  WIND      :SUNSHINE: SKY     :PK WND
================================================================================
1   2   3   4   5  6A  6B    7    8   9   10  11  12  13   14  15   16   17  18
                                     12Z  AVG MX 2MIN
DY MAX MIN AVG DEP HDD CDD  WTR  SNW DPTH SPD SPD DIR MIN PSBL S-S WX    SPD DR
================================================================================

 1  39  26  33  -3  32   0 0.00    M    M  5.5 12 260   M    M   6        14 270
 2  44  23  34  -2  31   0 0.00    M    M  3.7 15 250   M    M   0 1      19 270
 3  48  25  37   1  28   0 0.00    M    M  6.8 14 270   M    M   0        18 350
 4  37  25  31  -5  34   0    T    M    M  8.5 20  20   M    M   8        26  10
 5  39  19  29  -7  36   0 0.00    M    M  3.4 10 100   M    M   0        14  80
 6  46  17  32  -3  33   0 0.00    M    M  0.8  9 110   M    M   0        11 100
 7  57  24  41   6  24   0 0.00    M    M  0.6  6  80   M    M   3        10 240
 8  55  39  47  12  18   0 0.24    M    M  4.8 17 190   M    M   8 1      22 200
 9  55  34  45  10  20   0 0.41    M    M  2.3  9 130   M    M   3 1      13 130
10  48  17  33  -2  32   0 0.09    M    M 13.2 28 270   M    M  10 1      37 260
11  34  13  24 -11  41   0 0.00    M    M  5.8 13 240   M    M   2        17 250
12  41  20  31  -4  34   0    T    M    M 12.5 30 290   M    M   6        44 290
13  34  13  24 -11  41   0 0.00    M    M  3.4 14 190   M    M   1        17 190
14  58  27  43   8  22   0 0.00    M    M  6.8 20 230   M    M   0        27 190
15  47  30  39   4  26   0 0.09    M    M  3.8 13 270   M    M   5 1      16 270
16  46  31  39   4  26   0 0.01    M    M  6.9 18 280   M    M  10 1      24 270
17  32  17  25 -10  40   0    T    M    M  9.0 22 290   M    M  10        28 290
18  19   7  13 -22  52   0    T    M    M  7.2 16 320   M    M   2        22 320
19  23   8  16 -19  49   0    T    M    M  2.2  9  10   M    M   4        12  10
20  30  18  24 -11  41   0 0.06    M    M  5.4 14 220   M    M   9 12     19 230
21  29  23  26 -10  39   0 0.00    M    M  6.0 12  80   M    M   8 1      17  40
22  28  22  25 -11  40   0 1.15    M    M 10.1 17  10   M    M  10 126    24  10
23  25   6  16 -20  49   0 0.02    M    M  7.1 14 340   M    M   9 128    18 330
24  33   0  17 -19  48   0 0.00    M    M  0.3  7 190   M    M   5 128     8 190
25  49  12  31  -5  34   0 0.00    M    M  4.9 15 180   M    M   2 128    20 180
26  50  33  42   6  23   0 0.01    M    M  6.3 15 210   M    M  10 1      25 210
27  37  19  28  -8  37   0 0.00    M    M  3.3 10 350   M    M   5        15  20
28  46  14  30  -6  35   0 0.00    M    M  3.1 16 250   M    M   2 1      23 260
29  42  26  34  -2  31   0 0.00    M    M  5.1 15 310   M    M   3        18 310
30  62  24  43   7  22   0 0.00    M    M  6.5 17 210   M    M   0        24 200
31  65  39  52  15  13   0 0.00    M    M 11.1 26 190   M    M   5        41 200
================================================================================
SM 1298  651      1031   0  2.08    M    176.4          M      146
================================================================================
AV 41.9 21.0                               5.7 FASTST   M    M   5    MAX(MPH)
                                 MISC ---->  # 30 290               # 44  290
================================================================================
NOTES:
# LAST OF SEVERAL OCCURRENCES

COLUMN 17 PEAK WIND IN M.P.H.

PRELIMINARY LOCAL CLIMATOLOGICAL DATA (WS FORM: F-6) , PAGE 2

                                          STATION:  LONDON KY
                                          MONTH:    JANUARY
                                          YEAR:     2016
                                          LATITUDE:   37  4 N
                                          LONGITUDE:  84  5 W

[TEMPERATURE DATA]      [PRECIPITATION DATA]       SYMBOLS USED IN COLUMN 16

AVERAGE MONTHLY: 31.4   TOTAL FOR MONTH:   2.08    1 = FOG OR MIST
DPTR FM NORMAL:  -4.2   DPTR FM NORMAL:   -1.46    2 = FOG REDUCING VISIBILITY
HIGHEST:    65 ON 31    GRTST 24HR  1.16 ON 22-23      TO 1/4 MILE OR LESS
LOWEST:      0 ON 24                               3 = THUNDER
                        SNOW, ICE PELLETS, HAIL    4 = ICE PELLETS
                        TOTAL MONTH:    M          5 = HAIL
                        GRTST 24HR    M  ON   M    6 = FREEZING RAIN OR DRIZZLE
                        GRTST DEPTH:  M  ON   M    7 = DUSTSTORM OR SANDSTORM:
                                                       VSBY 1/2 MILE OR LESS
                                                   8 = SMOKE OR HAZE
[NO. OF DAYS WITH]      [WEATHER - DAYS WITH]      9 = BLOWING SNOW
                                                   X = TORNADO
MAX 32 OR BELOW:   7    0.01 INCH OR MORE:   9
MAX 90 OR ABOVE:   0    0.10 INCH OR MORE:   3
MIN 32 OR BELOW:  27    0.50 INCH OR MORE:   1
MIN  0 OR BELOW:   1    1.00 INCH OR MORE:   1

[HDD (BASE 65) ]
TOTAL THIS MO.  1031    CLEAR  (SCALE 0-3)  12
DPTR FM NORMAL   120    PTCLDY (SCALE 4-7)  11
TOTAL FM JUL 1  2171    CLOUDY (SCALE 8-10)  8
DPTR FM NORMAL  -392

[CDD (BASE 65) ]
TOTAL THIS MO.     0
DPTR FM NORMAL     0    [PRESSURE DATA]
TOTAL FM JAN 1     0    HIGHEST SLP 30.60 ON  5
DPTR FM NORMAL     0    LOWEST  SLP 29.52 ON 15

[REMARKS]
#FINAL-01-16#
