000
CXUS55 KJKL 011000
CF6LOZ
PRELIMINARY LOCAL CLIMATOLOGICAL DATA (WS FORM: F-6)

                                          STATION:   LONDON KY
                                          MONTH:     AUGUST
                                          YEAR:      2012
                                          LATITUDE:   37  4 N
                                          LONGITUDE:  84  5 W

  TEMPERATURE IN F:       :PCPN:    SNOW:  WIND      :SUNSHINE: SKY     :PK WND
================================================================================
1   2   3   4   5  6A  6B    7    8   9   10  11  12  13   14  15   16   17  18
                                     12Z  AVG MX 2MIN
DY MAX MIN AVG DEP HDD CDD  WTR  SNW DPTH SPD SPD DIR MIN PSBL S-S WX    SPD DR
================================================================================

 1  92  67  80   4   0  15 0.08    M    M  3.9 17 290   M    M   2 13     23 270
 2  91  66  79   3   0  14 0.00    M    M  2.3  9 190   M    M   1 1      12 190
 3  79  69  74  -2   0   9 0.48    M    M  2.8 15 190   M    M   4 13     21 190
 4  86  70  78   2   0  13 0.00    M    M  5.2 16 190   M    M   3        21 210
 5  81  70  76   0   0  11 0.89    M    M  3.0 15 250   M    M   6 13     18 260
 6  81  70  76   0   0  11 0.56    M    M  1.2  9 360   M    M   8 1      10 360
 7  88  70  79   3   0  14 0.00    M    M  1.5 14  30   M    M   6 123    18  10
 8  89  67  78   2   0  13 0.00    M    M  1.2  7  90   M    M   4 12      9 100
 9  85  64  75  -1   0  10 1.48    M    M  2.3 16 310   M    M   2 13     21 310
10  83  63  73  -3   0   8    T    M    M  5.7 17 310   M    M   5 1      26 330
11  77  56  67  -9   0   2 0.00    M    M  3.0 13 340   M    M   1 1      20 300
12  80  54  67  -9   0   2 0.00    M    M  1.4 10 300   M    M   1 12     15 300
13  80  58  69  -7   0   4 0.00    M    M  2.2 12 140   M    M   2 1      18 140
14  81  64  73  -3   0   8 0.01    M    M  2.5 15 280   M    M   7 1      18 260
15  78  64  71  -5   0   6 0.58    M    M  1.7 10 340   M    M   4 13     14 260
16  84  59  72  -4   0   7 0.00    M    M  2.5 12 310   M    M   3 12     17 320
17  73  65  69  -6   0   4 0.03    M    M  3.9 12 280   M    M   6 12     15 280
18  80  61  71  -4   0   6 0.00    M    M  1.1  8  20   M    M   5 12     13  10
19  81  61  71  -4   0   6 0.00    M    M  2.7 13 290   M    M   5        16 280
20  79  54  67  -8   0   2 0.00    M    M  2.4 12 320   M    M   2 1      16 350
21  82  53  68  -7   0   3 0.20    M    M  2.3 21  80   M    M   1 1      41  90
22  82  55  69  -6   0   4 0.00    M    M  1.0  6 210   M    M   0 1       9  50
23  84  56  70  -5   0   5 0.00    M    M  0.3  7 220   M    M   0 1      10 220
24  87  59  73  -2   0   8 0.00    M    M  1.6  8 210   M    M   0 1      10 200
25  88  60  74   0   0   9 0.00    M    M  0.8  7 300   M    M   1         9 290
26  88  61  75   1   0  10 0.00    M    M  1.2  8 190   M    M   1 1       9 190
27  88  63  76   2   0  11 0.00    M    M  1.7 10 250   M    M   1 1      13 260
28  85  69  77   3   0  12 0.00    M    M  3.0 15 360   M    M   4 1      20 360
29  88  64  76   2   0  11 0.00    M    M  3.6 10 360   M    M   2 1      15  10
30  88  62  75   1   0  10 0.00    M    M  3.0 14 190   M    M   2        18 190
31  86  66  76   3   0  11    T    M    M  2.2 13 240   M    M   1 1      16 250
================================================================================
SM 2594 1940         0 259  4.31    M     73.2          M       90
================================================================================
AV 83.7 62.6                               2.4 FASTST   M    M   3    MAX(MPH)
                                 MISC ---->  # 21  80               # 41   90
================================================================================
NOTES:
# LAST OF SEVERAL OCCURRENCES

COLUMN 17 PEAK WIND IN M.P.H.

PRELIMINARY LOCAL CLIMATOLOGICAL DATA (WS FORM: F-6) , PAGE 2

                                          STATION:  LONDON KY
                                          MONTH:    AUGUST
                                          YEAR:     2012
                                          LATITUDE:   37  4 N
                                          LONGITUDE:  84  5 W

[TEMPERATURE DATA]      [PRECIPITATION DATA]       SYMBOLS USED IN COLUMN 16

AVERAGE MONTHLY: 73.1   TOTAL FOR MONTH:   4.31    1 = FOG OR MIST
DPTR FM NORMAL:  -2.1   DPTR FM NORMAL:    0.60    2 = FOG REDUCING VISIBILITY
HIGHEST:    92 ON  1    GRTST 24HR  1.49 ON  9-10      TO 1/4 MILE OR LESS
LOWEST:     53 ON 21                               3 = THUNDER
                        SNOW, ICE PELLETS, HAIL    4 = ICE PELLETS
                        TOTAL MONTH:    M          5 = HAIL
                        GRTST 24HR    M  ON   M    6 = FREEZING RAIN OR DRIZZLE
                        GRTST DEPTH:  M  ON   M    7 = DUSTSTORM OR SANDSTORM:
                                                       VSBY 1/2 MILE OR LESS
                                                   8 = SMOKE OR HAZE
[NO. OF DAYS WITH]      [WEATHER - DAYS WITH]      9 = BLOWING SNOW
                                                   X = TORNADO
MAX 32 OR BELOW:   0    0.01 INCH OR MORE:   9
MAX 90 OR ABOVE:   2    0.10 INCH OR MORE:   6
MIN 32 OR BELOW:   0    0.50 INCH OR MORE:   4
MIN  0 OR BELOW:   0    1.00 INCH OR MORE:   1

[HDD (BASE 65) ]
TOTAL THIS MO.     0    CLEAR  (SCALE 0-3)  17
DPTR FM NORMAL    -1    PTCLDY (SCALE 4-7)  14
TOTAL FM JUL 1     0    CLOUDY (SCALE 8-10)  0
DPTR FM NORMAL    -1

[CDD (BASE 65) ]
TOTAL THIS MO.   259
DPTR FM NORMAL   -58    [PRESSURE DATA]
TOTAL FM JAN 1  1118    HIGHEST SLP 30.23 ON 31
DPTR FM NORMAL    94    LOWEST  SLP 29.77 ON 10

[REMARKS]
#FINAL-08-12#
