000
CXUS55 KJKL 011000
CF6LOZ
PRELIMINARY LOCAL CLIMATOLOGICAL DATA (WS FORM: F-6)

                                          STATION:   LONDON KY
                                          MONTH:     JULY
                                          YEAR:      2012
                                          LATITUDE:   37  4 N
                                          LONGITUDE:  84  5 W

  TEMPERATURE IN F:       :PCPN:    SNOW:  WIND      :SUNSHINE: SKY     :PK WND
================================================================================
1   2   3   4   5  6A  6B    7    8   9   10  11  12  13   14  15   16   17  18
                                     12Z  AVG MX 2MIN
DY MAX MIN AVG DEP HDD CDD  WTR  SNW DPTH SPD SPD DIR MIN PSBL S-S WX    SPD DR
================================================================================

 1 101  70  86  10   0  21 0.00    M    M  5.0 29  10   M    M   0 138    45  10
 2  95  68  82   6   0  17    T    M    M  4.8 15 250   M    M   0        23 260
 3  95  68  82   6   0  17 0.01    M    M  2.7 31 260   M    M   0 38     38 240
 4  98  66  82   6   0  17    T    M    M  2.6 12 280   M    M   1        14 280
 5  99  67  83   7   0  18 0.51    M    M  5.1 38  10   M    M   2 138    59  20
 6  97  64  81   5   0  16 0.00    M    M  1.8  9  10   M    M   0 18     12  10
 7  99  71  85   9   0  20 0.00    M    M  1.3  9 190   M    M   0 18     13 180
 8  98  71  85   9   0  20 0.71    M    M  5.5 20  20   M    M   3 13     28  20
 9  88  70  79   3   0  14 0.01    M    M  4.2 13  30   M    M   5 1      20  20
10  80  71  76   0   0  11    T    M    M  2.1 10 360   M    M   6 13     13  20
11  85  67  76   0   0  11 0.00    M    M  2.0 10 180   M    M   4 1      14 190
12  75  66  71  -5   0   6 0.24    M    M  2.3  8 160   M    M   4 1      12 150
13  83  67  75  -1   0  10 0.55    M    M  2.8 12 290   M    M   8 13     15 330
14  83  68  76   0   0  11 0.30    M    M  2.5 15 300   M    M   4 13     18 280
15  85  66  76   0   0  11 0.11    M    M  1.9 13 180   M    M   2 13     15 180
16  87  68  78   2   0  13 0.11    M    M  2.2 17 340   M    M   2 123    25 330
17  86  70  78   2   0  13 0.00    M    M  2.6  9 180   M    M   2 1      13 180
18  88  70  79   3   0  14 0.27    M    0  3.3 16 320   M    M   3 13     22 310
19  91  68  80   4   0  15 1.78    M    M  5.7 23 300   M    M   3 123    33 290
20  84  68  76   0   0  11 0.13    M    M  4.5 16  10   M    M   7 13     23  10
21  83  68  76   0   0  11 0.00    M    M  3.6 10 360   M    M   7 1      13 360
22  88  67  78   2   0  13 0.01    M    M  2.0 12 260   M    M   3 1      14 270
23  90  72  81   5   0  16 0.00    M    M  5.2 16 270   M    M   4        20 250
24  90  72  81   5   0  16    T    M    M  5.0 16 270   M    M   2 1      21 280
25  92  75  84   8   0  19 0.02    M    M  4.6 13 230   M    M   2 1      17 240
26  93  74  84   8   0  19 0.00    M    M  7.9 17 240   M    M   1        24 240
27  88  67  78   2   0  13 0.09    M    M  5.6 24 270   M    M   4 13     31 270
28  85  64  75  -1   0  10 0.13    M    M  5.0 14 180   M    M   3 13     18 180
29  85  63  74  -2   0   9 0.00    M    M  1.3  9  30   M    M   1 1      12  20
30  88  63  76   0   0  11 0.00    M    M  0.8  7  70   M    M   0 1      21 220
31  89  70  80   4   0  15 0.00    M    M  1.6 12 330   M    M   4 1      16 320
================================================================================
SM 2768 2119         0 438  4.98    M    107.5          M       87
================================================================================
AV 89.3 68.4                               3.5 FASTST   M    M   3    MAX(MPH)
                                 MISC ---->  # 38  10               # 59   20
================================================================================
NOTES:
# LAST OF SEVERAL OCCURRENCES

COLUMN 17 PEAK WIND IN M.P.H.

PRELIMINARY LOCAL CLIMATOLOGICAL DATA (WS FORM: F-6) , PAGE 2

                                          STATION:  LONDON KY
                                          MONTH:    JULY
                                          YEAR:     2012
                                          LATITUDE:   37  4 N
                                          LONGITUDE:  84  5 W

[TEMPERATURE DATA]      [PRECIPITATION DATA]       SYMBOLS USED IN COLUMN 16

AVERAGE MONTHLY: 78.8   TOTAL FOR MONTH:   4.98    1 = FOG OR MIST
DPTR FM NORMAL:   2.5   DPTR FM NORMAL:    0.94    2 = FOG REDUCING VISIBILITY
HIGHEST:   101 ON  1    GRTST 24HR  1.91 ON 19-20      TO 1/4 MILE OR LESS
LOWEST:     63 ON 30,29                            3 = THUNDER
                        SNOW, ICE PELLETS, HAIL    4 = ICE PELLETS
                        TOTAL MONTH:    M          5 = HAIL
                        GRTST 24HR    M  ON   M    6 = FREEZING RAIN OR DRIZZLE
                        GRTST DEPTH:   0           7 = DUSTSTORM OR SANDSTORM:
                                                       VSBY 1/2 MILE OR LESS
                                                   8 = SMOKE OR HAZE
[NO. OF DAYS WITH]      [WEATHER - DAYS WITH]      9 = BLOWING SNOW
                                                   X = TORNADO
MAX 32 OR BELOW:   0    0.01 INCH OR MORE:  16
MAX 90 OR ABOVE:  13    0.10 INCH OR MORE:  11
MIN 32 OR BELOW:   0    0.50 INCH OR MORE:   4
MIN  0 OR BELOW:   0    1.00 INCH OR MORE:   1

[HDD (BASE 65) ]
TOTAL THIS MO.     0    CLEAR  (SCALE 0-3)  17
DPTR FM NORMAL     0    PTCLDY (SCALE 4-7)  14
TOTAL FM JUL 1     0    CLOUDY (SCALE 8-10)  0
DPTR FM NORMAL     0

[CDD (BASE 65) ]
TOTAL THIS MO.   438
DPTR FM NORMAL    88    [PRESSURE DATA]
TOTAL FM JAN 1   859    HIGHEST SLP 30.21 ON 15
DPTR FM NORMAL   152    LOWEST  SLP 29.78 ON 26

[REMARKS]
#FINAL-07-12#
