000
CXUS55 KJKL 011000
CF6LOZ
PRELIMINARY LOCAL CLIMATOLOGICAL DATA (WS FORM: F-6)

                                          STATION:   LONDON KY
                                          MONTH:     APRIL
                                          YEAR:      2012
                                          LATITUDE:   37  4 N
                                          LONGITUDE:  84  5 W

  TEMPERATURE IN F:       :PCPN:    SNOW:  WIND      :SUNSHINE: SKY     :PK WND
================================================================================
1   2   3   4   5  6A  6B    7    8   9   10  11  12  13   14  15   16   17  18
                                     12Z  AVG MX 2MIN
DY MAX MIN AVG DEP HDD CDD  WTR  SNW DPTH SPD SPD DIR MIN PSBL S-S WX    SPD DR
================================================================================

 1  66  44  55   3  10   0 0.37    M    M  2.0 14 270   M    M   4 123    17 270
 2  76  54  65  13   0   0 0.00    M    M  2.8 13  10   M    M   3 1      16  40
 3  84  53  69  16   0   4 0.03    M    M  4.4 17 280   M    M   4 3      24 100
 4  80  54  67  14   0   2    T    M    M  3.5 21  20   M    M   4 13     25  40
 5  62  48  55   2  10   0 0.78    M    M  7.0 18  20   M    M   8 13     23  20
 6  63  39  51  -3  14   0 0.00    M    M  8.6 17  10   M    M   1        23  20
 7  69  32  51  -3  14   0 0.00    M    M  2.3 10 120   M    M   0        13 120
 8  68  42  55   1  10   0 0.00    M    M  4.8 17 300   M    M   4        23 330
 9  69  35  52  -3  13   0 0.00    M    M  6.8 21 250   M    M   0        38 260
10  63  39  51  -4  14   0 0.00    M    M  7.2 23 280   M    M   2        39 280
11  51  31  41 -14  24   0 0.00    M    M  5.5 16  30   M    M   3        23 360
12  60  28  44 -12  21   0 0.00    M    M  2.1 10  90   M    M   0        17  40
13  67  32  50  -6  15   0 0.00    M    M  1.3 13 180   M    M   0        20 140
14  75  46  61   5   4   0    T    M    M  5.0 20 200   M    M   5        26 190
15  79  52  66  10   0   1 0.00    M    M  7.2 20 190   M    M   0        28 210
16  76  55  66   9   0   1 0.04    M    M  9.3 25 250   M    M   3 1      33 220
17  60  52  56  -1   9   0    T    M    M  5.8 14  40   M    M   8        18  40
18  65  46  56  -1   9   0 0.02    M    M  5.8 13  50   M    M   6 1      17  50
19  73  43  58   0   7   0 0.00    M    M  1.6 12  80   M    M   4 12     18  90
20  74  44  59   1   6   0 0.00    M    M  3.9 15 190   M    M   4        20 180
21  60  46  53  -5  12   0 0.12    M    M  5.6 14 330   M    M   9 1      18 330
22  48  43  46 -13  19   0    T    M    M  8.4 16 360   M    M  10 1      21  10
23  56  39  48 -11  17   0 0.00    M    M 10.6 24 320   M    M   6        32 330
24  63  32  48 -11  17   0 0.07    M    M  9.4 25 280   M    M   6 1      37 290
25  75  47  61   2   4   0 0.33    M    M  5.2 14 190   M    M   6 13     18 190
26  74  58  66   6   0   1 1.15    M    M  6.9 20 240   M    M   7 13     43 300
27  68  44  56  -4   9   0 0.00    M    M  5.6  9  10   M    M   1        16  20
28  82  53  68   8   0   3 0.00    M    M  5.5 18 240   M    M   4        24 250
29  81  56  69   9   0   4 0.00    M    M  1.6 13 360   M    M   2 1      16 360
30  83  57  70   9   0   5 0.04    M    M  5.1 20 230   M    M   2 13     28 250
================================================================================
SM 2070 1344       258  21  2.95    M    160.8          M      116
================================================================================
AV 69.0 44.8                               5.4 FASTST   M    M   4    MAX(MPH)
                                 MISC ---->  # 25 250                 43    M
================================================================================
NOTES:
# LAST OF SEVERAL OCCURRENCES

COLUMN 17 PEAK WIND IN M.P.H.

PRELIMINARY LOCAL CLIMATOLOGICAL DATA (WS FORM: F-6) , PAGE 2

                                          STATION:  LONDON KY
                                          MONTH:    APRIL
                                          YEAR:     2012
                                          LATITUDE:   37  4 N
                                          LONGITUDE:  84  5 W

[TEMPERATURE DATA]      [PRECIPITATION DATA]       SYMBOLS USED IN COLUMN 16

AVERAGE MONTHLY: 56.9   TOTAL FOR MONTH:   2.95    1 = FOG OR MIST
DPTR FM NORMAL:   0.4   DPTR FM NORMAL:   -1.10    2 = FOG REDUCING VISIBILITY
HIGHEST:    84 ON  3    GRTST 24HR  1.16 ON 25-26      TO 1/4 MILE OR LESS
LOWEST:     28 ON 12                               3 = THUNDER
                        SNOW, ICE PELLETS, HAIL    4 = ICE PELLETS
                        TOTAL MONTH:    M          5 = HAIL
                        GRTST 24HR    M  ON   M    6 = FREEZING RAIN OR DRIZZLE
                        GRTST DEPTH:  M  ON   M    7 = DUSTSTORM OR SANDSTORM:
                                                       VSBY 1/2 MILE OR LESS
                                                   8 = SMOKE OR HAZE
[NO. OF DAYS WITH]      [WEATHER - DAYS WITH]      9 = BLOWING SNOW
                                                   X = TORNADO
MAX 32 OR BELOW:   0    0.01 INCH OR MORE:  10
MAX 90 OR ABOVE:   0    0.10 INCH OR MORE:   5
MIN 32 OR BELOW:   5    0.50 INCH OR MORE:   2
MIN  0 OR BELOW:   0    1.00 INCH OR MORE:   1

[HDD (BASE 65) ]
TOTAL THIS MO.   258    CLEAR  (SCALE 0-3)  13
DPTR FM NORMAL   -18    PTCLDY (SCALE 4-7)  15
TOTAL FM JUL 1  3546    CLOUDY (SCALE 8-10)  2
DPTR FM NORMAL  -577

[CDD (BASE 65) ]
TOTAL THIS MO.    21
DPTR FM NORMAL    -2    [PRESSURE DATA]
TOTAL FM JAN 1    43    HIGHEST SLP 30.32 ON 17
DPTR FM NORMAL    17    LOWEST  SLP 29.67 ON  4

[REMARKS]
#FINAL-04-12#
