000
CXUS55 KJKL 011000
CF6LOZ
PRELIMINARY LOCAL CLIMATOLOGICAL DATA (WS FORM: F-6)

                                          STATION:   LONDON KY
                                          MONTH:     MAY
                                          YEAR:      2015
                                          LATITUDE:   37  4 N
                                          LONGITUDE:  84  5 W

  TEMPERATURE IN F:       :PCPN:    SNOW:  WIND      :SUNSHINE: SKY     :PK WND
================================================================================
1   2   3   4   5  6A  6B    7    8   9   10  11  12  13   14  15   16   17  18
                                     12Z  AVG MX 2MIN
DY MAX MIN AVG DEP HDD CDD  WTR  SNW DPTH SPD SPD DIR MIN PSBL S-S WX    SPD DR
================================================================================

 1  66  41  54  -7  11   0    T    M    M  3.5 10  40   M    M   5 18     15  50
 2  75  43  59  -2   6   0 0.00    M    M  1.3  9 170   M    M   2 18     13 170
 3  79  45  62   0   3   0 0.00    M    M  2.5 12 220   M    M   2 18     15 250
 4  83  50  67   5   0   2 0.00    M    M  3.5 16 250   M    M   1 8      22 240
 5  84  55  70   8   0   5 0.00    M    M  1.3  9 210   M    M   0 8      13 180
 6  87  56  72  10   0   7    T    M    M  2.2 12 130   M    M   3 8      17 140
 7  87  57  72  10   0   7 0.00    M    M  2.1 12  20   M    M   1 138    14  30
 8  88  58  73  10   0   8 0.00    M    M  1.1  8 180   M    M   0 18     12 220
 9  87  60  74  11   0   9 0.00    M    M  2.3 12 130   M    M   0 18     16 150
10  86  63  75  12   0  10 0.00    M    M  2.5 12 270   M    M   1 18     14 250
11  88  64  76  12   0  11 0.12    M    M  5.7 28 280   M    M   2 138    39 280
12  78  59  69   5   0   4 0.00    M    M  9.0 23 260   M    M   2 1      29 260
13  75  47  61  -3   4   0 0.00    M    M  4.5 13  30   M    M   0        16  20
14  83  50  67   3   0   2 0.00    M    M  3.5 12 240   M    M   0        16 240
15  84  65  75  11   0  10    T    M    M  5.6 20 180   M    M   5 3      24 220
16  79  66  73   8   0   8 0.01    M    M  4.7 16 250   M    M   7        22 240
17  79  64  72   7   0   7 0.42    M    M  3.9 21 270   M    M   5 18     27 270
18  83  65  74   9   0   9 0.09    M    M  3.2 10 280   M    M   5 13     15 240
19  81  58  70   4   0   5 0.00    M    M  4.9 14 280   M    M   5 18     23 310
20  78  52  65  -1   0   0    T    M    M  4.5 10  60   M    M   2        19 310
21  65  49  57  -9   8   0    T    M    M  7.4 15 330   M    M  10 8      23 360
22  73  41  57  -9   8   0 0.00    M    M  2.0  9 340   M    M   3 128    14  40
23  80  47  64  -2   1   0 0.00    M    M  2.0 12 110   M    M   1        16  80
24  84  54  69   2   0   4 0.00    M    M  4.9 15 190   M    M   0 8      20 180
25  84  62  73   6   0   8    T    M    M  6.4 16 180   M    M   3        22 200
26  87  67  77  10   0  12 0.29    M    M  8.1 31 250   M    M   4 3      42 250
27  83  63  73   5   0   8 0.01    M    M  5.6 23 300   M    M   6        33 300
28  76  61  69   1   0   4 0.04    M    M  1.1  8 210   M    M   7 1      10  20
29  85  64  75   7   0  10 0.50    M    M  4.1 18 280   M    M   4 123    23 280
30  86  66  76   8   0  11 0.06    M    M  5.4 16 180   M    M   5 1      21 180
31  83  67  75   6   0  10 0.03    M    M  5.0 18 250   M    M   6 3      23 250
================================================================================
SM 2516 1759        41 171  1.57    M    123.8          M       97
================================================================================
AV 81.2 56.7                               4.0 FASTST   M    M   3    MAX(MPH)
                                 MISC ---->  # 31 250               # 42  250
================================================================================
NOTES:
# LAST OF SEVERAL OCCURRENCES

COLUMN 17 PEAK WIND IN M.P.H.

PRELIMINARY LOCAL CLIMATOLOGICAL DATA (WS FORM: F-6) , PAGE 2

                                          STATION:  LONDON KY
                                          MONTH:    MAY
                                          YEAR:     2015
                                          LATITUDE:   37  4 N
                                          LONGITUDE:  84  5 W

[TEMPERATURE DATA]      [PRECIPITATION DATA]       SYMBOLS USED IN COLUMN 16

AVERAGE MONTHLY: 69.0   TOTAL FOR MONTH:   1.57    1 = FOG OR MIST
DPTR FM NORMAL:   4.2   DPTR FM NORMAL:   -3.61    2 = FOG REDUCING VISIBILITY
HIGHEST:    88 ON 11, 8 GRTST 24HR  0.56 ON 29-30      TO 1/4 MILE OR LESS
LOWEST:     41 ON 22, 1                            3 = THUNDER
                        SNOW, ICE PELLETS, HAIL    4 = ICE PELLETS
                        TOTAL MONTH:    M          5 = HAIL
                        GRTST 24HR    M  ON   M    6 = FREEZING RAIN OR DRIZZLE
                        GRTST DEPTH:  M  ON   M    7 = DUSTSTORM OR SANDSTORM:
                                                       VSBY 1/2 MILE OR LESS
                                                   8 = SMOKE OR HAZE
[NO. OF DAYS WITH]      [WEATHER - DAYS WITH]      9 = BLOWING SNOW
                                                   X = TORNADO
MAX 32 OR BELOW:   0    0.01 INCH OR MORE:  10
MAX 90 OR ABOVE:   0    0.10 INCH OR MORE:   4
MIN 32 OR BELOW:   0    0.50 INCH OR MORE:   1
MIN  0 OR BELOW:   0    1.00 INCH OR MORE:   0

[HDD (BASE 65) ]
TOTAL THIS MO.    41    CLEAR  (SCALE 0-3)  16
DPTR FM NORMAL   -54    PTCLDY (SCALE 4-7)  14
TOTAL FM JUL 1  4380    CLOUDY (SCALE 8-10)  1
DPTR FM NORMAL   184

[CDD (BASE 65) ]
TOTAL THIS MO.   171
DPTR FM NORMAL    83    [PRESSURE DATA]
TOTAL FM JAN 1   194    HIGHEST SLP 30.41 ON 23
DPTR FM NORMAL    80    LOWEST  SLP 29.86 ON 21

[REMARKS]
#FINAL-05-15#
