000
CXUS55 KJKL 010910
CF6LOZ

PRELIMINARY LOCAL CLIMATOLOGICAL DATA (WS FORM: F-6)

                                          STATION:   LONDON KY
                                          MONTH:     MAY
                                          YEAR:      2014
                                          LATITUDE:   37  4 N
                                          LONGITUDE:  84  5 W

  TEMPERATURE IN F:       :PCPN:    SNOW:  WIND      :SUNSHINE: SKY     :PK WND
================================================================================
1   2   3   4   5  6A  6B    7    8   9   10  11  12  13   14  15   16   17  18
                                     12Z  AVG MX 2MIN
DY MAX MIN AVG DEP HDD CDD  WTR  SNW DPTH SPD SPD DIR MIN PSBL S-S WX    SPD DR
================================================================================

 1  62  47  55  -6  10   0    T    M    M  7.2 18 260   M    M   8        26 240
 2  67  41  54  -7  11   0 0.00    M    M  4.8 18 290   M    M   5 1      24 290
 3  74  40  57  -5   8   0 0.00    M    M  7.3 26 240   M    M   2 18     35 240
 4  83  46  65   3   0   0 0.00    M    M  6.0 21 260   M    M   0        30 280
 5  86  52  69   7   0   4 0.00    M    M  7.4 22 270   M    M   0        31 260
 6  87  54  71   9   0   6 0.00    M    M  4.9 15 250   M    M   0        19 250
 7  88  54  71   9   0   6 0.00    M    M  4.9 16 250   M    M   0        21 240
 8  86  61  74  11   0   9 0.00    M    M  6.6 20 250   M    M   0        24 250
 9  78  64  71   8   0   6 0.02    M    M  6.9 20 200   M    M   4        28 200
10  73  61  67   4   0   2 0.73    M    M  3.5 21 260   M    M   5 123    27 280
11  83  57  70   6   0   5 0.00    M    M  3.8 14 190   M    M   4 12     19 170
12  87  63  75  11   0  10 0.00    M    M  3.8 16 200   M    M   1        20 190
13  85  63  74  10   0   9 0.10    M    M  4.4 26 250   M    M   1 13     37 250
14  83  64  74  10   0   9 0.05    M    M  6.1 18 190   M    M   2 1      25 200
15  66  51  59  -5   6   0 0.40    M    M  8.2 18 270   M    M  10 1      25 270
16  58  42  50 -15  15   0 0.13    M    M  5.7 25 300   M    M   7 123    35 290
17  58  40  49 -16  16   0    T    M    M  1.4 10 290   M    M   6 1      13 290
18  68  41  55 -10  10   0 0.00    M    M  2.7 12  90   M    M   0 1      16  40
19  75  42  59  -7   6   0 0.00    M    M  1.8  9 210   M    M   0        11 190
20  85  52  69   3   0   4 0.00    M    M  7.0 21 240   M    M   2        28 250
21  82  61  72   6   0   7 0.48    M    M  9.6 37 320   M    M   7 13     56 320
22  85  61  73   7   0   8 0.15    M    M  6.7 24 190   M    M   5 138    29 200
23  77  57  67   1   0   2 0.02    M    M  4.2 14 350   M    M   3 123    18 300
24  79  49  64  -3   1   0 0.00    M    M  3.5 10  20   M    M   0        17  30
25  79  52  66  -1   0   1 0.00    M    M  1.4  8 200   M    M   1 1      11 180
26  84  58  71   4   0   6 0.10    M    M  3.7 23 260   M    M   1 13     29 270
27  85  65  75   7   0  10 0.04    M    M  3.4 17 310   M    M   2 13     22 300
28  84  62  73   5   0   8 0.00    M    M  3.2 23 180   M    M   2 138    31 180
29  87  61  74   6   0   9 0.01    M    M  2.1 18 290   M    M   2 13     23 300
30  86  63  75   7   0  10 0.00    M    M  2.6 14  20   M    M   1 13     20 100
31  86  64  75   6   0  10 0.00    M    M  5.3 12  10   M    M   0 8      16  20
================================================================================
SM 2446 1688        83 141  2.23    M    150.1          M       81
================================================================================
AV 78.9 54.5                               4.8 FASTST   M    M   3    MAX(MPH)
                                 MISC ---->  # 37 320               # 56  320
================================================================================
NOTES:
# LAST OF SEVERAL OCCURRENCES

COLUMN 17 PEAK WIND IN M.P.H.

PRELIMINARY LOCAL CLIMATOLOGICAL DATA (WS FORM: F-6) , PAGE 2

                                          STATION:  LONDON KY
                                          MONTH:    MAY
                                          YEAR:     2014
                                          LATITUDE:   37  4 N
                                          LONGITUDE:  84  5 W

[TEMPERATURE DATA]      [PRECIPITATION DATA]       SYMBOLS USED IN COLUMN 16

AVERAGE MONTHLY: 66.7   TOTAL FOR MONTH:   2.23    1 = FOG OR MIST
DPTR FM NORMAL:   1.9   DPTR FM NORMAL:   -2.95    2 = FOG REDUCING VISIBILITY
HIGHEST:    88 ON  7    GRTST 24HR  0.73 ON 10         TO 1/4 MILE OR LESS
LOWEST:     40 ON 17, 3                            3 = THUNDER
                        SNOW, ICE PELLETS, HAIL    4 = ICE PELLETS
                        TOTAL MONTH:    M          5 = HAIL
                        GRTST 24HR    M  ON   M    6 = FREEZING RAIN OR DRIZZLE
                        GRTST DEPTH:  M  ON   M    7 = DUSTSTORM OR SANDSTORM:
                                                       VSBY 1/2 MILE OR LESS
                                                   8 = SMOKE OR HAZE
[NO. OF DAYS WITH]      [WEATHER - DAYS WITH]      9 = BLOWING SNOW
                                                   X = TORNADO
MAX 32 OR BELOW:   0    0.01 INCH OR MORE:  12
MAX 90 OR ABOVE:   0    0.10 INCH OR MORE:   7
MIN 32 OR BELOW:   0    0.50 INCH OR MORE:   1
MIN  0 OR BELOW:   0    1.00 INCH OR MORE:   0

[HDD (BASE 65) ]
TOTAL THIS MO.    83    CLEAR  (SCALE 0-3)  21
DPTR FM NORMAL   -12    PTCLDY (SCALE 4-7)   9
TOTAL FM JUL 1  4420    CLOUDY (SCALE 8-10)  1
DPTR FM NORMAL   224

[CDD (BASE 65) ]
TOTAL THIS MO.   141
DPTR FM NORMAL    53    [PRESSURE DATA]
TOTAL FM JAN 1   166    HIGHEST SLP 30.29 ON 19
DPTR FM NORMAL    52    LOWEST  SLP 29.79 ON 15

[REMARKS]
#FINAL-05-14#
