000
CXUS55 KJKL 011000
CF6LOZ
PRELIMINARY LOCAL CLIMATOLOGICAL DATA (WS FORM: F-6)

                                          STATION:   LONDON KY
                                          MONTH:     NOVEMBER
                                          YEAR:      2017
                                          LATITUDE:   37  4 N
                                          LONGITUDE:  84  5 W

  TEMPERATURE IN F:       :PCPN:    SNOW:  WIND      :SUNSHINE: SKY     :PK WND
================================================================================
1   2   3   4   5  6A  6B    7    8   9   10  11  12  13   14  15   16   17  18
                                     12Z  AVG MX 2MIN
DY MAX MIN AVG DEP HDD CDD  WTR  SNW DPTH SPD SPD DIR MIN PSBL S-S WX    SPD DR
================================================================================

 1  63  44  54   2  11   0 0.02    M    M  4.1 14 200   M    M   8        20 210
 2  71  57  64  12   1   0    T    M    M  6.9 21 190   M    M   9        29 190
 3  69  58  64  12   1   0 0.29    M    M  3.5 14  10   M    M   9 13     20 290
 4  73  58  66  14   0   1 0.00    M    M  4.4 13 250   M    M   7 1      18 230
 5  76  63  70  19   0   5 0.00    M    M  8.4 20 200   M    M   5        29 200
 6  72  54  63  12   2   0 0.85    M    M  8.2 22 200   M    M  10 13     35 200
 7  56  43  50  -1  15   0 0.07    M    M  7.7 16  30   M    M  10 1      21  20
 8  45  40  43  -7  22   0 0.03    M    M  6.9 15  20   M    M   9        20  30
 9  57  37  47  -3  18   0 0.00    M    M  2.4 13 280   M    M   5        16 290
10  45  31  38 -12  27   0 0.00    M    M  7.0 16  20   M    M   1        21  30
11  56  27  42  -7  23   0 0.00    M    M  3.2 10 180   M    M   0        14  40
12  56  42  49   0  16   0 0.05    M    M  4.5 12 210   M    M   9 1      16 220
13  50  41  46  -2  19   0 0.02    M    M  6.0 17 290   M    M  10 1      24 280
14  50  35  43  -5  22   0 0.00    M    M  4.6 12  80   M    M   6        16  70
15  57  30  44  -4  21   0 0.05    M    M  5.0 15 200   M    M   4 1      21 200
16  56  34  45  -3  20   0 0.02    M    M  6.9 14 310   M    M   2 12     20 320
17  60  33  47   0  18   0 0.00    M    M  4.5  9  80   M    M   4        14 160
18  66  42  54   7  11   0 0.57    M    M 15.2 33 280   M    M   9 1      51 290
19  42  27  35 -11  30   0    T    M    M  8.0 20 310   M    M   8 1      32 300
20  50  23  37  -9  28   0 0.00    M    M  2.3  9 180   M    M   0 1      12 140
21  63  27  45  -1  20   0 0.00    M    M  4.6 26 220   M    M   3        41 230
22  46  30  38  -7  27   0 0.00    M    M  5.6 14 360   M    M   2        21 320
23  51  24  38  -7  27   0 0.00    M    M  1.3  9 330   M    M   0        11 260
24  61  26  44  -1  21   0 0.00    M    M  3.7 13 240   M    M   0        18 240
25  62  36  49   5  16   0 0.00    M    M  6.4 17 310   M    M   1        24 300
26  53  28  41  -3  24   0 0.00    M    M  1.4 12 300   M    M   0        14 320
27  60  25  43  -1  22   0 0.00    M    M  0.8  7 210   M    M   0        11 220
28  67  29  48   5  17   0 0.00    M    M  2.7 12 190   M    M   0        19 220
29  66  31  49   6  16   0 0.00    M    M  0.9  6 120   M    M   0         8 280
30  59  32  46   3  19   0 0.03    M    M  2.7 12 350   M    M   6 18     17 350
================================================================================
SM 1758 1107       514   6  2.00    M    149.8          M      137
================================================================================
AV 58.6 36.9                               5.0 FASTST   M    M   5    MAX(MPH)
                                 MISC ---->  # 33 280               # 51  290
================================================================================
NOTES:
# LAST OF SEVERAL OCCURRENCES

COLUMN 17 PEAK WIND IN M.P.H.

PRELIMINARY LOCAL CLIMATOLOGICAL DATA (WS FORM: F-6) , PAGE 2

                                          STATION:  LONDON KY
                                          MONTH:    NOVEMBER
                                          YEAR:     2017
                                          LATITUDE:   37  4 N
                                          LONGITUDE:  84  5 W

[TEMPERATURE DATA]      [PRECIPITATION DATA]       SYMBOLS USED IN COLUMN 16

AVERAGE MONTHLY: 47.8   TOTAL FOR MONTH:   2.00    1 = FOG OR MIST
DPTR FM NORMAL:   0.2   DPTR FM NORMAL:   -1.83    2 = FOG REDUCING VISIBILITY
HIGHEST:    76 ON  5    GRTST 24HR  0.85 ON  6- 6      TO 1/4 MILE OR LESS
LOWEST:     23 ON 20                               3 = THUNDER
                        SNOW, ICE PELLETS, HAIL    4 = ICE PELLETS
                        TOTAL MONTH:    M          5 = HAIL
                        GRTST 24HR    M  ON   M    6 = FREEZING RAIN OR DRIZZLE
                        GRTST DEPTH:  M  ON   M    7 = DUSTSTORM OR SANDSTORM:
                                                       VSBY 1/2 MILE OR LESS
                                                   8 = SMOKE OR HAZE
[NO. OF DAYS WITH]      [WEATHER - DAYS WITH]      9 = BLOWING SNOW
                                                   X = TORNADO
MAX 32 OR BELOW:   0    0.01 INCH OR MORE:  11
MAX 90 OR ABOVE:   0    0.10 INCH OR MORE:   3
MIN 32 OR BELOW:  14    0.50 INCH OR MORE:   2
MIN  0 OR BELOW:   0    1.00 INCH OR MORE:   0

[HDD (BASE 65) ]
TOTAL THIS MO.   514    CLEAR  (SCALE 0-3)  13
DPTR FM NORMAL   -10    PTCLDY (SCALE 4-7)   7
TOTAL FM JUL 1   781    CLOUDY (SCALE 8-10) 10
DPTR FM NORMAL   -49

[CDD (BASE 65) ]
TOTAL THIS MO.     6
DPTR FM NORMAL     4    [PRESSURE DATA]
TOTAL FM JAN 1  1141    HIGHEST SLP 30.46 ON 13
DPTR FM NORMAL   -49    LOWEST  SLP 29.39 ON 18

[REMARKS]
#FINAL-11-17#
