000
CXUS55 KJKL 011000
CF6LOZ
PRELIMINARY LOCAL CLIMATOLOGICAL DATA (WS FORM: F-6)

                                          STATION:   LONDON KY
                                          MONTH:     OCTOBER
                                          YEAR:      2016
                                          LATITUDE:   37  4 N
                                          LONGITUDE:  84  5 W

  TEMPERATURE IN F:       :PCPN:    SNOW:  WIND      :SUNSHINE: SKY     :PK WND
================================================================================
1   2   3   4   5  6A  6B    7    8   9   10  11  12  13   14  15   16   17  18
                                     12Z  AVG MX 2MIN
DY MAX MIN AVG DEP HDD CDD  WTR  SNW DPTH SPD SPD DIR MIN PSBL S-S WX    SPD DR
================================================================================

 1  67  49  58  -4   7   0 0.00    M    M  2.0 12 250   M    M   7 1      16 110
 2  71  51  61  -1   4   0 0.00    M    M  1.9 10 270   M    M   7 12     14 280
 3  76  52  64   2   1   0 0.00    M    M  1.2  8  30   M    M   7 12     10  40
 4  82  55  69   8   0   4 0.00    M    M  2.7 12 200   M    M   2        17 130
 5  83  55  69   8   0   4 0.00    M    M  2.0  9  80   M    M   0        12 150
 6  83  54  69   9   0   4 0.00    M    M  3.9 15  30   M    M   0 1      21  20
 7  83  50  67   7   0   2 0.00    M    M  2.7 10 280   M    M   0        13 280
 8  73  50  62   2   3   0 0.00    M    M 10.0 22 340   M    M   3 18     33 350
 9  71  43  57  -2   8   0 0.00    M    M  5.3 15  20   M    M   0        20  30
10  71  41  56  -3   9   0 0.00    M    M  3.2 15  20   M    M   0        20  30
11  77  42  60   1   5   0 0.00    M    M  2.2 13 250   M    M   0        16 270
12  76  43  60   2   5   0 0.00    M    M  2.9 13 240   M    M   1        16 250
13  68  55  62   4   3   0 0.06    M    M  3.7 12  10   M    M  10        14  20
14  76  52  64   6   1   0    T    M    M  3.4  9  20   M    M   7 12     11  30
15  82  56  69  11   0   4 0.02    M    M  4.8 15 210   M    M   2 1      21 200
16  81  51  66   9   0   1 0.00    M    M  2.8 15 250   M    M   2 1      21 240
17  82  53  68  11   0   3 0.00    M    M  5.4 18 200   M    M   1 1      22 190
18  85  56  71  14   0   6    T    M    M  6.7 22 240   M    M   2 8      30 250
19  87  58  73  17   0   8 0.00    M    M  2.7 15 220   M    M   2 1      20 240
20  82  61  72  16   0   7 0.38    M    M  5.0 21 290   M    M   7 13     29 300
21  62  49  56   0   9   0 0.44    M    M 10.2 20 340   M    M   9 1      26 330
22  58  38  48  -7  17   0 0.00    M    M  4.5 16 290   M    M   4        24 290
23  71  35  53  -2  12   0 0.00    M    M  4.9 16 210   M    M   0 1      21 260
24  73  47  60   5   5   0 0.00    M    M  4.8 15 340   M    M   0        19 340
25  69  40  55   1  10   0 0.00    M    M  4.4 13  90   M    M   0        17  80
26  78  40  59   5   6   0 0.00    M    M  5.4 15 200   M    M   0        20 200
27  72  53  63   9   2   0 0.00    M    M  8.7 18 250   M    M   6        24 250
28  74  44  59   5   6   0 0.00    M    M  1.0  6 150   M    M   0 1       9 200
29  81  45  63  10   2   0 0.00    M    M  3.7 17 270   M    M   0        22 260
30  80  51  66  13   0   1 0.00    M    M  3.7 18 250   M    M   1 18     25 250
31  79  53  66  13   0   1 0.00    M    M  2.2  9 270   M    M   3 1      12 210
================================================================================
SM 2353 1522       115  45  0.90    M    128.0          M       83
================================================================================
AV 75.9 49.1                               4.1 FASTST   M    M   3    MAX(MPH)
                                 MISC ---->  # 22 340               # 33  350
================================================================================
NOTES:
# LAST OF SEVERAL OCCURRENCES

COLUMN 17 PEAK WIND IN M.P.H.

PRELIMINARY LOCAL CLIMATOLOGICAL DATA (WS FORM: F-6) , PAGE 2

                                          STATION:  LONDON KY
                                          MONTH:    OCTOBER
                                          YEAR:     2016
                                          LATITUDE:   37  4 N
                                          LONGITUDE:  84  5 W

[TEMPERATURE DATA]      [PRECIPITATION DATA]       SYMBOLS USED IN COLUMN 16

AVERAGE MONTHLY: 62.5   TOTAL FOR MONTH:   0.90    1 = FOG OR MIST
DPTR FM NORMAL:   5.2   DPTR FM NORMAL:   -2.12    2 = FOG REDUCING VISIBILITY
HIGHEST:    87 ON 19    GRTST 24HR  0.80 ON 20-21      TO 1/4 MILE OR LESS
LOWEST:     35 ON 23                               3 = THUNDER
                        SNOW, ICE PELLETS, HAIL    4 = ICE PELLETS
                        TOTAL MONTH:    M          5 = HAIL
                        GRTST 24HR    M  ON   M    6 = FREEZING RAIN OR DRIZZLE
                        GRTST DEPTH:  M  ON   M    7 = DUSTSTORM OR SANDSTORM:
                                                       VSBY 1/2 MILE OR LESS
                                                   8 = SMOKE OR HAZE
[NO. OF DAYS WITH]      [WEATHER - DAYS WITH]      9 = BLOWING SNOW
                                                   X = TORNADO
MAX 32 OR BELOW:   0    0.01 INCH OR MORE:   4
MAX 90 OR ABOVE:   0    0.10 INCH OR MORE:   2
MIN 32 OR BELOW:   0    0.50 INCH OR MORE:   0
MIN  0 OR BELOW:   0    1.00 INCH OR MORE:   0

[HDD (BASE 65) ]
TOTAL THIS MO.   115    CLEAR  (SCALE 0-3)  22
DPTR FM NORMAL  -144    PTCLDY (SCALE 4-7)   7
TOTAL FM JUL 1   136    CLOUDY (SCALE 8-10)  2
DPTR FM NORMAL  -170

[CDD (BASE 65) ]
TOTAL THIS MO.    45
DPTR FM NORMAL    24    [PRESSURE DATA]
TOTAL FM JAN 1  1500    HIGHEST SLP 30.41 ON 10
DPTR FM NORMAL   312    LOWEST  SLP 29.79 ON 21

[REMARKS]
#FINAL-10-16#
