000
CXUS55 KJKL 011000
CF6LOZ
PRELIMINARY LOCAL CLIMATOLOGICAL DATA (WS FORM: F-6)

                                          STATION:   LONDON KY
                                          MONTH:     AUGUST
                                          YEAR:      2011
                                          LATITUDE:   37  4 N
                                          LONGITUDE:  84  5 W

  TEMPERATURE IN F:       :PCPN:    SNOW:  WIND      :SUNSHINE: SKY     :PK WND
================================================================================
1   2   3   4   5  6A  6B    7    8   9   10  11  12  13   14  15   16   17  18
                                     12Z  AVG MX 2MIN
DY MAX MIN AVG DEP HDD CDD  WTR  SNW DPTH SPD SPD DIR MIN PSBL S-S WX    SPD DR
================================================================================

 1  91  65  78   2   0  13 0.00    M    M  2.0 10  10   M    M   2 128    15  20
 2  93  64  79   3   0  14 0.00    M    M  1.6  9 250   M    M   1 1      12 260
 3  85  65  75  -1   0  10 0.10    M    M  3.1 21  10   M    M   2 13     30 350
 4  89  74  82   6   0  17 0.00    M    M  1.4 13 300   M    M   4 18     23 330
 5  89  68  79   3   0  14 0.00    M    M  1.9  9 240   M    M   3 12     15 220
 6  89  75  82   6   0  17    T    M    M  6.0 17 260   M    M   3 1      22 260
 7  88  73  81   5   0  16 0.56    M    M  6.1 17 250   M    M   4 123    23 250
 8  89  68  79   3   0  14 1.33    M    M  3.5 35 340   M    M   4 1238   48 330
 9  87  71  79   3   0  14 0.00    M    M  5.8 17 260   M    M   4 1      23 280
10  87  65  76   0   0  11 0.03    M    M  4.3 20 300   M    M   3 12     25 310
11  82  65  74  -2   0   9 0.00    M    M  4.3 12  20   M    M   0        14  20
12  86  59  73  -3   0   8 0.00    M    M  0.9  9 260   M    M   0        12 270
13  84  62  73  -3   0   8 0.90    M    M  4.2 28 270   M    M   3 13     36 280
14  81  64  73  -3   0   8 0.02    M    M  5.5 17 290   M    M   7 13     23 310
15  78  62  70  -6   0   5 0.00    M    M  4.6 14 360   M    M   4 1      17  10
16  83  58  71  -5   0   6 0.00    M    M  2.0 10 110   M    M   3 12     13 110
17  85  57  71  -4   0   6 0.00    M    M  1.6 10 270   M    M   0 1      17 220
18  87  64  76   1   0  11 0.05    M    M  2.3 12 240   M    M   2 13     18 330
19  86  66  76   1   0  11 0.05    M    M  3.0 20 260   M    M   2 13     25 260
20  87  63  75   0   0  10 0.00    M    M  1.5  9 260   M    M   1 12     13 260
21  86  67  77   2   0  12 0.03    M    M  3.8 15 260   M    M   4 13     22 270
22  82  62  72  -3   0   7 0.00    M    M  3.5 12  30   M    M   2 1      16  20
23  83  55  69  -6   0   4 0.00    M    M  1.9 10 130   M    M   0 1      14 110
24  88  61  75   0   0  10 0.00    M    M  4.5 14 200   M    M   1 3      20 220
25  89  72  81   7   0  16    T    M    M  5.8 15 240   M    M   3        22 250
26  87  67  77   3   0  12 0.00    M    M  6.0 12  10   M    M   1        17 360
27  85  62  74   0   0   9 0.00    M    M  5.4 17  20   M    M   0 1      23  20
28  83  59  71  -3   0   6 0.00    M    M  3.7 15 350   M    M   1 1      21 340
29  83  57  70  -4   0   5 0.00    M    M  4.5 13  40   M    M   0        18  30
30  88  56  72  -2   0   7 0.00    M    M  2.3  8 200   M    M   0        13 160
31  89  64  77   4   0  12 0.00    M    M  2.8 13 200   M    M   2        17 220
================================================================================
SM 2669 1990         0 322  3.07    M    109.8          M       66
================================================================================
AV 86.1 64.2                               3.5 FASTST   M    M   2    MAX(MPH)
                                 MISC ---->  # 35 340               # 48  330
================================================================================
NOTES:
# LAST OF SEVERAL OCCURRENCES

COLUMN 17 PEAK WIND IN M.P.H.

PRELIMINARY LOCAL CLIMATOLOGICAL DATA (WS FORM: F-6) , PAGE 2

                                          STATION:  LONDON KY
                                          MONTH:    AUGUST
                                          YEAR:     2011
                                          LATITUDE:   37  4 N
                                          LONGITUDE:  84  5 W

[TEMPERATURE DATA]      [PRECIPITATION DATA]       SYMBOLS USED IN COLUMN 16

AVERAGE MONTHLY: 75.1   TOTAL FOR MONTH:   3.07    1 = FOG OR MIST
DPTR FM NORMAL:  -0.1   DPTR FM NORMAL:   -0.64    2 = FOG REDUCING VISIBILITY
HIGHEST:    93 ON  2    GRTST 24HR  1.33 ON  8- 8      TO 1/4 MILE OR LESS
LOWEST:     55 ON 23                               3 = THUNDER
                        SNOW, ICE PELLETS, HAIL    4 = ICE PELLETS
                        TOTAL MONTH:    M          5 = HAIL
                        GRTST 24HR    M  ON   M    6 = FREEZING RAIN OR DRIZZLE
                        GRTST DEPTH:  M  ON   M    7 = DUSTSTORM OR SANDSTORM:
                                                       VSBY 1/2 MILE OR LESS
                                                   8 = SMOKE OR HAZE
[NO. OF DAYS WITH]      [WEATHER - DAYS WITH]      9 = BLOWING SNOW
                                                   X = TORNADO
MAX 32 OR BELOW:   0    0.01 INCH OR MORE:   9
MAX 90 OR ABOVE:   2    0.10 INCH OR MORE:   4
MIN 32 OR BELOW:   0    0.50 INCH OR MORE:   3
MIN  0 OR BELOW:   0    1.00 INCH OR MORE:   1

[HDD (BASE 65) ]
TOTAL THIS MO.     0    CLEAR  (SCALE 0-3)  22
DPTR FM NORMAL    -1    PTCLDY (SCALE 4-7)   9
TOTAL FM JUL 1     0    CLOUDY (SCALE 8-10)  0
DPTR FM NORMAL    -1

[CDD (BASE 65) ]
TOTAL THIS MO.   322
DPTR FM NORMAL     5    [PRESSURE DATA]
TOTAL FM JAN 1  1150    HIGHEST SLP 30.15 ON 31
DPTR FM NORMAL   126    LOWEST  SLP 29.70 ON  9

[REMARKS]
#FINAL-08-11#
