000
CXUS55 KJKL 011000
CF6LOZ
PRELIMINARY LOCAL CLIMATOLOGICAL DATA (WS FORM: F-6)

                                          STATION:   LONDON KY
                                          MONTH:     NOVEMBER
                                          YEAR:      2011
                                          LATITUDE:   37  4 N
                                          LONGITUDE:  84  5 W

  TEMPERATURE IN F:       :PCPN:    SNOW:  WIND      :SUNSHINE: SKY     :PK WND
================================================================================
1   2   3   4   5  6A  6B    7    8   9   10  11  12  13   14  15   16   17  18
                                     12Z  AVG MX 2MIN
DY MAX MIN AVG DEP HDD CDD  WTR  SNW DPTH SPD SPD DIR MIN PSBL S-S WX    SPD DR
================================================================================

 1  64  29  47  -5  18   0 0.00    M    M  0.4  7 270   M    M   0         9 240
 2  66  32  49  -3  16   0 0.00    M    M  2.7 10 200   M    M   0        16 150
 3  60  39  50  -2  15   0 0.66    M    M  5.3 17 170   M    M   5 1      24 200
 4  54  35  45  -7  20   0    T    M    M  5.0 13  30   M    M   7 128    17  30
 5  63  29  46  -5  19   0 0.00    M    M  1.0  7 180   M    M   1 12      9 200
 6  62  32  47  -4  18   0 0.00    M    M  2.7 12 180   M    M   0 1      16 190
 7  68  34  51   0  14   0 0.00    M    M  0.7  8 210   M    M   0 18     10 230
 8  70  37  54   4  11   0 0.00    M    M  2.9 13 200   M    M   0        16 200
 9  64  41  53   3  12   0 0.12    M    M  6.2 17 300   M    M   5 1      24 300
10  51  35  43  -7  22   0 0.00    M    M  7.4 23 290   M    M   5        29 300
11  49  25  37 -12  28   0 0.00    M    M  4.3 12 210   M    M   1        17 190
12  62  36  49   0  16   0 0.00    M    M  8.7 20 200   M    M   0        25 190
13  66  44  55   7  10   0 0.00    M    M 10.0 23 210   M    M   5        33 220
14  71  63  67  19   0   2 0.00    M    M 13.6 23 210   M    M   7        33 200
15  66  54  60  12   5   0 0.62    M    M  5.1 16 310   M    M   8 1      24 290
16  60  43  52   4  13   0 1.01    M    M  7.5 21 360   M    M  10 13     28 350
17  46  26  36 -11  29   0 0.00    M    M  7.1 22 300   M    M   5        32 290
18  51  21  36 -11  29   0 0.00    M    M  2.5 14 180   M    M   0        16 180
19  63  32  48   2  17   0 0.00    M    M  6.4 17 200   M    M   1        24 200
20  63  51  57  11   8   0 0.27    M    M  4.6 20 220   M    M   9 1      26 220
21  61  58  60  14   5   0 0.21    M    M  4.0 13 310   M    M  10 1      18 300
22  68  57  63  18   2   0 0.67    M    M  5.9 18 180   M    M   9 1      25 230
23  59  36  48   3  17   0 0.05    M    M  7.8 23 290   M    M   6 1      31 300
24  58  34  46   1  19   0 0.00    M    M  1.0  8 250   M    M   4 1      10 250
25  66  28  47   3  18   0 0.00    M    M  3.3 16 190   M    M   0        20 190
26  64  39  52   8  13   0 0.00    M    M  6.2 20 180   M    M   4        26 190
27  63  46  55  11  10   0 1.24    M    M  8.4 24 180   M    M   8 1      33 170
28  59  44  52   9  13   0 1.88    M    M  6.7 22 240   M    M  10 1      30 240
29  44  35  40  -3  25   0 0.05    M    M  8.5 20 250   M    M   7        23 260
30  40  26  33 -10  32   0    T    M    M  6.0 16 280   M    M   6        32  90
================================================================================
SM 1801 1141       474   2  6.78    M    161.9          M      133
================================================================================
AV 60.0 38.0                               5.4 FASTST   M    M   4    MAX(MPH)
                                 MISC ---->  # 24 180               # 33  220
================================================================================
NOTES:
# LAST OF SEVERAL OCCURRENCES

COLUMN 17 PEAK WIND IN M.P.H.

PRELIMINARY LOCAL CLIMATOLOGICAL DATA (WS FORM: F-6) , PAGE 2

                                          STATION:  LONDON KY
                                          MONTH:    NOVEMBER
                                          YEAR:     2011
                                          LATITUDE:   37  4 N
                                          LONGITUDE:  84  5 W

[TEMPERATURE DATA]      [PRECIPITATION DATA]       SYMBOLS USED IN COLUMN 16

AVERAGE MONTHLY: 49.0   TOTAL FOR MONTH:   6.78    1 = FOG OR MIST
DPTR FM NORMAL:   1.4   DPTR FM NORMAL:    2.95    2 = FOG REDUCING VISIBILITY
HIGHEST:    71 ON 14    GRTST 24HR  2.06 ON 27-28      TO 1/4 MILE OR LESS
LOWEST:     21 ON 18                               3 = THUNDER
                        SNOW, ICE PELLETS, HAIL    4 = ICE PELLETS
                        TOTAL MONTH:    M          5 = HAIL
                        GRTST 24HR    M  ON   M    6 = FREEZING RAIN OR DRIZZLE
                        GRTST DEPTH:  M  ON   M    7 = DUSTSTORM OR SANDSTORM:
                                                       VSBY 1/2 MILE OR LESS
                                                   8 = SMOKE OR HAZE
[NO. OF DAYS WITH]      [WEATHER - DAYS WITH]      9 = BLOWING SNOW
                                                   X = TORNADO
MAX 32 OR BELOW:   0    0.01 INCH OR MORE:  11
MAX 90 OR ABOVE:   0    0.10 INCH OR MORE:   9
MIN 32 OR BELOW:  10    0.50 INCH OR MORE:   6
MIN  0 OR BELOW:   0    1.00 INCH OR MORE:   3

[HDD (BASE 65) ]
TOTAL THIS MO.   474    CLEAR  (SCALE 0-3)  11
DPTR FM NORMAL   -50    PTCLDY (SCALE 4-7)  13
TOTAL FM JUL 1   852    CLOUDY (SCALE 8-10)  6
DPTR FM NORMAL    22

[CDD (BASE 65) ]
TOTAL THIS MO.     2
DPTR FM NORMAL     0    [PRESSURE DATA]
TOTAL FM JAN 1  1249    HIGHEST SLP 30.47 ON 18
DPTR FM NORMAL    59    LOWEST  SLP 29.64 ON 28

[REMARKS]
#FINAL-11-11#
