000
CXUS55 KJKL 071648
CF6LOZ
PRELIMINARY LOCAL CLIMATOLOGICAL DATA (WS FORM: F-6)

                                          STATION:   LONDON KY
                                          MONTH:     FEBRUARY
                                          YEAR:      2011
                                          LATITUDE:   37  4 N
                                          LONGITUDE:  84  5 W

  TEMPERATURE IN F:       :PCPN:    SNOW:  WIND      :SUNSHINE: SKY     :PK WND
================================================================================
1   2   3   4   5  6A  6B    7    8   9   10  11  12  13   14  15   16   17  18
                                     12Z  AVG MX 2MIN
DY MAX MIN AVG DEP HDD CDD  WTR  SNW DPTH SPD SPD DIR MIN PSBL S-S WX    SPD DR
================================================================================

 1  55  38  47  10  18   0 0.36    M    M  5.0 17 160   M    M   9 1      28 170
 2  55  21  38   1  27   0    T    M    M 14.8 30 260   M    M   9 1      38 250
 3  31  19  25 -12  40   0    T    M    M  3.8 10  20   M    M   5 8      14  20
 4  40  25  33  -4  32   0 0.00    M    M  1.1  7  10   M    M   9         9  10
 5  45  32  39   2  26   0 0.13    M    M  7.7 32 260   M    M  10 1      43 240
 6  48  32  40   2  25   0 0.00    M    M  4.8 12 240   M    M   8        16 190
 7  51  29  40   2  25   0 0.15    M    M  3.8 17 340   M    M   6 1      23 340
 8  30  16  23 -15  42   0    T    M    M  6.7 15 280   M    M   7 1      21 290
 9  29  16  23 -15  42   0 0.12    M    M  3.3  9  10   M    M   8 12     13  10
10  29   6  18 -20  47   0    T    M    M  1.9  9 300   M    M   1 1      13 340
11  37   4  21 -18  44   0 0.00    M    M  2.6 12 260   M    M   0        15 250
12  44  24  34  -5  31   0 0.00    M    M  5.6 15 260   M    M   2        20 260
13  61  26  44   5  21   0 0.00    M    M  8.7 24 240   M    M   0        33 230
14  57  35  46   7  19   0 0.00    M    M 10.3 24 260   M    M   0        33 260
15  53  28  41   1  24   0 0.00    M    M  3.2  9  10   M    M   1 18     12 140
16  59  36  48   8  17   0    T    M    M  5.2 14 190   M    M   3        18 180
17  67  38  53  13  12   0 0.00    M    M  9.5 23 230   M    M   0        35 200
18  64  43  54  14  11   0 0.02    M    M  6.9 16 230   M    M   9 1      22 220
19  59  29  44   4  21   0 0.00    M    M  3.4 10  20   M    M   1 8      16  30
20  64  31  48   7  17   0    T    M    M  5.8 18 200   M    M   4        26 200
21  64  48  56  15   9   0 0.21    M    M 12.9 25 230   M    M   9 1      36 220
22  48  28  38  -3  27   0    T    M    M  5.4 17 290   M    M   9 1      21 300
23  54  26  40  -2  25   0 0.00    M    M  2.1  8  10   M    M   4 1      10 360
24  60  41  51   9  14   0 1.09    M    M  5.3 26 180   M    M   8 1      33 180
25  61  34  48   6  17   0 0.62    M    M   M  31 290   M    M   9 1      43 280
26  59  28  44   2  21   0 0.00    M    M  3.6 16 230   M    M   2 1      23 220
27  64  39  52   9  13   0 0.02    M    M  5.1 16 180   M    M   7 1      22 190
28  69  37  53  10  12   0 1.55    M    M 10.5 30 210   M    M   8 13     44 220
================================================================================
SM 1457  809       679   0  4.27    M    159.0          M      148
================================================================================
AV 52.0 28.9                               5.9 FASTST   M    M   5    MAX(MPH)
                                 MISC ---->  # 32 260               # 44  220
================================================================================
NOTES:
# LAST OF SEVERAL OCCURRENCES

COLUMN 17 PEAK WIND IN M.P.H.

PRELIMINARY LOCAL CLIMATOLOGICAL DATA (WS FORM: F-6) , PAGE 2

                                          STATION:  LONDON KY
                                          MONTH:    FEBRUARY
                                          YEAR:     2011
                                          LATITUDE:   37  4 N
                                          LONGITUDE:  84  5 W

[TEMPERATURE DATA]      [PRECIPITATION DATA]       SYMBOLS USED IN COLUMN 16

AVERAGE MONTHLY: 40.5   TOTAL FOR MONTH:   4.27    1 = FOG OR MIST
DPTR FM NORMAL:   1.0   DPTR FM NORMAL:    0.56    2 = FOG REDUCING VISIBILITY
HIGHEST:    69 ON 28    GRTST 24HR  1.55 ON 27-28      TO 1/4 MILE OR LESS
LOWEST:      4 ON 11                               3 = THUNDER
                        SNOW, ICE PELLETS, HAIL    4 = ICE PELLETS
                        TOTAL MONTH:    M          5 = HAIL
                        GRTST 24HR    M  ON   M    6 = FREEZING RAIN OR DRIZZLE
                        GRTST DEPTH:  M  ON   M    7 = DUSTSTORM OR SANDSTORM:
                                                       VSBY 1/2 MILE OR LESS
                                                   8 = SMOKE OR HAZE
[NO. OF DAYS WITH]      [WEATHER - DAYS WITH]      9 = BLOWING SNOW
                                                   X = TORNADO
MAX 32 OR BELOW:   4    0.01 INCH OR MORE:  10
MAX 90 OR ABOVE:   0    0.10 INCH OR MORE:   8
MIN 32 OR BELOW:  18    0.50 INCH OR MORE:   3
MIN  0 OR BELOW:   0    1.00 INCH OR MORE:   2

[HDD (BASE 65) ]
TOTAL THIS MO.   679    CLEAR  (SCALE 0-3)  10
DPTR FM NORMAL   -34    PTCLDY (SCALE 4-7)  10
TOTAL FM JUL 1  3660    CLOUDY (SCALE 8-10)  8
DPTR FM NORMAL   384

[CDD (BASE 65) ]
TOTAL THIS MO.     0
DPTR FM NORMAL     0    [PRESSURE DATA]
TOTAL FM JAN 1     0    HIGHEST SLP 30.57 ON  3
DPTR FM NORMAL     0    LOWEST  SLP 29.46 ON 25

[REMARKS]
#FINAL-02-11#
