000
CXUS55 KJKL 061711
CF6LOZ
PRELIMINARY LOCAL CLIMATOLOGICAL DATA (WS FORM: F-6)

                                          STATION:   LONDON KY
                                          MONTH:     APRIL
                                          YEAR:      2015
                                          LATITUDE:   37  4 N
                                          LONGITUDE:  84  5 W

  TEMPERATURE IN F:       :PCPN:    SNOW:  WIND      :SUNSHINE: SKY     :PK WND
================================================================================
1   2   3   4   5  6A  6B    7    8   9   10  11  12  13   14  15   16   17  18
                                     12Z  AVG MX 2MIN
DY MAX MIN AVG DEP HDD CDD  WTR  SNW DPTH SPD SPD DIR MIN PSBL S-S WX    SPD DR
================================================================================

 1  71  39  55   3  10   0 0.00    M    M  3.7 10  60   M    M   0         M  M
 2  77  46  62  10   3   0 0.12    M    M 10.5 26 210   M    M   4 3      36 200
 3  71  50  61   8   4   0 0.93    M    M 11.0 32 340   M    M   7 13     42 340
 4  58  38  48  -5  17   0 0.00    M    M  6.1 17 360   M    M   3        23 360
 5  69  30  50  -3  15   0 0.00    M    M  3.4 13 250   M    M   0        18 240
 6  67  50  59   5   6   0    T    M    M  7.7 23 180   M    M   8        30 190
 7  71  58  65  11   0   0 0.92    M    M  6.5 16 190   M    M   9 13     19 190
 8  82  53  68  14   0   3    T    M    M  5.2 17 190   M    M   6 128    28 240
 9  86  65  76  21   0  11 0.02    M    M  9.3 23 220   M    M   2 3      31 230
10  76  49  63   8   2   0 0.54    M    M 10.0 29 250   M    M   4 13     41 230
11  69  41  55   0  10   0 0.00    M    M  4.3 10  30   M    M   0        18 120
12  82  44  63   7   2   0 0.00    M    M  4.1 14 190   M    M   0        18 230
13  77  58  68  12   0   3 0.34    M    M  5.1 16 180   M    M   7 1      23 200
14  65  53  59   3   6   0 1.15    M    M  6.3 16  30   M    M  10 1      23  30
15  66  51  59   3   6   0 0.22    M    M  5.5  8  40   M    M  10         M  M
16  67  56  62   5   3   0 0.31    M    M  6.2 20 270   M    M   6 13     24 270
17  77  52  65   8   0   0 0.00    M    M  2.5  8 330   M    M   4 18     12 240
18  82  52  67  10   0   2 0.00    M    M  2.2 13  60   M    M   1 18     21  30
19  72  62  67   9   0   2 0.41    M    M  6.5 17 140   M    M   8 1      23 140
20  69  51  60   2   5   0 0.07    M    M 11.1 33 290   M    M   7 3      43 280
21  65  45  55  -3  10   0    T    M    M  9.0 24 250   M    M   6        31 250
22  66  42  54  -5  11   0    T    M    M 12.8 29 250   M    M   3        38 240
23  62  34  48 -11  17   0 0.00    M    M  7.1 23 260   M    M   0        31 290
24  67  32  50  -9  15   0    T    M    M  2.0 10 140   M    M   1        15 120
25  81  53  67   8   0   2 0.43    M    M  6.3 23 340   M    M   7 13     29 360
26  62  44  53  -7  12   0 0.02    M    M  6.5 14  10   M    M   8 18     23  80
27  65  39  52  -8  13   0 0.00    M    M  4.8 14 350   M    M   2        24 180
28  67  42  55  -5  10   0 0.00    M    M  5.0 14 360   M    M   0        18 350
29  72  46  59  -1   6   0 0.00    M    M  4.5 14  10   M    M   1        18  10
30  63  45  54  -7  11   0 0.07    M    M  5.5 20 360   M    M   6 3      26  10
================================================================================
SM 2124 1420       194  23  5.55    M    190.7          M      130
================================================================================
AV 70.8 47.3                               6.4 FASTST   M    M   4    MAX(MPH)
                                 MISC ---->  # 33 290               # 43  280
================================================================================
NOTES:
# LAST OF SEVERAL OCCURRENCES

COLUMN 17 PEAK WIND IN M.P.H.

PRELIMINARY LOCAL CLIMATOLOGICAL DATA (WS FORM: F-6) , PAGE 2

                                          STATION:  LONDON KY
                                          MONTH:    APRIL
                                          YEAR:     2015
                                          LATITUDE:   37  4 N
                                          LONGITUDE:  84  5 W

[TEMPERATURE DATA]      [PRECIPITATION DATA]       SYMBOLS USED IN COLUMN 16

AVERAGE MONTHLY: 59.1   TOTAL FOR MONTH:   5.55    1 = FOG OR MIST
DPTR FM NORMAL:   2.6   DPTR FM NORMAL:    1.50    2 = FOG REDUCING VISIBILITY
HIGHEST:    86 ON  9    GRTST 24HR  1.49 ON 13-14      TO 1/4 MILE OR LESS
LOWEST:     30 ON  5                               3 = THUNDER
                        SNOW, ICE PELLETS, HAIL    4 = ICE PELLETS
                        TOTAL MONTH:    M          5 = HAIL
                        GRTST 24HR    M  ON   M    6 = FREEZING RAIN OR DRIZZLE
                        GRTST DEPTH:  M  ON   M    7 = DUSTSTORM OR SANDSTORM:
                                                       VSBY 1/2 MILE OR LESS
                                                   8 = SMOKE OR HAZE
[NO. OF DAYS WITH]      [WEATHER - DAYS WITH]      9 = BLOWING SNOW
                                                   X = TORNADO
MAX 32 OR BELOW:   0    0.01 INCH OR MORE:  14
MAX 90 OR ABOVE:   0    0.10 INCH OR MORE:  10
MIN 32 OR BELOW:   2    0.50 INCH OR MORE:   4
MIN  0 OR BELOW:   0    1.00 INCH OR MORE:   1

[HDD (BASE 65) ]
TOTAL THIS MO.   194    CLEAR  (SCALE 0-3)  12
DPTR FM NORMAL   -82    PTCLDY (SCALE 4-7)  15
TOTAL FM JUL 1  4339    CLOUDY (SCALE 8-10)  3
DPTR FM NORMAL   238

[CDD (BASE 65) ]
TOTAL THIS MO.    23
DPTR FM NORMAL     0    [PRESSURE DATA]
TOTAL FM JAN 1    23    HIGHEST SLP 30.35 ON  4
DPTR FM NORMAL    -3    LOWEST  SLP 29.44 ON 25

[REMARKS]
#FINAL-04-15#
