000
CXUS55 KJKL 011000
CF6LOZ
PRELIMINARY LOCAL CLIMATOLOGICAL DATA (WS FORM: F-6)

                                          STATION:   LONDON KY
                                          MONTH:     DECEMBER
                                          YEAR:      2010
                                          LATITUDE:   37  4 N
                                          LONGITUDE:  84  5 W

  TEMPERATURE IN F:       :PCPN:    SNOW:  WIND      :SUNSHINE: SKY     :PK WND
================================================================================
1   2   3   4   5  6A  6B    7    8   9   10  11  12  13   14  15   16   17  18
                                     12Z  AVG MX 2MIN
DY MAX MIN AVG DEP HDD CDD  WTR  SNW DPTH SPD SPD DIR MIN PSBL S-S WX    SPD DR
================================================================================

 1  36  25  31 -11  34   0 0.01    M    M  8.3 20 280   M    M   7 18     26 270
 2  37  22  30 -12  35   0 0.00    M    M  2.8 14 270   M    M   4 18     17 230
 3  44  26  35  -7  30   0 0.00    M    M  3.3 12 350   M    M   3 1      14 350
 4  34  30  32  -9  33   0 0.25    M    M  4.3 14 360   M    M  10 126    20 350
 5  32  24  28 -13  37   0 0.01    M    M  8.6 17 300   M    M  10 12     24 330
 6  24  18  21 -20  44   0    T    M    M  9.6 18 280   M    M  10 18     25 290
 7  26  16  21 -20  44   0    T    M    M  5.5 10 310   M    M   9 1      16 310
 8  31  12  22 -18  43   0 0.00    M    M  0.8  6 340   M    M   1 18     22  10
 9  38  12  25 -15  40   0 0.00    M    M  1.9  8 190   M    M   1 18     14  90
10  49  29  39  -1  26   0 0.00    M    M  4.6 18 240   M    M   4 8      25 230
11  51  30  41   1  24   0 0.62    M    M  4.9 20 180   M    M   8 18     24 180
12  40  19  30  -9  35   0 0.40    M    M 10.1 24 250   M    M  10 16     33 250
13  21  14  18 -21  47   0    T    M    M 11.9 21 280   M    M  10 18     28 280
14  21   6  14 -25  51   0    T    M    M  4.0 13 280   M    M   4 18     16 280
15  28   2  15 -24  50   0    T    M    M  0.9  7 130   M    M   4 168    10 130
16  38  26  32  -6  33   0 1.08    M    M  4.9 14 300   M    M  10 126    17 290
17  32  26  29  -9  36   0 0.01    M    M  6.2 14 290   M    M  10 16     18 260
18  28  24  26 -12  39   0 0.00    M    M  3.7  9 340   M    M  10 18     10 350
19  33  19  26 -12  39   0 0.00    M    M  2.7  9  20   M    M   5 1      13  20
20  39  17  28  -9  37   0    T    M    M  1.2  8 110   M    M   7 1      12 100
21  39  31  35  -2  30   0 0.07    M    M  2.0  7  60   M    M  10 16     10  60
22  39  26  33  -4  32   0 0.03    M    M  6.7 18 320   M    M  10 128    25 320
23  32  27  30  -7  35   0 0.00    M    M  6.8 16  20   M    M  10 8      23  20
24  35  27  31  -6  34   0    T    M    M  5.0 10  80   M    M  10 1      13  20
25  29  27  28  -8  37   0 0.10    M    M  5.2 12  30   M    M  10 18      M  M
26  25  22  24 -12  41   0 0.10    M    M  7.9 17 340   M    M  10 128    24 350
27  25  19  22 -14  43   0    T    M    M  6.9 17 330   M    M  10 1      22 340
28  35  11  23 -13  42   0 0.00    M    M  1.1  8 220   M    M   3 1      10 230
29  37  24  31  -5  34   0    T    M    M  2.2 10 180   M    M  10        23 210
30  53  35  44   9  21   0 0.17    M    M  4.9 20 190   M    M   8 1      28 170
31  60  41  51  16  14   0    T    M    M  6.5 20 180   M    M   4        28 190
================================================================================
SM 1091  687      1120   0  2.85    M    155.4          M      232
================================================================================
AV 35.2 22.2                               5.0 FASTST   M    M   7    MAX(MPH)
                                 MISC ---->  # 24 250               # 33  250
================================================================================
NOTES:
# LAST OF SEVERAL OCCURRENCES

COLUMN 17 PEAK WIND IN M.P.H.

PRELIMINARY LOCAL CLIMATOLOGICAL DATA (WS FORM: F-6) , PAGE 2

                                          STATION:  LONDON KY
                                          MONTH:    DECEMBER
                                          YEAR:     2010
                                          LATITUDE:   37  4 N
                                          LONGITUDE:  84  5 W

[TEMPERATURE DATA]      [PRECIPITATION DATA]       SYMBOLS USED IN COLUMN 16

AVERAGE MONTHLY: 28.7   TOTAL FOR MONTH:   2.85    1 = FOG OR MIST
DPTR FM NORMAL:  -9.8   DPTR FM NORMAL:   -1.46    2 = FOG REDUCING VISIBILITY
HIGHEST:    60 ON 31    GRTST 24HR  3.01 ON 30- 1      TO 1/4 MILE OR LESS
LOWEST:      2 ON 15                               3 = THUNDER
                        SNOW, ICE PELLETS, HAIL    4 = ICE PELLETS
                        TOTAL MONTH:    M          5 = HAIL
                        GRTST 24HR    M  ON   M    6 = FREEZING RAIN OR DRIZZLE
                        GRTST DEPTH:  M  ON   M    7 = DUSTSTORM OR SANDSTORM:
                                                       VSBY 1/2 MILE OR LESS
                                                   8 = SMOKE OR HAZE
[NO. OF DAYS WITH]      [WEATHER - DAYS WITH]      9 = BLOWING SNOW
                                                   X = TORNADO
MAX 32 OR BELOW:  13    0.01 INCH OR MORE:  12
MAX 90 OR ABOVE:   0    0.10 INCH OR MORE:   7
MIN 32 OR BELOW:  29    0.50 INCH OR MORE:   2
MIN  0 OR BELOW:   0    1.00 INCH OR MORE:   1

[HDD (BASE 65) ]
TOTAL THIS MO.  1120    CLEAR  (SCALE 0-3)   4
DPTR FM NORMAL   299    PTCLDY (SCALE 4-7)   9
TOTAL FM JUL 1  1930    CLOUDY (SCALE 8-10) 18
DPTR FM NORMAL   225

[CDD (BASE 65) ]
TOTAL THIS MO.     0
DPTR FM NORMAL     0    [PRESSURE DATA]
TOTAL FM JAN 1  1434    HIGHEST SLP 30.44 ON 23
DPTR FM NORMAL   335    LOWEST  SLP 29.46 ON 12

[REMARKS]
#FINAL-12-10#
