000
CXUS55 KJKL 071649
CF6LOZ
PRELIMINARY LOCAL CLIMATOLOGICAL DATA (WS FORM: F-6)

                                          STATION:   LONDON KY
                                          MONTH:     MARCH
                                          YEAR:      2011
                                          LATITUDE:   37  4 N
                                          LONGITUDE:  84  5 W

  TEMPERATURE IN F:       :PCPN:    SNOW:  WIND      :SUNSHINE: SKY     :PK WND
================================================================================
1   2   3   4   5  6A  6B    7    8   9   10  11  12  13   14  15   16   17  18
                                     12Z  AVG MX 2MIN
DY MAX MIN AVG DEP HDD CDD  WTR  SNW DPTH SPD SPD DIR MIN PSBL S-S WX    SPD DR
================================================================================

 1  53  33  43   0  22   0 0.00    M    M  3.3 13 350   M    M   5        17 350
 2  60  28  44   0  21   0 0.00    M    M  3.4 12  20   M    M   0 1      16  50
 3  65  35  50   6  15   0 0.00    M    M  6.2 16 190   M    M   0        23 200
 4  66  47  57  13   8   0    T    M    M 10.8 25 190   M    M   3        36 170
 5  58  40  49   5  16   0 1.59    M    M  8.6 24 190   M    M   9 1      32 180
 6  40  32  36  -9  29   0 0.51    M    M  8.3 15 360   M    M  10 1      22  10
 7  45  32  39  -6  26   0 0.00    M    M  5.2 13 100   M    M   5        18 110
 8  61  32  47   2  18   0 0.08    M    M  4.2 14 190   M    M   4        23 140
 9  57  45  51   6  14   0 0.76    M    M  8.2 22 150   M    M   9 1      33 140
10  51  32  42  -4  23   0 0.68    M    M  9.9 20 290   M    M  10 1      26 290
11  45  32  39  -7  26   0 0.02    M    M  8.6 17 240   M    M   6 1      22 270
12  66  35  51   5  14   0 0.00    M    M  9.3 24 270   M    M   M        31 260
13  65  43  54   8  11   0 0.00    M    M  3.7 12  10   M    M   4        15  10
14  46  38  42  -5  23   0 0.17    M    M  7.6 14  40   M    M   8 1      18  70
15  59  42  51   4  14   0 0.16    M    M  8.4 18 180   M    M   7 1      25 180
16  49  34  42  -5  23   0 0.00    M    M  4.5 12 260   M    M   8 1      15 280
17  73  31  52   4  13   0 0.00    M    M  5.3 15 200   M    M   0 1      20 200
18  78  49  64  16   1   0    T    M    M  8.2 18 350   M    M   5        22 350
19  66  46  56   8   9   0 0.02    M    M  7.9 15  30   M    M   4        20  30
20  76  43  60  12   5   0 0.00    M    M  6.8 16 200   M    M   1        21 180
21  77  58  68  19   0   3 0.00    M    M  9.7 24 260   M    M   2        30 270
22  80  51  66  17   0   1 0.00    M    M  5.6 20 250   M    M   2 1      29 240
23  69  51  60  11   5   0 0.81    M    M  9.7 29 300   M    M   4 13     39 290
24  53  36  45  -5  20   0 0.04    M    M  9.3 15 280   M    M   8 1      23 300
25  42  34  38 -12  27   0    T    M    M  3.8 12  10   M    M  10        14  20
26  52  34  43  -7  22   0 0.23    M    M  7.5 16  30   M    M  10 1      23  40
27  37  31  34 -17  31   0    T    M    M  7.8 17  30   M    M   9 1      23  30
28  51  31  41 -10  24   0 0.01    M    M  6.0 13  30   M    M   5 18     20  70
29  60  34  47  -4  18   0 0.19    M    M  5.8 18  20   M    M   4 1      25  20
30  41  35  38 -14  27   0 0.25    M    M  4.9 10 350   M    M   7 1      14 350
31  38  34  36 -16  29   0 0.04    M    M  4.2  9  20   M    M  10 1      13  30
================================================================================
SM 1779 1178       534   4  5.56    M    212.7          M      169
================================================================================
AV 57.4 38.0                               6.9 FASTST   M    M   6    MAX(MPH)
                                 MISC ---->  # 29 300               # 39  290
================================================================================
NOTES:
# LAST OF SEVERAL OCCURRENCES

COLUMN 17 PEAK WIND IN M.P.H.

PRELIMINARY LOCAL CLIMATOLOGICAL DATA (WS FORM: F-6) , PAGE 2

                                          STATION:  LONDON KY
                                          MONTH:    MARCH
                                          YEAR:     2011
                                          LATITUDE:   37  4 N
                                          LONGITUDE:  84  5 W

[TEMPERATURE DATA]      [PRECIPITATION DATA]       SYMBOLS USED IN COLUMN 16

AVERAGE MONTHLY: 47.7   TOTAL FOR MONTH:   5.56    1 = FOG OR MIST
DPTR FM NORMAL:   0.3   DPTR FM NORMAL:    1.51    2 = FOG REDUCING VISIBILITY
HIGHEST:    80 ON 22    GRTST 24HR  1.59 ON  5- 5      TO 1/4 MILE OR LESS
LOWEST:     28 ON  2                               3 = THUNDER
                        SNOW, ICE PELLETS, HAIL    4 = ICE PELLETS
                        TOTAL MONTH:    M          5 = HAIL
                        GRTST 24HR    M  ON   M    6 = FREEZING RAIN OR DRIZZLE
                        GRTST DEPTH:  M  ON   M    7 = DUSTSTORM OR SANDSTORM:
                                                       VSBY 1/2 MILE OR LESS
                                                   8 = SMOKE OR HAZE
[NO. OF DAYS WITH]      [WEATHER - DAYS WITH]      9 = BLOWING SNOW
                                                   X = TORNADO
MAX 32 OR BELOW:   0    0.01 INCH OR MORE:  16
MAX 90 OR ABOVE:   0    0.10 INCH OR MORE:  10
MIN 32 OR BELOW:   9    0.50 INCH OR MORE:   5
MIN  0 OR BELOW:   0    1.00 INCH OR MORE:   1

[HDD (BASE 65) ]
TOTAL THIS MO.   534    CLEAR  (SCALE 0-3)   7
DPTR FM NORMAL   -15    PTCLDY (SCALE 4-7)  13
TOTAL FM JUL 1  4194    CLOUDY (SCALE 8-10) 10
DPTR FM NORMAL   369

[CDD (BASE 65) ]
TOTAL THIS MO.     4
DPTR FM NORMAL     1    [PRESSURE DATA]
TOTAL FM JAN 1     4    HIGHEST SLP 30.38 ON 19
DPTR FM NORMAL     1    LOWEST  SLP 29.51 ON 23

[REMARKS]
#FINAL-03-11#
