000
CXUS55 KJKL 011000
CF6LOZ
PRELIMINARY LOCAL CLIMATOLOGICAL DATA (WS FORM: F-6)

                                          STATION:   LONDON KY
                                          MONTH:     SEPTEMBER
                                          YEAR:      2010
                                          LATITUDE:   37  4 N
                                          LONGITUDE:  84  5 W

  TEMPERATURE IN F:       :PCPN:    SNOW:  WIND      :SUNSHINE: SKY     :PK WND
================================================================================
1   2   3   4   5  6A  6B    7    8   9   10  11  12  13   14  15   16   17  18
                                     12Z  AVG MX 2MIN
DY MAX MIN AVG DEP HDD CDD  WTR  SNW DPTH SPD SPD DIR MIN PSBL S-S WX    SPD DR
================================================================================

 1  88  60  74   2   0   9 0.00    M    M  2.0 12 200   M    M   0 1      15 200
 2  90  60  75   3   0  10 0.00    M    M  1.4  9 230   M    M   0 1      12 250
 3  81  60  71  -1   0   6 0.00    M    M  5.6 18 270   M    M   2 1      25 270
 4  74  50  62  -9   3   0 0.00    M    M  4.1 18 280   M    M   0        21 270
 5  76  46  61 -10   4   0 0.00    M    M  1.0  9 260   M    M   0 1      15 240
 6  84  47  66  -5   0   1 0.00    M    M  2.8 14 160   M    M   0        22 130
 7  89  55  72   1   0   7 0.00    M    M  3.8 16 250   M    M   0        21 240
 8  83  57  70   0   0   5 0.02    M    M  3.6 13 280   M    M   4        16 330
 9  81  51  66  -4   0   1 0.00    M    M  1.9 10 290   M    M   1        16 230
10  72  57  65  -5   0   0 0.33    M    M  1.9  8 100   M    M   6 1      24  70
11  84  64  74   5   0   9 1.73    M    M  3.9 18 270   M    M   7 123    26 320
12  78  55  67  -2   0   2 0.00    M    M  4.3 14 360   M    M   4 1      20 360
13  81  50  66  -3   0   1 0.00    M    M  1.8 10 260   M    M   0 1      14 260
14  83  55  69   0   0   4 0.00    M    M  1.9  9 260   M    M   0 1      13 260
15  86  56  71   3   0   6 0.00    M    M  1.2  9 180   M    M   1 12     12 180
16  83  66  75   7   0  10 0.22    M    M  5.8 16 240   M    M   5 13     25 210
17  80  58  69   1   0   4 0.00    M    M  2.8 10 310   M    M   3 1      26  30
18  85  52  69   2   0   4 0.00    M    M  1.3  7  40   M    M   0 1      10  10
19  87  56  72   5   0   7 0.00    M    M  1.2  8 330   M    M   0 1      10 340
20  85  58  72   5   0   7 0.00    M    M  1.3  9  40   M    M   0 1      13  30
21  89  59  74   8   0   9 0.00    M    M  3.0 13 250   M    M   0 1      17 240
22  88  68  78  12   0  13 0.16    M    M  4.6 15 270   M    M   3 13     20 250
23  88  64  76  10   0  11 0.00    M    M  1.9  9 170   M    M   0 1      14 200
24  87  64  76  11   0  11    T    M    M  5.7 20 240   M    M   2 1      29 260
25  78  57  68   3   0   3 0.00    M    M  4.2 12 290   M    M   3        17 290
26  66  56  61  -3   4   0 0.00    M    M  6.6 13  40   M    M   3        24 210
27  58  55  57  -7   8   0 0.32    M    M  5.6 10 340   M    M  10 1      14 350
28  65  48  57  -7   8   0 0.00    M    M  4.1 12 280   M    M   7 1      15 270
29  77  46  62  -1   3   0 0.00    M    M  3.6  9 360   M    M   1 1      14  10
30  78  56  67   4   0   2 0.00    M    M  5.9 16 360   M    M   2        23 350
================================================================================
SM 2424 1686        30 142  2.78    M     98.8          M       64
================================================================================
AV 80.8 56.2                               3.3 FASTST   M    M   2    MAX(MPH)
                                 MISC ---->  # 20 240               # 29  260
================================================================================
NOTES:
# LAST OF SEVERAL OCCURRENCES

COLUMN 17 PEAK WIND IN M.P.H.

PRELIMINARY LOCAL CLIMATOLOGICAL DATA (WS FORM: F-6) , PAGE 2

                                          STATION:  LONDON KY
                                          MONTH:    SEPTEMBER
                                          YEAR:     2010
                                          LATITUDE:   37  4 N
                                          LONGITUDE:  84  5 W

[TEMPERATURE DATA]      [PRECIPITATION DATA]       SYMBOLS USED IN COLUMN 16

AVERAGE MONTHLY: 68.5   TOTAL FOR MONTH:   2.78    1 = FOG OR MIST
DPTR FM NORMAL:   0.6   DPTR FM NORMAL:   -0.59    2 = FOG REDUCING VISIBILITY
HIGHEST:    90 ON  2    GRTST 24HR  1.77 ON 10-11      TO 1/4 MILE OR LESS
LOWEST:     46 ON 29, 5                            3 = THUNDER
                        SNOW, ICE PELLETS, HAIL    4 = ICE PELLETS
                        TOTAL MONTH:    M          5 = HAIL
                        GRTST 24HR    M  ON   M    6 = FREEZING RAIN OR DRIZZLE
                        GRTST DEPTH:  M  ON   M    7 = DUSTSTORM OR SANDSTORM:
                                                       VSBY 1/2 MILE OR LESS
                                                   8 = SMOKE OR HAZE
[NO. OF DAYS WITH]      [WEATHER - DAYS WITH]      9 = BLOWING SNOW
                                                   X = TORNADO
MAX 32 OR BELOW:   0    0.01 INCH OR MORE:   6
MAX 90 OR ABOVE:   1    0.10 INCH OR MORE:   5
MIN 32 OR BELOW:   0    0.50 INCH OR MORE:   1
MIN  0 OR BELOW:   0    1.00 INCH OR MORE:   1

[HDD (BASE 65) ]
TOTAL THIS MO.    30    CLEAR  (SCALE 0-3)  21
DPTR FM NORMAL   -18    PTCLDY (SCALE 4-7)   8
TOTAL FM JUL 1    30    CLOUDY (SCALE 8-10)  1
DPTR FM NORMAL   -20

[CDD (BASE 65) ]
TOTAL THIS MO.   142
DPTR FM NORMAL     9    [PRESSURE DATA]
TOTAL FM JAN 1  1430    HIGHEST SLP 30.21 ON 23
DPTR FM NORMAL   354    LOWEST  SLP 29.69 ON 30

[REMARKS]
#FINAL-09-10#
