000
CXUS55 KJKL 011000
CF6LOZ
PRELIMINARY LOCAL CLIMATOLOGICAL DATA (WS FORM: F-6)

                                          STATION:   LONDON KY
                                          MONTH:     AUGUST
                                          YEAR:      2010
                                          LATITUDE:   37  4 N
                                          LONGITUDE:  84  5 W

  TEMPERATURE IN F:       :PCPN:    SNOW:  WIND      :SUNSHINE: SKY     :PK WND
================================================================================
1   2   3   4   5  6A  6B    7    8   9   10  11  12  13   14  15   16   17  18
                                     12Z  AVG MX 2MIN
DY MAX MIN AVG DEP HDD CDD  WTR  SNW DPTH SPD SPD DIR MIN PSBL S-S WX    SPD DR
================================================================================

 1  88  72  80   4   0  15 0.00    M    M  2.2 13  20   M    M   5 1      20  70
 2  90  69  80   4   0  15 0.00    M    M  1.5 10 200   M    M   1 1      12 190
 3  90  71  81   5   0  16 0.00    M    M  3.3 12 240   M    M   1 18     16 230
 4  95  72  84   8   0  19 0.00    M    M  4.8 28 250   M    M   0 138    35 250
 5  90  70  80   4   0  15 0.22    M    M  5.1 32 310   M    M   3 138    48 320
 6  88  70  79   3   0  14 0.00    M    M  3.7 14 270   M    M   4 12     18 240
 7  85  64  75   0   0  10 0.00    M    M  2.3  9  90   M    M   1 1       M  M
 8  89  61  75   0   0  10 0.00    M    M  1.5  9 240   M    M   0 18     13 280
 9  92  65  79   4   0  14    T    M    M  2.9 14 250   M    M   1 1      20 230
10  92  72  82   7   0  17    T    M    M  1.8 15  10   M    M   1 138    18  10
11  94  74  84   9   0  19 0.00    M    M  4.4 14 250   M    M   1 138    18 240
12  94  72  83   8   0  18 0.01    M    M  2.6 21 280   M    M   1 13     28 280
13  95  71  83   8   0  18    T    M    M  2.1 21  40   M    M   1 13     29  40
14  92  72  82   7   0  17 1.23    M    M  3.9 25 290   M    M   3 13     31 280
15  91  70  81   6   0  16    T    M    M  2.9  9 250   M    M   2 1      24 320
16  87  73  80   5   0  15 0.00    M    M  4.7 13  20   M    M   2 1      31  30
17  87  70  79   5   0  14 0.05    M    M  4.2 12  10   M    M   2 1      18  50
18  74  66  70  -4   0   5 3.29    M    M  2.9 10 260   M    M   7 1      15 280
19  85  68  77   3   0  12 0.57    M    M  3.4 10  20   M    M   5 1      22 330
20  88  62  75   1   0  10 0.00    M    M  1.9 10 110   M    M   2 1      16 250
21  84  70  77   3   0  12 0.66    M    M  3.7 16 250   M    M   4 13     20 220
22  86  70  78   4   0  13 0.00    M    M  3.2 10  30   M    M   4 12     15 360
23  82  66  74   0   0   9 0.00    M    M  5.1 13  30   M    M   3 1      20  30
24  79  64  72  -1   0   7 0.00    M    M  3.9 13  20   M    M   5 1      17  40
25  82  60  71  -2   0   6 0.00    M    M  1.5  9 350   M    M   2 1      18  30
26  82  63  73   0   0   8 0.00    M    M  3.9 12  30   M    M   1 1      22  30
27  83  59  71  -2   0   6 0.00    M    M  3.8 13  30   M    M   0        17  30
28  88  60  74   1   0   9 0.00    M    M  1.2  9 140   M    M   1 1      12 130
29  88  65  77   4   0  12 0.00    M    M  1.5 10 130   M    M   0 1      14 120
30  87  65  76   4   0  11 0.00    M    M  1.0  8  80   M    M   1 18     10 110
31  86  61  74   2   0   9 0.00    M    M  1.1  9 200   M    M   2 12     10 220
================================================================================
SM 2713 2087         0 391  6.03    M     92.0          M       66
================================================================================
AV 87.5 67.3                               3.0 FASTST   M    M   2    MAX(MPH)
                                 MISC ---->  # 32 310               # 48  320
================================================================================
NOTES:
# LAST OF SEVERAL OCCURRENCES

COLUMN 17 PEAK WIND IN M.P.H.

PRELIMINARY LOCAL CLIMATOLOGICAL DATA (WS FORM: F-6) , PAGE 2

                                          STATION:  LONDON KY
                                          MONTH:    AUGUST
                                          YEAR:     2010
                                          LATITUDE:   37  4 N
                                          LONGITUDE:  84  5 W

[TEMPERATURE DATA]      [PRECIPITATION DATA]       SYMBOLS USED IN COLUMN 16

AVERAGE MONTHLY: 77.4   TOTAL FOR MONTH:   6.03    1 = FOG OR MIST
DPTR FM NORMAL:   3.0   DPTR FM NORMAL:    2.67    2 = FOG REDUCING VISIBILITY
HIGHEST:    95 ON 13, 4 GRTST 24HR  3.68 ON 18-19      TO 1/4 MILE OR LESS
LOWEST:     59 ON 27                               3 = THUNDER
                        SNOW, ICE PELLETS, HAIL    4 = ICE PELLETS
                        TOTAL MONTH:    M          5 = HAIL
                        GRTST 24HR    M  ON   M    6 = FREEZING RAIN OR DRIZZLE
                        GRTST DEPTH:  M  ON   M    7 = DUSTSTORM OR SANDSTORM:
                                                       VSBY 1/2 MILE OR LESS
                                                   8 = SMOKE OR HAZE
[NO. OF DAYS WITH]      [WEATHER - DAYS WITH]      9 = BLOWING SNOW
                                                   X = TORNADO
MAX 32 OR BELOW:   0    0.01 INCH OR MORE:   7
MAX 90 OR ABOVE:  11    0.10 INCH OR MORE:   5
MIN 32 OR BELOW:   0    0.50 INCH OR MORE:   4
MIN  0 OR BELOW:   0    1.00 INCH OR MORE:   2

[HDD (BASE 65) ]
TOTAL THIS MO.     0    CLEAR  (SCALE 0-3)  24
DPTR FM NORMAL    -2    PTCLDY (SCALE 4-7)   7
TOTAL FM JUL 1     0    CLOUDY (SCALE 8-10)  0
DPTR FM NORMAL    -2

[CDD (BASE 65) ]
TOTAL THIS MO.   391
DPTR FM NORMAL    99    [PRESSURE DATA]
TOTAL FM JAN 1  1288    HIGHEST SLP 30.32 ON 30
DPTR FM NORMAL   345    LOWEST  SLP 29.78 ON 12

[REMARKS]
#FINAL-08-10#
