000
CXUS55 KJKL 011000
CF6LOZ
PRELIMINARY LOCAL CLIMATOLOGICAL DATA (WS FORM: F-6)

                                          STATION:   LONDON KY
                                          MONTH:     JUNE
                                          YEAR:      2010
                                          LATITUDE:   37  4 N
                                          LONGITUDE:  84  5 W

  TEMPERATURE IN F:       :PCPN:    SNOW:  WIND      :SUNSHINE: SKY     :PK WND
================================================================================
1   2   3   4   5  6A  6B    7    8   9   10  11  12  13   14  15   16   17  18
                                     12Z  AVG MX 2MIN
DY MAX MIN AVG DEP HDD CDD  WTR  SNW DPTH SPD SPD DIR MIN PSBL S-S WX    SPD DR
================================================================================

 1  86  63  75   7   0  10 0.00    M    M  2.3 10 270   M    M   5 1      16 300
 2  87  64  76   7   0  11 0.00    M    M  2.6 10 230   M    M   1 1      14 190
 3  88  65  77   8   0  12 0.21    M    M  4.9 16  10   M    M   2 13     21  10
 4  86  65  76   7   0  11 0.55    M    M  3.1 26 220   M    M   1 138    36 220
 5  86  68  77   7   0  12 0.00    M    M  6.7 16 240   M    M   3 1      20 260
 6  80  59  70   0   0   5 0.14    M    M  8.1 18 340   M    M   5 18     24 350
 7  80  56  68  -2   0   3 0.00    M    M  3.3 14 320   M    M   2 1      22 350
 8  82  62  72   2   0   7 0.00    M    M  1.8  8 250   M    M   2        10 250
 9  77  66  72   1   0   7 0.68    M    M  6.6 17 230   M    M   8 13     23 240
10  83  69  76   5   0  11 0.12    M    M  3.7 10 280   M    M   7 18     14 240
11  87  66  77   6   0  12    T    M    M  2.3 15 220   M    M   2 1238   22 210
12  90  70  80   9   0  15    T    M    M  5.7 22 270   M    M   4 138    29 250
13  89  72  81  10   0  16    T    M    M  5.0 17 280   M    M   3 138    22 280
14  88  69  79   7   0  14 0.11    M    M  3.4 15 250   M    M   1 13     18 250
15  91  68  80   8   0  15 0.32    M    M  3.8 36 260   M    M   1 138    46 260
16  87  69  78   6   0  13 0.00    M    M  3.6 14 250   M    M   2 3      20 260
17  86  67  77   5   0  12 0.00    M    M  2.3 10 330   M    M   1 18     15  20
18  87  63  75   3   0  10 0.00    M    M  1.3  7 130   M    M   2 18     20 100
19  85  66  76   3   0  11    T    M    M  4.3 17 340   M    M   1 138    25 330
20  90  66  78   5   0  13 0.00    M    M  1.4  8 280   M    M   3 128    13 110
21  92  66  79   6   0  14 0.11    M    M  1.9 29  20   M    M   1 138    39  20
22  93  64  79   6   0  14 0.00    M    M  3.4 13 260   M    M   0 18     17 260
23  93  71  82   9   0  17 0.00    M    M  4.3 14 280   M    M   0 18     20 250
24  93  70  82   8   0  17 0.96    M    M  5.2 33 290   M    M   2 1238   43 290
25  88  68  78   4   0  13 0.00    M    M  1.9  9 290   M    M   5 128    13 320
26  89  66  78   4   0  13 0.00    M    M  3.6 13 240   M    M   2 18     16 250
27  89  70  80   6   0  15    T    M    M  4.2 22 310   M    M   1 13     25 310
28  89  70  80   6   0  15 0.65    M    M  6.4 24 280   M    M   3 138    32 270
29  85  69  77   3   0  12 0.00    M    M  4.2 10 330   M    M   5 18     15 300
30  81  64  73  -2   0   8 0.00    M    M  5.4 14  20   M    M   2 1      17  20
================================================================================
SM 2607 1991         0 358  3.85    M    116.7          M       77
================================================================================
AV 86.9 66.4                               3.9 FASTST   M    M   3    MAX(MPH)
                                 MISC ---->  # 36 260               # 46  260
================================================================================
NOTES:
# LAST OF SEVERAL OCCURRENCES

COLUMN 17 PEAK WIND IN M.P.H.

PRELIMINARY LOCAL CLIMATOLOGICAL DATA (WS FORM: F-6) , PAGE 2

                                          STATION:  LONDON KY
                                          MONTH:    JUNE
                                          YEAR:     2010
                                          LATITUDE:   37  4 N
                                          LONGITUDE:  84  5 W

[TEMPERATURE DATA]      [PRECIPITATION DATA]       SYMBOLS USED IN COLUMN 16

AVERAGE MONTHLY: 76.6   TOTAL FOR MONTH:   3.85    1 = FOG OR MIST
DPTR FM NORMAL:   4.8   DPTR FM NORMAL:   -0.39    2 = FOG REDUCING VISIBILITY
HIGHEST:    93 ON 24,23 GRTST 24HR  0.96 ON 24-24      TO 1/4 MILE OR LESS
LOWEST:     56 ON  7                               3 = THUNDER
                        SNOW, ICE PELLETS, HAIL    4 = ICE PELLETS
                        TOTAL MONTH:    M          5 = HAIL
                        GRTST 24HR    M  ON   M    6 = FREEZING RAIN OR DRIZZLE
                        GRTST DEPTH:  M  ON   M    7 = DUSTSTORM OR SANDSTORM:
                                                       VSBY 1/2 MILE OR LESS
                                                   8 = SMOKE OR HAZE
[NO. OF DAYS WITH]      [WEATHER - DAYS WITH]      9 = BLOWING SNOW
                                                   X = TORNADO
MAX 32 OR BELOW:   0    0.01 INCH OR MORE:  10
MAX 90 OR ABOVE:   7    0.10 INCH OR MORE:  10
MIN 32 OR BELOW:   0    0.50 INCH OR MORE:   4
MIN  0 OR BELOW:   0    1.00 INCH OR MORE:   0

[HDD (BASE 65) ]
TOTAL THIS MO.     0    CLEAR  (SCALE 0-3)  23
DPTR FM NORMAL   -12    PTCLDY (SCALE 4-7)   7
TOTAL FM JUL 1  4619    CLOUDY (SCALE 8-10)  0
DPTR FM NORMAL   245

[CDD (BASE 65) ]
TOTAL THIS MO.   358
DPTR FM NORMAL   143    [PRESSURE DATA]
TOTAL FM JAN 1   510    HIGHEST SLP M ON M
DPTR FM NORMAL   192    LOWEST  SLP 29.73 ON M

[REMARKS]
#FINAL-06-10#
