000
CXUS55 KJKL 011000
CF6LOZ
PRELIMINARY LOCAL CLIMATOLOGICAL DATA (WS FORM: F-6)

                                          STATION:   LONDON KY
                                          MONTH:     MAY
                                          YEAR:      2010
                                          LATITUDE:   37  4 N
                                          LONGITUDE:  84  5 W

  TEMPERATURE IN F:       :PCPN:    SNOW:  WIND      :SUNSHINE: SKY     :PK WND
================================================================================
1   2   3   4   5  6A  6B    7    8   9   10  11  12  13   14  15   16   17  18
                                     12Z  AVG MX 2MIN
DY MAX MIN AVG DEP HDD CDD  WTR  SNW DPTH SPD SPD DIR MIN PSBL S-S WX    SPD DR
================================================================================

 1  71  60  66   6   0   1 1.76    M    M  4.9 17 270   M    M   5 13     22 270
 2  80  63  72  12   0   7 1.60    M    M  7.6 24 190   M    M   7 13     31 180
 3  78  55  67   7   0   2 0.28    M    M  5.6 15 260   M    M   5 18     20 270
 4  79  49  64   3   1   0 0.00    M    M  2.7 12 280   M    M   0 1      16 270
 5  84  50  67   6   0   2 0.00    M    M  4.4 16 250   M    M   1        22 230
 6  80  55  68   7   0   3 0.00    M    M  3.5 10 300   M    M   1        15 300
 7  86  53  70   8   0   5 0.06    M    M  8.2 22 230   M    M   1 3      30 240
 8  71  49  60  -2   5   0 0.10    M    M 11.3 22 290   M    M   5 3      36 330
 9  60  40  50 -12  15   0 0.00    M    M  4.4 12  20   M    M   3        17  30
10  63  36  50 -12  15   0 0.00    M    M  3.5 13  70   M    M   2        16  90
11  73  53  63   0   2   0 0.02    M    M  9.2 26 210   M    M   7        37 210
12  80  62  71   8   0   6 0.00    M    M  5.4 17 200   M    M   5 18     23 200
13  85  57  71   8   0   6 0.01    M    M  5.2 18 250   M    M   0 18     24 240
14  84  62  73  10   0   8 0.17    M    M  4.3 15 260   M    M   5 13     26 240
15  82  60  71   7   0   6 0.14    M    M  1.8 13 360   M    M   6 123    16  10
16  69  60  65   1   0   0 0.39    M    M  3.3 10 100   M    M   5 1      17  50
17  77  58  68   4   0   3 0.48    M    M  8.2 20 260   M    M   7 13     25 250
18  62  53  58  -7   7   0 0.04    M    M  5.2 15 260   M    M   M 12     20 240
19  62  51  57  -8   8   0 0.01    M    M  2.6  9 270   M    M   M 1      12 270
20  74  47  61  -4   4   0 0.04    M    M  2.8 15  70   M    M   M        12  80
21  75  61  68   3   0   3 0.02    M    M  5.1 14 180   M    M   M        20 160
22  79  61  70   4   0   5 0.25    M    M  4.8 15 280   M    M   M 1      18 280
23  84  55  70   4   0   5 0.00    M    M  0.1  9  50   M    M   M 12     13  50
24  83  59  71   5   0   6    T    M    M  3.3 13  80   M    M   M 1      16  50
25  82  59  71   5   0   6 0.00    M    M  2.0  8 260   M    M   M        10 250
26  83  61  72   5   0   7 0.00    M    M  3.3 14  30   M    M   0 18     17  30
27  86  60  73   6   0   8 0.00    M    M  3.5 13  30   M    M   1 18     16  40
28  84  62  73   6   0   8    T    M    M  3.3 16 140   M    M   1 138    28 140
29  86  58  72   4   0   7 0.00    M    M  1.6  8  40   M    M   0 1      16  40
30  84  63  74   6   0   9 0.01    M    M  3.0 13 220   M    M   1 1      17 220
31  80  66  73   5   0   8 0.11    M    M  3.8 18 210   M    M   6 13     26 240
================================================================================
SM 2406 1738        57 121  5.49    M    137.9          M       74
================================================================================
AV 77.6 56.1                               4.4 FASTST   M    M   3    MAX(MPH)
                                 MISC ---->  # 26 210               # 37  210
================================================================================
NOTES:
# LAST OF SEVERAL OCCURRENCES

COLUMN 17 PEAK WIND IN M.P.H.

PRELIMINARY LOCAL CLIMATOLOGICAL DATA (WS FORM: F-6) , PAGE 2

                                          STATION:  LONDON KY
                                          MONTH:    MAY
                                          YEAR:     2010
                                          LATITUDE:   37  4 N
                                          LONGITUDE:  84  5 W

[TEMPERATURE DATA]      [PRECIPITATION DATA]       SYMBOLS USED IN COLUMN 16

AVERAGE MONTHLY: 66.8   TOTAL FOR MONTH:   5.49    1 = FOG OR MIST
DPTR FM NORMAL:   2.8   DPTR FM NORMAL:    0.80    2 = FOG REDUCING VISIBILITY
HIGHEST:    86 ON 29,27 GRTST 24HR  1.88 ON  2- 3      TO 1/4 MILE OR LESS
LOWEST:     36 ON 10                               3 = THUNDER
                        SNOW, ICE PELLETS, HAIL    4 = ICE PELLETS
                        TOTAL MONTH:    M          5 = HAIL
                        GRTST 24HR    M  ON   M    6 = FREEZING RAIN OR DRIZZLE
                        GRTST DEPTH:  M  ON   M    7 = DUSTSTORM OR SANDSTORM:
                                                       VSBY 1/2 MILE OR LESS
                                                   8 = SMOKE OR HAZE
[NO. OF DAYS WITH]      [WEATHER - DAYS WITH]      9 = BLOWING SNOW
                                                   X = TORNADO
MAX 32 OR BELOW:   0    0.01 INCH OR MORE:  18
MAX 90 OR ABOVE:   0    0.10 INCH OR MORE:  10
MIN 32 OR BELOW:   0    0.50 INCH OR MORE:   2
MIN  0 OR BELOW:   0    1.00 INCH OR MORE:   2

[HDD (BASE 65) ]
TOTAL THIS MO.    57    CLEAR  (SCALE 0-3)  12
DPTR FM NORMAL   -68    PTCLDY (SCALE 4-7)  11
TOTAL FM JUL 1  4619    CLOUDY (SCALE 8-10)  0
DPTR FM NORMAL   257

[CDD (BASE 65) ]
TOTAL THIS MO.   121
DPTR FM NORMAL    27    [PRESSURE DATA]
TOTAL FM JAN 1   152    HIGHEST SLP 30.33 ON 10
DPTR FM NORMAL    49    LOWEST  SLP 29.69 ON  2

[REMARKS]
#FINAL-05-10#
