000
CXUS55 KJKL 011000
CF6LOZ
PRELIMINARY LOCAL CLIMATOLOGICAL DATA (WS FORM: F-6)

                                          STATION:   LONDON KY
                                          MONTH:     APRIL
                                          YEAR:      2010
                                          LATITUDE:   37  4 N
                                          LONGITUDE:  84  5 W

  TEMPERATURE IN F:       :PCPN:    SNOW:  WIND      :SUNSHINE: SKY     :PK WND
================================================================================
1   2   3   4   5  6A  6B    7    8   9   10  11  12  13   14  15   16   17  18
                                     12Z  AVG MX 2MIN
DY MAX MIN AVG DEP HDD CDD  WTR  SNW DPTH SPD SPD DIR MIN PSBL S-S WX    SPD DR
================================================================================

 1  82  41  62  10   3   0 0.00    M    M  3.4 14 180   M    M   0        17 180
 2  86  49  68  16   0   3 0.00    M    M  2.3 13 180   M    M   0        18 180
 3  74  48  61   9   4   0    T    M    M  8.9 37 230   M    M   2        52 240
 4  78  41  60   7   5   0 0.00    M    M  1.7  9 200   M    M   0        13 180
 5  84  51  68  15   0   3 0.00    M    M  5.5 15 240   M    M   4        20 240
 6  88  58  73  20   0   8 0.00    M    M  8.6 21 190   M    M   0        28 210
 7  81  68  75  22   0  10 0.00    M    M  9.0 20 200   M    M   0        26 220
 8  69  43  56   2   9   0 0.62    M    M  7.7 18 340   M    M   8 13     29 190
 9  60  41  51  -3  14   0 0.00    M    M  5.7 17 300   M    M   4        25 290
10  70  33  52  -2  13   0 0.00    M    M  1.2  8 190   M    M   0 1      10 130
11  76  36  56   2   9   0 0.00    M    M  1.4  8 300   M    M   0        12  60
12  80  42  61   6   4   0 0.00    M    M  2.2 12  90   M    M   0 8      17 100
13  82  44  63   8   2   0 0.00    M    M  3.6 15 300   M    M   0        20 290
14  83  47  65  10   0   0 0.00    M    M  3.3 13 360   M    M   0        20  10
15  84  50  67  11   0   2 0.00    M    M  2.9 13 300   M    M   0        16 300
16  82  50  66  10   0   1    T    M    M  9.0 24 270   M    M   1 1      32 270
17  64  46  55  -1  10   0 0.13    M    M  7.6 15 280   M    M   3 18     21 340
18  64  33  49  -7  16   0 0.00    M    M  4.4 13 350   M    M   0        21 360
19  67  38  53  -4  12   0 0.00    M    M  4.1 12  10   M    M   0        16 360
20  60  49  55  -2  10   0 0.28    M    M  2.7 10 230   M    M   5 1      13 190
21  67  44  56  -1   9   0 0.00    M    M  2.3 13 280   M    M   6 12     16 290
22  73  40  57   0   8   0 0.00    M    M  2.0 13 280   M    M   2 1      16 280
23  79  52  66   8   0   1 0.09    M    M  3.5 15 330   M    M   6 1      18 330
24  74  59  67   9   0   2 1.42    M    M  5.9 29 260   M    M   4 13     33 260
25  75  54  65   7   0   0 0.16    M    M 10.3 24 250   M    M   6 1      33 240
26  54  49  52  -7  13   0 0.25    M    M  9.8 18 290   M    M   9 1      24 280
27  51  38  45 -14  20   0 0.27    M    M  4.4 16 270   M    M   9 1      20 280
28  62  31  47 -12  18   0 0.00    M    M  3.1 15 270   M    M   4 12     20 280
29  71  38  55  -4  10   0 0.00    M    M  3.8 13 200   M    M   0 1      26 230
30  84  48  66   6   0   1 0.00    M    M  5.2 16 240   M    M   0        23 200
================================================================================
SM 2204 1361       189  31  3.22    M    145.5          M       73
================================================================================
AV 73.5 45.4                               4.9 FASTST   M    M   2    MAX(MPH)
                                 MISC ---->  # 37 230               # 52  240
================================================================================
NOTES:
# LAST OF SEVERAL OCCURRENCES

COLUMN 17 PEAK WIND IN M.P.H.

PRELIMINARY LOCAL CLIMATOLOGICAL DATA (WS FORM: F-6) , PAGE 2

                                          STATION:  LONDON KY
                                          MONTH:    APRIL
                                          YEAR:     2010
                                          LATITUDE:   37  4 N
                                          LONGITUDE:  84  5 W

[TEMPERATURE DATA]      [PRECIPITATION DATA]       SYMBOLS USED IN COLUMN 16

AVERAGE MONTHLY: 59.4   TOTAL FOR MONTH:   3.22    1 = FOG OR MIST
DPTR FM NORMAL:   3.7   DPTR FM NORMAL:   -0.79    2 = FOG REDUCING VISIBILITY
HIGHEST:    88 ON  6    GRTST 24HR  1.43 ON 24-25      TO 1/4 MILE OR LESS
LOWEST:     31 ON 28                               3 = THUNDER
                        SNOW, ICE PELLETS, HAIL    4 = ICE PELLETS
                        TOTAL MONTH:    M          5 = HAIL
                        GRTST 24HR    M  ON   M    6 = FREEZING RAIN OR DRIZZLE
                        GRTST DEPTH:  M  ON   M    7 = DUSTSTORM OR SANDSTORM:
                                                       VSBY 1/2 MILE OR LESS
                                                   8 = SMOKE OR HAZE
[NO. OF DAYS WITH]      [WEATHER - DAYS WITH]      9 = BLOWING SNOW
                                                   X = TORNADO
MAX 32 OR BELOW:   0    0.01 INCH OR MORE:   8
MAX 90 OR ABOVE:   0    0.10 INCH OR MORE:   7
MIN 32 OR BELOW:   1    0.50 INCH OR MORE:   2
MIN  0 OR BELOW:   0    1.00 INCH OR MORE:   1

[HDD (BASE 65) ]
TOTAL THIS MO.   189    CLEAR  (SCALE 0-3)  19
DPTR FM NORMAL   -98    PTCLDY (SCALE 4-7)   9
TOTAL FM JUL 1  4562    CLOUDY (SCALE 8-10)  2
DPTR FM NORMAL   325

[CDD (BASE 65) ]
TOTAL THIS MO.    31
DPTR FM NORMAL    24    [PRESSURE DATA]
TOTAL FM JAN 1    31    HIGHEST SLP 30.42 ON 14
DPTR FM NORMAL    22    LOWEST  SLP 29.34 ON 25

[REMARKS]
#FINAL-04-10#
