219
CXUS55 KJKL 011000
CF6LOZ
PRELIMINARY LOCAL CLIMATOLOGICAL DATA (WS FORM: F-6)

                                          STATION:   LONDON KY
                                          MONTH:     OCTOBER
                                          YEAR:      2015
                                          LATITUDE:   37  4 N
                                          LONGITUDE:  84  5 W

  TEMPERATURE IN F:       :PCPN:    SNOW:  WIND      :SUNSHINE: SKY     :PK WND
================================================================================
1   2   3   4   5  6A  6B    7    8   9   10  11  12  13   14  15   16   17  18
                                     12Z  AVG MX 2MIN
DY MAX MIN AVG DEP HDD CDD  WTR  SNW DPTH SPD SPD DIR MIN PSBL S-S WX    SPD DR
================================================================================

 1  62  55  59  -3   6   0 0.40    M    M 10.1 17  30   M    M  10 18     23  40
 2  57  52  55  -7  10   0 1.15    M    M  9.9 15  40   M    M   M 1      23  70
 3  58  51  55  -7  10   0 0.12    M    M  8.9 15  40   M    M  10 1      22  50
 4  75  58  67   6   0   2 0.00    M    M  9.4 16  80   M    M   5        21  80
 5  82  58  70   9   0   5 0.00    M    M  5.3 13  20   M    M   0        19  30
 6  81  56  69   9   0   4 0.00    M    M  2.1 10  10   M    M   0        13  10
 7  82  52  67   7   0   2 0.00    M    M  1.4  9  20   M    M   0        11  20
 8  82  55  69   9   0   4 0.00    M    M  2.3 13 250   M    M   1        16 250
 9  81  61  71  12   0   6 0.35    M    M  5.6 20 250   M    M   7 38     28 260
10  68  48  58  -1   7   0 0.00    M    M  5.6 14  10   M    M   6        17  10
11  69  44  57  -2   8   0 0.00    M    M  1.3  7 250   M    M   3 128    10 180
12  75  44  60   2   5   0 0.19    M    M  5.3 15 190   M    M   3 123    20 190
13  71  50  61   3   4   0 0.00    M    M  7.7 21 260   M    M   5        26 260
14  70  43  57  -1   8   0 0.00    M    M  3.7 15 280   M    M   0 1      19 290
15  71  40  56  -2   9   0    T    M    M  2.1 12 220   M    M   0 8      16 230
16  64  40  52  -5  13   0    T    M    M  5.8 16 320   M    M   3 8      22 350
17  59  34  47 -10  18   0 0.00    M    M  3.2 15 330   M    M   0        21 270
18  56  32  44 -13  21   0 0.00    M    M  2.9 13 360   M    M   0        20  40
19  64  30  47  -9  18   0 0.00    M    M  2.7 14 250   M    M   0        18 250
20  68  36  52  -4  13   0 0.00    M    M  1.6 10 230   M    M   0        15 200
21  73  37  55  -1  10   0 0.00    M    M  0.9  9 240   M    M   0 1      12 240
22  76  43  60   5   5   0 0.00    M    M  1.8  9 290   M    M   0 18     12 260
23  78  45  62   7   3   0 0.00    M    M  1.5  8 180   M    M   0 18     11 110
24  70  52  61   6   4   0 0.02    M    M  3.8 14 210   M    M   7 8      22 210
25  65  54  60   6   5   0 0.08    M    M  6.2 13  20   M    M  10 1      15  30
26  59  51  55   1  10   0 0.04    M    M  5.5 10  80   M    M   6        15  60
27  60  50  55   1  10   0 0.25    M    M  6.3 16 140   M    M  10 1      26 140
28  70  59  65  11   0   0 0.08    M    M  9.4 21 260   M    M   7        29 150
29  64  43  54   1  11   0    T    M    M  7.6 23 260   M    M   3 8      33 260
30  57  33  45  -8  20   0 0.00    M    M  2.3 10  10   M    M   0        15  30
31  62  39  51  -2  14   0 0.03    M    M  4.1 15 190   M    M   5        22 190
================================================================================
SM 2129 1445       242  23  2.71    M    146.3          M      101
================================================================================
AV 68.7 46.6                               4.7 FASTST   M    M   3    MAX(MPH)
                                 MISC ---->  # 23 260               # 33  260
================================================================================
NOTES:
# LAST OF SEVERAL OCCURRENCES

COLUMN 17 PEAK WIND IN M.P.H.

PRELIMINARY LOCAL CLIMATOLOGICAL DATA (WS FORM: F-6) , PAGE 2

                                          STATION:  LONDON KY
                                          MONTH:    OCTOBER
                                          YEAR:     2015
                                          LATITUDE:   37  4 N
                                          LONGITUDE:  84  5 W

[TEMPERATURE DATA]      [PRECIPITATION DATA]       SYMBOLS USED IN COLUMN 16

AVERAGE MONTHLY: 57.6   TOTAL FOR MONTH:   2.71    1 = FOG OR MIST
DPTR FM NORMAL:   0.3   DPTR FM NORMAL:   -0.31    2 = FOG REDUCING VISIBILITY
HIGHEST:    82 ON  8, 7 GRTST 24HR  1.15 ON  2- 2      TO 1/4 MILE OR LESS
LOWEST:     30 ON 19                               3 = THUNDER
                        SNOW, ICE PELLETS, HAIL    4 = ICE PELLETS
                        TOTAL MONTH:    M          5 = HAIL
                        GRTST 24HR    M  ON   M    6 = FREEZING RAIN OR DRIZZLE
                        GRTST DEPTH:  M  ON   M    7 = DUSTSTORM OR SANDSTORM:
                                                       VSBY 1/2 MILE OR LESS
                                                   8 = SMOKE OR HAZE
[NO. OF DAYS WITH]      [WEATHER - DAYS WITH]      9 = BLOWING SNOW
                                                   X = TORNADO
MAX 32 OR BELOW:   0    0.01 INCH OR MORE:  11
MAX 90 OR ABOVE:   0    0.10 INCH OR MORE:   6
MIN 32 OR BELOW:   2    0.50 INCH OR MORE:   1
MIN  0 OR BELOW:   0    1.00 INCH OR MORE:   1

[HDD (BASE 65) ]
TOTAL THIS MO.   242    CLEAR  (SCALE 0-3)  17
DPTR FM NORMAL   -17    PTCLDY (SCALE 4-7)   9
TOTAL FM JUL 1   256    CLOUDY (SCALE 8-10)  4
DPTR FM NORMAL   -50

[CDD (BASE 65) ]
TOTAL THIS MO.    23
DPTR FM NORMAL     2    [PRESSURE DATA]
TOTAL FM JAN 1  1382    HIGHEST SLP 30.53 ON 18
DPTR FM NORMAL   194    LOWEST  SLP 29.64 ON 28

[REMARKS]
#FINAL-10-15#
