000
CXUS55 KJKL 151839
CF6LOZ
PRELIMINARY LOCAL CLIMATOLOGICAL DATA (WS FORM: F-6)

                                          STATION:   LONDON KY
                                          MONTH:     MARCH
                                          YEAR:      2010
                                          LATITUDE:   37  4 N
                                          LONGITUDE:  84  5 W

  TEMPERATURE IN F:       :PCPN:    SNOW:  WIND      :SUNSHINE: SKY     :PK WND
================================================================================
1   2   3   4   5  6A  6B    7    8   9   10  11  12  13   14  15   16   17  18
                                     12Z  AVG MX 2MIN
DY MAX MIN AVG DEP HDD CDD  WTR  SNW DPTH SPD SPD DIR MIN PSBL S-S WX    SPD DR
================================================================================

 1  39  30  35  -8  30   0 0.00    M    M  2.5 12  30   M    M  10 1      15  30
 2  39  29  34  -9  31   0 0.03    M    M  8.3 14 360   M    M   9 1      18 350
 3  35  28  32 -11  33   0    T    M    M  7.2 12 300   M    M  10        17 340
 4  46  27  37  -7  28   0 0.00    M    M  6.0 17 300   M    M   4        22 340
 5  47  20  34 -10  31   0 0.00    M    M  4.4 15 360   M    M   1        20  30
 6  51  22  37  -7  28   0 0.00    M    M  4.1 12  90   M    M   0        15 330
 7  57  21  39  -5  26   0    T    M    M  1.5 10 250   M    M   2        18 320
 8  65  36  51   6  14   0    T    M    M  2.6 13 250   M    M   3        16 250
 9  69  33  51   6  14   0    T    M    M  3.5 15 200   M    M   M 1      21 200
10  63  45  54   9  11   0 0.02    M    M  4.1 15 190   M    M   7        21 180
11  62  46  54   8  11   0 0.19    M    M  3.2 16 110   M    M   4        24 100
12  64  39  52   6  13   0 0.75    M    M   M  21 290   M    M   M 13     26 290
13  49  42  46   0  19   0 0.02    M    M  7.7 16 250   M    M  10 1      18 280
14  46  40  43  -4  22   0 0.11    M    M  5.8 14 300   M    M  10 1      24 240
15  43  39  41  -6  24   0 0.01    M    M  6.1 12 320   M    M  10 1      18 320
16  49  41  45  -2  20   0 0.01    M    M  3.6  8  40   M    M  10 1       M  M
17  56  37  47   0  18   0 0.00    M    M  2.0  9 120   M    M   8 1      12 100
18  66  40  53   5  12   0 0.00    M    M  2.9 16 290   M    M   4        20 300
19  68  32  50   2  15   0 0.00    M    M  1.9 12 270   M    M   0        14 210
20  69  35  52   4  13   0 0.00    M    M  1.9 14 230   M    M   2        18 230
21  65  42  54   5  11   0 0.39    M    M  6.4 24 230   M    M   4 1      37 230
22  46  38  42  -7  23   0 0.01    M    M  7.7 14 270   M    M   8        18 220
23  59  36  48  -1  17   0 0.02    M    M  7.4 17 280   M    M   5 1      24 270
24  69  35  52   3  13   0 0.00    M    M  1.4  9 250   M    M   0 1      12 250
25  60  44  52   2  13   0 0.13    M    M  6.6 24 180   M    M   5        32 190
26  50  31  41  -9  24   0 0.06    M    M  6.8 18 360   M    M   6 1      28 360
27  65  26  46  -4  19   0 0.00    M    M  5.0 16 180   M    M   0 1      23 200
28  58  47  53   2  12   0 0.63    M    M  7.9 29 260   M    M   8 13     38 270
29  50  42  46  -5  19   0 0.03    M    M  6.3 14 330   M    M  10 1      17 330
30  61  40  51   0  14   0    T    M    M  2.9  9 350   M    M   4 1      13  30
31  73  33  53   2  12   0 0.00    M    M  1.8 10 250   M    M   0        15 240
================================================================================
SM 1739 1096       590   0  2.41    M    139.5          M      154
================================================================================
AV 56.1 35.4                               4.7 FASTST   M    M   5    MAX(MPH)
                                 MISC ---->  # 29 260               # 38  270
================================================================================
NOTES:
# LAST OF SEVERAL OCCURRENCES

COLUMN 17 PEAK WIND IN M.P.H.

PRELIMINARY LOCAL CLIMATOLOGICAL DATA (WS FORM: F-6) , PAGE 2

                                          STATION:  LONDON KY
                                          MONTH:    MARCH
                                          YEAR:     2010
                                          LATITUDE:   37  4 N
                                          LONGITUDE:  84  5 W

[TEMPERATURE DATA]      [PRECIPITATION DATA]       SYMBOLS USED IN COLUMN 16

AVERAGE MONTHLY: 45.7   TOTAL FOR MONTH:   2.41    1 = FOG OR MIST
DPTR FM NORMAL:  -1.4   DPTR FM NORMAL:   -2.20    2 = FOG REDUCING VISIBILITY
HIGHEST:    73 ON 31    GRTST 24HR  0.75 ON 12-12      TO 1/4 MILE OR LESS
LOWEST:     20 ON  5                               3 = THUNDER
                        SNOW, ICE PELLETS, HAIL    4 = ICE PELLETS
                        TOTAL MONTH:    M          5 = HAIL
                        GRTST 24HR    M  ON   M    6 = FREEZING RAIN OR DRIZZLE
                        GRTST DEPTH:  M  ON   M    7 = DUSTSTORM OR SANDSTORM:
                                                       VSBY 1/2 MILE OR LESS
                                                   8 = SMOKE OR HAZE
[NO. OF DAYS WITH]      [WEATHER - DAYS WITH]      9 = BLOWING SNOW
                                                   X = TORNADO
MAX 32 OR BELOW:   0    0.01 INCH OR MORE:  15
MAX 90 OR ABOVE:   0    0.10 INCH OR MORE:   6
MIN 32 OR BELOW:  10    0.50 INCH OR MORE:   2
MIN  0 OR BELOW:   0    1.00 INCH OR MORE:   0

[HDD (BASE 65) ]
TOTAL THIS MO.   590    CLEAR  (SCALE 0-3)   9
DPTR FM NORMAL    33    PTCLDY (SCALE 4-7)  12
TOTAL FM JUL 1  4373    CLOUDY (SCALE 8-10)  8
DPTR FM NORMAL   423

[CDD (BASE 65) ]
TOTAL THIS MO.     0
DPTR FM NORMAL    -2    [PRESSURE DATA]
TOTAL FM JAN 1     0    HIGHEST SLP 30.39 ON  6
DPTR FM NORMAL    -2    LOWEST  SLP 29.46 ON 13

[REMARKS]
#FINAL-03-10#
