000
CXUS55 KJKL 011434
CF6LOZ
PRELIMINARY LOCAL CLIMATOLOGICAL DATA (WS FORM: F-6)

                                          STATION:   LONDON KY
                                          MONTH:     SEPTEMBER
                                          YEAR:      2015
                                          LATITUDE:   37  4 N
                                          LONGITUDE:  84  5 W

  TEMPERATURE IN F:       :PCPN:    SNOW:  WIND      :SUNSHINE: SKY     :PK WND
================================================================================
1   2   3   4   5  6A  6B    7    8   9   10  11  12  13   14  15   16   17  18
                                     12Z  AVG MX 2MIN
DY MAX MIN AVG DEP HDD CDD  WTR  SNW DPTH SPD SPD DIR MIN PSBL S-S WX    SPD DR
================================================================================

 1  90  64  77   4   0  12 0.00    M    M  1.2  8  40   M    M   1 18     12 110
 2  92  66  79   6   0  14 0.00    M    M  0.9  8  10   M    M   1 1      11  30
 3  91  65  78   5   0  13 0.00    M    M  1.6 10  50   M    M   2 128    15  30
 4  93  65  79   7   0  14 0.00    M    M  1.8 10 100   M    M   1 18     13  30
 5  93  68  81   9   0  16 0.00    M    M  3.3 10  80   M    M   0 18     14  50
 6  89  64  77   5   0  12 0.00    M    M  2.6  9 290   M    M   1 18     11 110
 7  89  64  77   5   0  12 0.14    M    M  1.4  9 250   M    M   2 18     12 260
 8  90  64  77   6   0  12 0.00    M    M  2.2 10 170   M    M   3 128    14 160
 9  84  68  76   5   0  11 0.24    M    M  2.2 13 180   M    M   7 1238   15 180
10  80  66  73   3   0   8 1.23    M    M  2.3 12 350   M    M   9 12     16  10
11  83  64  74   4   0   9 0.51    M    M  3.0 20 200   M    M   6 1238   27 200
12  72  54  63  -7   2   0 0.14    M    M  6.1 23 300   M    M   8        30 300
13  69  50  60  -9   5   0 0.00    M    M  4.9 14 300   M    M   5 1      19 350
14  75  45  60  -9   5   0 0.00    M    M  0.8 10 190   M    M   0 1      13 200
15  80  49  65  -4   0   0 0.00    M    M  1.0  8 100   M    M   0        10  30
16  81  53  67  -1   0   2 0.00    M    M  1.6  8 120   M    M   0 1      10 200
17  81  53  67  -1   0   2 0.00    M    M  0.9 10 260   M    M   1 18     13 270
18  85  54  70   2   0   5 0.00    M    M  1.5  7 150   M    M   0 18     10 130
19  85  57  71   4   0   6 0.05    M    M  5.0 16  10   M    M   3 18     23  10
20  75  60  68   1   0   3 0.00    M    M  6.5 14  20   M    M   8        17  30
21  76  55  66   0   0   1 0.00    M    M  3.9 10 320   M    M   1        14 310
22  81  52  67   1   0   2 0.00    M    M  3.3 13  20   M    M   1        16 360
23  84  57  71   5   0   6 0.00    M    M  4.6 12  90   M    M   1        17  80
24  84  58  71   6   0   6 0.00    M    M  4.0 12  80   M    M   0        16  40
25  66  60  63  -2   2   0 0.52    M    M  5.6 12  40   M    M   7 1      17  40
26  72  60  66   2   0   1 0.46    M    M  5.7 12  70   M    M   9 1      15  70
27  82  61  72   8   0   7    T    M    M  2.6  8 180   M    M   5        13 150
28  82  64  73   9   0   8    T    M    M  1.8  6 100   M    M   2         7 190
29  73  69  71   8   0   6 0.83    M    M  2.5  9 260   M    M   8 1      10  30
30  69  61  65   2   0   0 0.23    M    M  8.4 15  40   M    M   8 18     19  10
================================================================================
SM 2446 1790        14 188  4.35    M     93.2          M      100
================================================================================
AV 81.5 59.7                               3.1 FASTST   M    M   3    MAX(MPH)
                                 MISC ---->  # 23 300               # 30  300
================================================================================
NOTES:
# LAST OF SEVERAL OCCURRENCES

COLUMN 17 PEAK WIND IN M.P.H.

PRELIMINARY LOCAL CLIMATOLOGICAL DATA (WS FORM: F-6) , PAGE 2

                                          STATION:  LONDON KY
                                          MONTH:    SEPTEMBER
                                          YEAR:     2015
                                          LATITUDE:   37  4 N
                                          LONGITUDE:  84  5 W

[TEMPERATURE DATA]      [PRECIPITATION DATA]       SYMBOLS USED IN COLUMN 16

AVERAGE MONTHLY: 70.6   TOTAL FOR MONTH:   4.35    1 = FOG OR MIST
DPTR FM NORMAL:   2.3   DPTR FM NORMAL:    0.98    2 = FOG REDUCING VISIBILITY
HIGHEST:    93 ON  5, 4 GRTST 24HR  1.40 ON  9-10      TO 1/4 MILE OR LESS
LOWEST:     45 ON 14                               3 = THUNDER
                        SNOW, ICE PELLETS, HAIL    4 = ICE PELLETS
                        TOTAL MONTH:    M          5 = HAIL
                        GRTST 24HR    M  ON   M    6 = FREEZING RAIN OR DRIZZLE
                        GRTST DEPTH:  M  ON   M    7 = DUSTSTORM OR SANDSTORM:
                                                       VSBY 1/2 MILE OR LESS
                                                   8 = SMOKE OR HAZE
[NO. OF DAYS WITH]      [WEATHER - DAYS WITH]      9 = BLOWING SNOW
                                                   X = TORNADO
MAX 32 OR BELOW:   0    0.01 INCH OR MORE:  10
MAX 90 OR ABOVE:   6    0.10 INCH OR MORE:   9
MIN 32 OR BELOW:   0    0.50 INCH OR MORE:   4
MIN  0 OR BELOW:   0    1.00 INCH OR MORE:   1

[HDD (BASE 65) ]
TOTAL THIS MO.    14    CLEAR  (SCALE 0-3)  19
DPTR FM NORMAL   -32    PTCLDY (SCALE 4-7)   7
TOTAL FM JUL 1    14    CLOUDY (SCALE 8-10)  4
DPTR FM NORMAL   -33

[CDD (BASE 65) ]
TOTAL THIS MO.   188
DPTR FM NORMAL    45    [PRESSURE DATA]
TOTAL FM JAN 1  1359    HIGHEST SLP 30.38 ON 15
DPTR FM NORMAL   192    LOWEST  SLP 29.78 ON 29

[REMARKS]
#FINAL-09-15#
