000
CXUS55 KJKL 010800
CF6LOZ
PRELIMINARY LOCAL CLIMATOLOGICAL DATA (WS FORM: F-6)

                                          STATION:   LONDON KY
                                          MONTH:     AUGUST
                                          YEAR:      2013
                                          LATITUDE:   37  4 N
                                          LONGITUDE:  84  5 W

  TEMPERATURE IN F:       :PCPN:    SNOW:  WIND      :SUNSHINE: SKY     :PK WND
================================================================================
1   2   3   4   5  6A  6B    7    8   9   10  11  12  13   14  15   16   17  18
                                     12Z  AVG MX 2MIN
DY MAX MIN AVG DEP HDD CDD  WTR  SNW DPTH SPD SPD DIR MIN PSBL S-S WX    SPD DR
================================================================================

 1  81  63  72  -4   0   7 0.06    M    M  3.5 13 270   M    M   7 12     18 340
 2  81  58  70  -6   0   5 0.00    M    M  1.9  8 180   M    M   4 12     10 260
 3  83  66  75  -1   0  10 0.06    M    M  4.7 15 260   M    M   4 1      20 280
 4  80  63  72  -4   0   7 0.00    M    M  3.6 13 360   M    M   4 128    17 350
 5  82  58  70  -6   0   5 0.00    M    M  2.2  9 280   M    M   2        12 270
 6  81  65  73  -3   0   8 0.00    M    M  2.1 10 180   M    M   8 1      13 190
 7  82  71  77   1   0  12 0.17    M    M  3.8 15 190   M    M   6 1      20 200
 8  81  71  76   0   0  11 0.01    M    M  4.2 14 240   M    M   6 1      20 200
 9  88  70  79   3   0  14 0.20    M    M  5.0 26 270   M    M   5 13     32 270
10  81  70  76   0   0  11 0.28    M    M  2.5 14 280   M    M   7 13     18 260
11  85  71  78   2   0  13 0.27    M    M  3.9 12 260   M    M   6 13     15 260
12  82  69  76   0   0  11 0.30    M    M  4.0 14 250   M    M   6 13     18 240
13  80  66  73  -3   0   8 1.12    M    M  5.2 14 360   M    M   8 13     18 360
14  73  57  65 -11   0   0 0.00    M    M  6.6 15  10   M    M   1        20  10
15  78  53  66 -10   0   1 0.00    M    M  3.8  8 330   M    M   2        13  80
16  80  61  71  -5   0   6 0.31    M    M  3.1  9  30   M    M   7 138    13  20
17  76  64  70  -5   0   5 0.03    M    M  2.4  9  50   M    M   2        20  80
18  76  63  70  -5   0   5 0.24    M    M  1.7  7 200   M    M   9 1      16  60
19  82  65  74  -1   0   9 0.02    M    M  1.7  8 270   M    M   7 1      10 280
20  84  65  75   0   0  10 0.00    M    M  1.2  9 270   M    M   5 12     12 270
21  82  69  76   1   0  11 0.23    M    M  2.6 15 220   M    M   4 13     23 220
22  85  67  76   1   0  11 0.00    M    M  2.5 10 250   M    M   4 18     13 250
23  88  68  78   3   0  13    T    M    M  2.2 10  10   M    M   4 128    16  30
24  87  63  75   0   0  10 0.00    M    M  3.3 10  40   M    M   0 12     14  40
25  86  60  73  -1   0   8 0.00    M    M  1.8  9 210   M    M   3        23 200
26  85  62  74   0   0   9 0.00    M    M  2.0 12 260   M    M   3 1      25 220
27  87  66  77   3   0  12 0.00    M    M  2.9 12 270   M    M   3 18     16 270
28  88  70  79   5   0  14 0.00    M    M  4.0 13 260   M    M   3 18     17 260
29  89  71  80   6   0  15 0.00    M    M  2.9 12  20   M    M   5 18     16  30
30  90  67  79   5   0  14 0.00    M    M  2.2 10 230   M    M   3 128    22  20
31  92  67  80   7   0  15 0.30    M    M  4.7 29 340   M    M   3 138    39 340
================================================================================
SM 2575 2019         0 290  3.60    M     98.2          M      141
================================================================================
AV 83.1 65.1                               3.2 FASTST   M    M   5    MAX(MPH)
                                 MISC ---->  # 29 340               # 39  340
================================================================================
NOTES:
# LAST OF SEVERAL OCCURRENCES

COLUMN 17 PEAK WIND IN M.P.H.

PRELIMINARY LOCAL CLIMATOLOGICAL DATA (WS FORM: F-6) , PAGE 2

                                          STATION:  LONDON KY
                                          MONTH:    AUGUST
                                          YEAR:     2013
                                          LATITUDE:   37  4 N
                                          LONGITUDE:  84  5 W

[TEMPERATURE DATA]      [PRECIPITATION DATA]       SYMBOLS USED IN COLUMN 16

AVERAGE MONTHLY: 74.1   TOTAL FOR MONTH:   3.60    1 = FOG OR MIST
DPTR FM NORMAL:  -1.1   DPTR FM NORMAL:   -0.11    2 = FOG REDUCING VISIBILITY
HIGHEST:    92 ON 31    GRTST 24HR  1.41 ON 12-13      TO 1/4 MILE OR LESS
LOWEST:     53 ON 15                               3 = THUNDER
                        SNOW, ICE PELLETS, HAIL    4 = ICE PELLETS
                        TOTAL MONTH:    M          5 = HAIL
                        GRTST 24HR    M  ON   M    6 = FREEZING RAIN OR DRIZZLE
                        GRTST DEPTH:  M  ON   M    7 = DUSTSTORM OR SANDSTORM:
                                                       VSBY 1/2 MILE OR LESS
                                                   8 = SMOKE OR HAZE
[NO. OF DAYS WITH]      [WEATHER - DAYS WITH]      9 = BLOWING SNOW
                                                   X = TORNADO
MAX 32 OR BELOW:   0    0.01 INCH OR MORE:  15
MAX 90 OR ABOVE:   2    0.10 INCH OR MORE:  10
MIN 32 OR BELOW:   0    0.50 INCH OR MORE:   1
MIN  0 OR BELOW:   0    1.00 INCH OR MORE:   1

[HDD (BASE 65) ]
TOTAL THIS MO.     0    CLEAR  (SCALE 0-3)   9
DPTR FM NORMAL    -1    PTCLDY (SCALE 4-7)  21
TOTAL FM JUL 1     0    CLOUDY (SCALE 8-10)  1
DPTR FM NORMAL    -1

[CDD (BASE 65) ]
TOTAL THIS MO.   290
DPTR FM NORMAL   -27    [PRESSURE DATA]
TOTAL FM JAN 1   892    HIGHEST SLP 30.36 ON 25
DPTR FM NORMAL  -132    LOWEST  SLP 29.80 ON 31

[REMARKS]
#FINAL-08-13#
