000
CXUS53 KJKL 010754
CLALOZ

CLIMATE REPORT
NATIONAL WEATHER SERVICE JACKSON KY
254 AM EST WED JAN 1 2014

...................................

...THE LONDON KY CLIMATE SUMMARY FOR THE YEAR OF 2013...

CLIMATE NORMAL PERIOD 1981 TO 2010
CLIMATE RECORD PERIOD 1954 TO 2013

WEATHER         OBSERVED          NORMAL  DEPART  LAST YEAR`S
                 VALUE   DATE(S)  VALUE   FROM    VALUE
                                          NORMAL
.............................................................
TEMPERATURE (F)
RECORD
 HIGH             105   06/29/2012
 LOW              -25   01/19/1994
HIGHEST            92   08/31        MM      MM      105
LOWEST             12   02/01        MM      MM       13
                        01/22
AVG. MAXIMUM     65.4              67.5    -2.1     68.9
AVG. MINIMUM     45.7              46.0    -0.3     46.8
MEAN             55.6              56.7    -1.1     57.9
DAYS MAX >= 90      5              19.3   -14.3       25
DAYS MAX <= 32      9              10.3    -1.3        4
DAYS MIN <= 32    107              87.1    19.9       82
DAYS MIN <= 0       0               0.9    -0.9        0

PRECIPITATION (INCHES)
RECORD
 MAXIMUM        65.22   2004
 MINIMUM        32.32   2007
TOTALS          56.42             47.14    9.28    45.95
DAYS >= .01       153             133.9    19.1      132
DAYS >= .10       100              86.1    13.9       84
DAYS >= .50        35              33.0     2.0       32
DAYS >= 1.00       18              10.9     7.1       13
GREATEST
 24 HR. TOTAL    2.78   07/06 TO 07/07              3.81

SNOWFALL (INCHES)
RECORDS
 TOTAL           63.9
 24 HR TOTAL     15.0   03/09/1960 TO 03/09/1960
TOTALS             MM              10.3      MM       MM
SINCE 7/1          MM               1.1      MM       MM
SNOWDEPTH AVG.     MM                MM      MM       MM
DAYS >= 1.0        MM               4.7      MM       MM
GREATEST
 24 HR TOTAL       MM                                 MM

DEGREE_DAYS
HEATING TOTAL    4410              4205     205     3746
 SINCE 7/1       1607              1652     -45     1728
COOLING TOTAL    1083              1191    -108     1226
 SINCE 1/1       1083              1191    -108     1226
..............................................................

WIND (MPH)
AVERAGE WIND SPEED              4.5
RESULTANT WIND SPEED/DIRECTION   1/247
HIGHEST WIND SPEED/DIRECTION    39/260    DATE  05/21
HIGHEST GUST SPEED/DIRECTION    51/260    DATE  05/21

SKY COVER
POSSIBLE SUNSHINE (PERCENT)   MM
AVERAGE SKY COVER           0.50
NUMBER OF DAYS FAIR          163
NUMBER OF DAYS PC            124
NUMBER OF DAYS CLOUDY         78

AVERAGE RH (PERCENT)     71

WEATHER CONDITIONS. NUMBER OF DAYS WITH
THUNDERSTORM             50     MIXED PRECIP               0
HEAVY RAIN               54     RAIN                      81
LIGHT RAIN              156     FREEZING RAIN              3
LT FREEZING RAIN          7     HAIL                       0
HEAVY SNOW                0     SNOW                       4
LIGHT SNOW               26     SLEET                      1
FOG                     243     FOG W/VIS <= 1/4 MILE     42
HAZE                     39

-  INDICATES NEGATIVE NUMBERS.
R  INDICATES RECORD WAS SET OR TIED.
MM INDICATES DATA IS MISSING.
T  INDICATES TRACE AMOUNT.

$$

CARICO
