000
CXUS53 KJKL 010800
CLALOZ

CLIMATE REPORT
NATIONAL WEATHER SERVICE JACKSON KY
300 AM EST SAT JAN 1 2011

...................................

...THE LONDON KY CLIMATE SUMMARY FOR THE YEAR OF 2010...

CLIMATE NORMAL PERIOD 1971 TO 2000
CLIMATE RECORD PERIOD 1954 TO 2010

WEATHER         OBSERVED          NORMAL  DEPART  LAST YEAR`S
                 VALUE   DATE(S)  VALUE   FROM    VALUE
                                          NORMAL
.............................................................
TEMPERATURE (F)
RECORD
 HIGH             102   08/16/2007
 LOW              -25   01/19/1994
HIGHEST            95   08/13        MM      MM       90
                        08/04
                        07/08
LOWEST              2   12/15        MM      MM        1
AVG. MAXIMUM     65.8              66.7    -0.9     65.7
AVG. MINIMUM     45.0              45.2    -0.2     46.0
MEAN             55.4              56.0    -0.6     55.9
DAYS MAX >= 90     29              18.2    10.8        3
DAYS MAX <= 32     34              13.8    20.2       11
DAYS MIN <= 32    100              93.0     7.0       92
DAYS MIN <= 0       0               1.9    -1.9        0

PRECIPITATION (INCHES)
RECORD
 MAXIMUM        65.22   2004
 MINIMUM        32.32   2007
TOTALS          46.94             47.41   -0.47    55.80
DAYS >= .01       123             135.6   -12.6      142
DAYS >= .10        83              87.6    -4.6       96
DAYS >= .50        31              33.1    -2.1       45
DAYS >= 1.00       12              11.0     1.0       13
GREATEST
 24 HR. TOTAL    3.68   08/18 TO 08/19              2.69

SNOWFALL (INCHES)
RECORDS
 TOTAL           63.9
 24 HR TOTAL     15.0   03/09/1960 TO 03/09/1960
TOTALS             MM              14.0      MM       MM
SINCE 7/1          MM               1.9      MM       MM
SNOWDEPTH AVG.     MM                 0      MM       MM
DAYS >= 1.0        MM               5.8      MM       MM
GREATEST
 24 HR TOTAL       MM                                 MM

DEGREE_DAYS
HEATING TOTAL    4815              4363     452     4287
 SINCE 7/1       1930              1705     225     1734
COOLING TOTAL    1434              1102     332     1039
 SINCE 1/1       1434              1099     335     1039
..............................................................

WIND (MPH)
AVERAGE WIND SPEED              4.2
RESULTANT WIND SPEED/DIRECTION   1/266
HIGHEST WIND SPEED/DIRECTION    37/230    DATE  04/03
HIGHEST GUST SPEED/DIRECTION    52/240    DATE  04/03

SKY COVER
POSSIBLE SUNSHINE (PERCENT)   MM

NUMBER OF DAYS FAIR          190
NUMBER OF DAYS PC             91
NUMBER OF DAYS CLOUDY         74

AVERAGE RH (PERCENT)     72

WEATHER CONDITIONS. NUMBER OF DAYS WITH
THUNDERSTORM             51     MIXED PRECIP               0
HEAVY RAIN               44     RAIN                      64
LIGHT RAIN              124     FREEZING RAIN              2
LT FREEZING RAIN         13     HAIL                       0
HEAVY SNOW                2     SNOW                      11
LIGHT SNOW               38     SLEET                      0
FOG                     263     FOG W/VIS <= 1/4 MILE     29
HAZE                     82

-  INDICATES NEGATIVE NUMBERS.
R  INDICATES RECORD WAS SET OR TIED.
MM INDICATES DATA IS MISSING.
T  INDICATES TRACE AMOUNT.

$$

CARICO
