000
CXUS53 KJKL 011648 CCA
CLALOZ

CLIMATE REPORT
NATIONAL WEATHER SERVICE JACKSON KY
1147 AM EST SUN JAN 1 2017

...................................

...THE LONDON KY CLIMATE SUMMARY FOR THE YEAR OF 2016...

CLIMATE NORMAL PERIOD 1981 TO 2010
CLIMATE RECORD PERIOD 1954 TO 2016

WEATHER         OBSERVED          NORMAL  DEPART  LAST YEAR`S
                 VALUE   DATE(S)  VALUE   FROM    VALUE
                                          NORMAL
.............................................................
TEMPERATURE (F)
RECORD
 HIGH             105   06/29/2012
 LOW              -25   01/19/1994
HIGHEST            94   07/25        MM      MM       93
LOWEST              0   01/24        MM      MM      -17
AVG. MAXIMUM     69.2              67.5     1.7     68.4
AVG. MINIMUM     47.0              46.0     1.0     47.2
MEAN             58.1              56.7     1.4     57.8
DAYS MAX >= 90     34              19.3    14.7       28
DAYS MAX <= 32     15              10.3     4.7       11
DAYS MIN <= 32     87              87.1    -0.1       83
DAYS MIN <= 0       1               0.9     0.1        2

PRECIPITATION (INCHES)
RECORD
 MAXIMUM        65.22   2004
 MINIMUM        32.32   2007
TOTALS             MM             47.14      MM    55.00
DAYS >= .01       113             133.9   -20.9      145
DAYS >= .10        65              86.1   -21.1       93
DAYS >= .50        31              33.0    -2.0       36
DAYS >= 1.00       10              10.9    -0.9       12
GREATEST
 24 HR. TOTAL    2.28   02/15 TO 02/16              3.73

SNOWFALL (INCHES)
RECORDS
 TOTAL           63.9
 24 HR TOTAL     15.0   03/09/1960 TO 03/09/1960
TOTALS             MM              10.3      MM       MM
SINCE 7/1          MM               1.1      MM       MM
SNOWDEPTH AVG.     MM                MM      MM       MM
DAYS >= 1.0        MM               4.7      MM       MM
GREATEST
 24 HR TOTAL       MM                                 MM

DEGREE_DAYS
HEATING TOTAL    3921              4205    -284     3855
 SINCE 7/1       1385              1652    -267     1140
COOLING TOTAL    1507              1191     316     1387
 SINCE 1/1       1507              1191     316     1387
..............................................................

WIND (MPH)
AVERAGE WIND SPEED              5.0
RESULTANT WIND SPEED/DIRECTION   2/251
HIGHEST WIND SPEED/DIRECTION    41/250    DATE  06/04
HIGHEST GUST SPEED/DIRECTION    53/210    DATE  12/18

SKY COVER
POSSIBLE SUNSHINE (PERCENT)   MM
AVERAGE SKY COVER           0.40
NUMBER OF DAYS FAIR          196
NUMBER OF DAYS PC            111
NUMBER OF DAYS CLOUDY         59

AVERAGE RH (PERCENT)     66

WEATHER CONDITIONS. NUMBER OF DAYS WITH
THUNDERSTORM             65     MIXED PRECIP               0
HEAVY RAIN               54     RAIN                      72
LIGHT RAIN              144     FREEZING RAIN              1
LT FREEZING RAIN          2     HAIL                       0
HEAVY SNOW                3     SNOW                       7
LIGHT SNOW               24     SLEET                      0
FOG                     207     FOG W/VIS <= 1/4 MILE     33
HAZE                     32

-  INDICATES NEGATIVE NUMBERS.
R  INDICATES RECORD WAS SET OR TIED.
MM INDICATES DATA IS MISSING.
T  INDICATES TRACE AMOUNT.

&&

NOTE...
...LONDON PRECIPITATION MISSING DUE TO SENSOR OUTAGES ON...
...FEB 1ST...MAY 1ST 2ND 7TH AND 10TH...

$$

CARICO
