000
CDUS43 KJKL 120547
CLILOZ

CLIMATE REPORT
NATIONAL WEATHER SERVICE JACKSON KY
1247 AM EST TUE DEC 12 2017


...................................

...THE LONDON KY CLIMATE SUMMARY FOR DECEMBER 11 2017...

CLIMATE NORMAL PERIOD 1981 TO 2010
CLIMATE RECORD PERIOD 1954 TO 2017


WEATHER ITEM   OBSERVED TIME   RECORD YEAR NORMAL DEPARTURE LAST
                VALUE   (LST)  VALUE       VALUE  FROM      YEAR
                                                  NORMAL
..................................................................
TEMPERATURE (F)
 YESTERDAY
  MAXIMUM         54    427 PM  75    2007  49      5       52
  MINIMUM         25    803 AM   1    1957  30     -5       22
  AVERAGE         40                        39      1       37

PRECIPITATION (IN)
  YESTERDAY        0.00          1.14 1960   0.15  -0.15     0.16
  MONTH TO DATE    0.66                      1.61  -0.95     1.35
  SINCE DEC 1      0.66                      1.61  -0.95     1.35

SNOWFALL (IN)
  YESTERDAY       MM
  MONTH TO DATE   MM
  SINCE DEC 1     MM
  SINCE JUL 1     MM
  SNOW DEPTH      MM

DEGREE DAYS
 HEATING
  YESTERDAY       25                        26     -1       28
  MONTH TO DATE  281                       267     14      308
  SINCE DEC 1    281                       267     14      308
  SINCE JUL 1   1062                      1097    -35      899

COOLING
  YESTERDAY        0                         0      0        0
  MONTH TO DATE    0                         0      0        0
  SINCE DEC 1      0                         0      0        0
  SINCE JAN 1   1141                      1190    -49     1507
..................................................................


WIND (MPH)
  HIGHEST WIND SPEED    14   HIGHEST WIND DIRECTION    SW (220)
  HIGHEST GUST SPEED    23   HIGHEST GUST DIRECTION     S (200)
  AVERAGE WIND SPEED     5.8


SKY COVER
  POSSIBLE SUNSHINE  MM
  AVERAGE SKY COVER 0.0


WEATHER CONDITIONS
 THE FOLLOWING WEATHER WAS RECORDED YESTERDAY.
  NO SIGNIFICANT WEATHER WAS OBSERVED.


RELATIVE HUMIDITY (PERCENT)
 HIGHEST    81           700 AM
 LOWEST     32           300 PM
 AVERAGE    57

..........................................................


THE LONDON KY CLIMATE NORMALS FOR TODAY
                         NORMAL    RECORD    YEAR
 MAXIMUM TEMPERATURE (F)   48        71      2015
 MINIMUM TEMPERATURE (F)   30       -12      1962


SUNRISE AND SUNSET
DECEMBER 12 2017......SUNRISE   741 AM EST   SUNSET   520 PM EST
DECEMBER 13 2017......SUNRISE   741 AM EST   SUNSET   520 PM EST


-  INDICATES NEGATIVE NUMBERS.
R  INDICATES RECORD WAS SET OR TIED.
MM INDICATES DATA IS MISSING.
T  INDICATES TRACE AMOUNT.




$$
