000
CDUS43 KJKL 310530
CLILOZ

CLIMATE REPORT
NATIONAL WEATHER SERVICE JACKSON KY
119 AM EDT SUN MAY 31 2015

...................................

...THE LONDON KY CLIMATE SUMMARY FOR MAY 30 2015...

CLIMATE NORMAL PERIOD 1981 TO 2010
CLIMATE RECORD PERIOD 1954 TO 2015

WEATHER ITEM   OBSERVED TIME   RECORD YEAR NORMAL DEPARTURE LAST
                VALUE   (LST)  VALUE       VALUE  FROM      YEAR
                                                  NORMAL
..................................................................
TEMPERATURE (F)
 YESTERDAY
  MAXIMUM         86    419 PM  91    2006  80      6       86
  MINIMUM         66    213 AM  39    1984  57      9       63
  AVERAGE         76                        68      8       75

PRECIPITATION (IN)
  YESTERDAY        0.06          1.24 1974   0.17  -0.11     0.00
  MONTH TO DATE    1.54                      5.01  -3.47     2.23
  SINCE MAR 1     12.42                     13.11  -0.69    12.48
  SINCE JAN 1     19.89                     20.36  -0.47    18.99

SNOWFALL (IN)
  YESTERDAY       MM
  MONTH TO DATE   MM
  SINCE MAR 1     MM
  SINCE JUL 1     MM
  SNOW DEPTH      MM

DEGREE DAYS
 HEATING
  YESTERDAY        0                         1     -1        0
  MONTH TO DATE   41                        93    -52       83
  SINCE MAR 1    759                       918   -159      913
  SINCE JUL 1   4380                      4194    186     4420

 COOLING
  YESTERDAY       11                         5      6       10
  MONTH TO DATE  161                        83     78      131
  SINCE MAR 1    184                       109     75      156
  SINCE JAN 1    184                       109     75      156
..................................................................

WIND (MPH)
  HIGHEST WIND SPEED    16   HIGHEST WIND DIRECTION     S (180)
  HIGHEST GUST SPEED    21   HIGHEST GUST DIRECTION     S (180)
  AVERAGE WIND SPEED     5.4

SKY COVER
  POSSIBLE SUNSHINE  MM
  AVERAGE SKY COVER 0.5

WEATHER CONDITIONS
 THE FOLLOWING WEATHER WAS RECORDED YESTERDAY.
  LIGHT RAIN
  FOG

RELATIVE HUMIDITY (PERCENT)
 HIGHEST    87           100 AM
 LOWEST     34           600 PM
 AVERAGE    61
..........................................................

THE LONDON KY CLIMATE NORMALS FOR TODAY
                         NORMAL    RECORD    YEAR
 MAXIMUM TEMPERATURE (F)   80        90      2011
                                             1991
 MINIMUM TEMPERATURE (F)   58        38      1966

SUNRISE AND SUNSET
MAY 31 2015...........SUNRISE   618 AM EDT   SUNSET   850 PM EDT
JUNE  1 2015..........SUNRISE   618 AM EDT   SUNSET   850 PM EDT

-  INDICATES NEGATIVE NUMBERS.
R  INDICATES RECORD WAS SET OR TIED.
MM INDICATES DATA IS MISSING.
T  INDICATES TRACE AMOUNT.

$$

SHALLENBERGER
