000
CDUS43 KJKL 300531
CLILOZ

CLIMATE REPORT
NATIONAL WEATHER SERVICE JACKSON KY
130 AM EDT TUE SEP 30 2014

...................................

...THE LONDON KY CLIMATE SUMMARY FOR SEPTEMBER 29 2014...

CLIMATE NORMAL PERIOD 1981 TO 2010
CLIMATE RECORD PERIOD 1954 TO 2014

WEATHER ITEM   OBSERVED TIME   RECORD YEAR NORMAL DEPARTURE LAST
                VALUE   (LST)  VALUE       VALUE  FROM      YEAR
                                                  NORMAL
..................................................................
TEMPERATURE (F)
 YESTERDAY
  MAXIMUM         83    347 PM  88    1986  75      8       73
  MINIMUM         59    702 AM  37    1962  51      8       55
  AVERAGE         71                        63      8       64

PRECIPITATION (IN)
  YESTERDAY        0.00          1.28 1955   0.12  -0.12     0.00
  MONTH TO DATE    1.39                      3.26  -1.87     2.61
  SINCE SEP 1      1.39                      3.26  -1.87     2.61
  SINCE JAN 1       MM                      35.94    MM     43.65

SNOWFALL (IN)
  YESTERDAY       MM
  MONTH TO DATE   MM
  SINCE SEP 1     MM
  SINCE JUL 1     MM
  SNOW DEPTH      MM

DEGREE DAYS
 HEATING
  YESTERDAY        0                         4     -4        1
  MONTH TO DATE   18                        40    -22       15
  SINCE SEP 1     18                        40    -22       15
  SINCE JUL 1     18                        41    -23       15

 COOLING
  YESTERDAY        6                         2      4        0
  MONTH TO DATE  168                       140     28      148
  SINCE SEP 1    168                       140     28      148
  SINCE JAN 1     MM                      1164     MM     1040
..................................................................

WIND (MPH)
  HIGHEST WIND SPEED    12   HIGHEST WIND DIRECTION     W (260)
  HIGHEST GUST SPEED    14   HIGHEST GUST DIRECTION     W (270)
  AVERAGE WIND SPEED     1.1

SKY COVER
  POSSIBLE SUNSHINE  MM
  AVERAGE SKY COVER 0.4

WEATHER CONDITIONS
 THE FOLLOWING WEATHER WAS RECORDED YESTERDAY.
  FOG
  FOG W/VISIBILITY <= 1/4 MILE

RELATIVE HUMIDITY (PERCENT)
 HIGHEST    97           800 AM
 LOWEST     45           300 PM
 AVERAGE    71
..........................................................

THE LONDON KY CLIMATE NORMALS FOR TODAY
                         NORMAL    RECORD    YEAR
 MAXIMUM TEMPERATURE (F)   75        87      1971
 MINIMUM TEMPERATURE (F)   51        34      1967

SUNRISE AND SUNSET
SEPTEMBER 30 2014.....SUNRISE   731 AM EDT   SUNSET   721 PM EDT
OCTOBER  1 2014.......SUNRISE   732 AM EDT   SUNSET   720 PM EDT

-  INDICATES NEGATIVE NUMBERS.
R  INDICATES RECORD WAS SET OR TIED.
MM INDICATES DATA IS MISSING.
T  INDICATES TRACE AMOUNT.

$$

GREIF
