000
CDUS43 KJKL 280539
CLILOZ

CLIMATE REPORT
NATIONAL WEATHER SERVICE JACKSON KY
1239 AM EST WED JAN 28 2015

...................................

...THE LONDON KY CLIMATE SUMMARY FOR JANUARY 27 2015...

CLIMATE NORMAL PERIOD 1981 TO 2010
CLIMATE RECORD PERIOD 1954 TO 2015


WEATHER ITEM   OBSERVED TIME   RECORD YEAR NORMAL DEPARTURE LAST
                VALUE   (LST)  VALUE       VALUE  FROM      YEAR
                                                  NORMAL
..................................................................
TEMPERATURE (F)
 YESTERDAY
  MAXIMUM         33    347 PM  67    1974  46    -13       49
  MINIMUM         25   1159 PM  -9    1963  27     -2       13
  AVERAGE         29                        36     -7       31

PRECIPITATION (IN)
  YESTERDAY        0.02          1.54 2009   0.11  -0.09     0.00
  MONTH TO DATE    2.29                      3.06  -0.77     2.28
  SINCE DEC 1      6.10                      7.30  -1.20     8.72
  SINCE JAN 1      2.29                      3.06  -0.77     2.28

SNOWFALL (IN)
  YESTERDAY       MM
  MONTH TO DATE   MM
  SINCE DEC 1     MM
  SINCE JUL 1     MM
  SNOW DEPTH      MM

DEGREE DAYS
 HEATING
  YESTERDAY       36                        29      7       34
  MONTH TO DATE  819                       800     19      942
  SINCE DEC 1   1542                      1622    -80     1682
  SINCE JUL 1   2486                      2452     34     2549

 COOLING
  YESTERDAY        0                         0      0        0
  MONTH TO DATE    0                         0      0        0
  SINCE DEC 1      0                         1     -1        0
  SINCE JAN 1      0                         0      0        0
..................................................................

WIND (MPH)
  HIGHEST WIND SPEED    12   HIGHEST WIND DIRECTION    NW (320)
  HIGHEST GUST SPEED    15   HIGHEST GUST DIRECTION    NW (320)
  AVERAGE WIND SPEED     5.4

SKY COVER
  POSSIBLE SUNSHINE  MM
  AVERAGE SKY COVER 0.9

WEATHER CONDITIONS
 THE FOLLOWING WEATHER WAS RECORDED YESTERDAY.
  LIGHT SNOW
  FOG
  HAZE

RELATIVE HUMIDITY (PERCENT)
 HIGHEST    85           400 AM
 LOWEST     53          1000 PM
 AVERAGE    69

..........................................................

THE LONDON KY CLIMATE NORMALS FOR TODAY
                         NORMAL    RECORD    YEAR
 MAXIMUM TEMPERATURE (F)   46        68      1975
 MINIMUM TEMPERATURE (F)   27       -18      1963

SUNRISE AND SUNSET
JANUARY 28 2015.......SUNRISE   742 AM EST   SUNSET   557 PM EST
JANUARY 29 2015.......SUNRISE   742 AM EST   SUNSET   558 PM EST

-  INDICATES NEGATIVE NUMBERS.
R  INDICATES RECORD WAS SET OR TIED.
MM INDICATES DATA IS MISSING.
T  INDICATES TRACE AMOUNT.

$$
