000
CDUS43 KJKL 200557
CLILOZ

CLIMATE REPORT
NATIONAL WEATHER SERVICE JACKSON KY
1256 AM EST THU NOV 20 2014
...................................

...THE LONDON KY CLIMATE SUMMARY FOR NOVEMBER 19 2014...

CLIMATE NORMAL PERIOD 1981 TO 2010
CLIMATE RECORD PERIOD 1954 TO 2014

WEATHER ITEM   OBSERVED TIME   RECORD YEAR NORMAL DEPARTURE LAST
                VALUE   (LST)  VALUE       VALUE  FROM      YEAR
                                                  NORMAL
..................................................................
TEMPERATURE (F)
 YESTERDAY
  MAXIMUM         49    401 PM  77    1985  57     -8       48
  MINIMUM         16R   526 AM  18    2008  36    -20       31
  AVERAGE         33                        46    -13       40

PRECIPITATION (IN)
  YESTERDAY        0.00          1.26 1964   0.14  -0.14     0.00
  MONTH TO DATE    2.61                      2.28   0.33     1.29
  SINCE SEP 1     12.35                      8.67   3.68     7.45
  SINCE JAN 1        MM                     41.35     MM    48.49

SNOWFALL (IN)
  YESTERDAY       MM
  MONTH TO DATE   MM
  SINCE SEP 1     MM
  SINCE JUL 1     MM
  SNOW DEPTH      MM

DEGREE DAYS
 HEATING
  YESTERDAY       32                        19     13       25
  MONTH TO DATE  460                       298    162      315
  SINCE SEP 1    705                       603    102      559
  SINCE JUL 1    705                       604    101      559

 COOLING
  YESTERDAY        0                         0      0        0
  MONTH TO DATE    0                         0      0        0
  SINCE SEP 1    193                       164     29      191
  SINCE JAN 1     MM                      1188     MM     1083
..................................................................

WIND (MPH)
  HIGHEST WIND SPEED    23   HIGHEST WIND DIRECTION     S (200)
  HIGHEST GUST SPEED    32   HIGHEST GUST DIRECTION    SW (210)
  AVERAGE WIND SPEED    10.3

SKY COVER
  POSSIBLE SUNSHINE  MM
  AVERAGE SKY COVER 0.1

WEATHER CONDITIONS
 THE FOLLOWING WEATHER WAS RECORDED YESTERDAY.
  NO SIGNIFICANT WEATHER WAS OBSERVED.

RELATIVE HUMIDITY (PERCENT)
 HIGHEST    80          1200 AM
 LOWEST     31           200 PM
 AVERAGE    56
..........................................................

THE LONDON KY CLIMATE NORMALS FOR TODAY
                         NORMAL    RECORD    YEAR
 MAXIMUM TEMPERATURE (F)   57        73      1994
 MINIMUM TEMPERATURE (F)   36        20      1969

SUNRISE AND SUNSET
NOVEMBER 20 2014......SUNRISE   720 AM EST   SUNSET   523 PM EST
NOVEMBER 21 2014......SUNRISE   721 AM EST   SUNSET   523 PM EST

-  INDICATES NEGATIVE NUMBERS.
R  INDICATES RECORD WAS SET OR TIED.
MM INDICATES DATA IS MISSING.
T  INDICATES TRACE AMOUNT.

$$
