000
CDUS43 KJKL 272120 RRA
CLILOZ

CLIMATE REPORT
NATIONAL WEATHER SERVICE JACKSON KY
420 PM EST SUN NOV 27 2016

...................................

...THE LONDON KY CLIMATE SUMMARY FOR NOVEMBER 27 2016...
VALID TODAY AS OF 0400 PM LOCAL TIME.

CLIMATE NORMAL PERIOD 1981 TO 2010
CLIMATE RECORD PERIOD 1954 TO 2016

WEATHER ITEM   OBSERVED TIME   RECORD YEAR NORMAL DEPARTURE LAST
                VALUE   (LST)  VALUE       VALUE  FROM      YEAR
                                                  NORMAL
..................................................................
TEMPERATURE (F)
 TODAY
  MAXIMUM         56    325 PM  76    1990  54      2       67
  MINIMUM         21    645 AM  17    1977  34    -13       41
  AVERAGE         39                        44     -5       54

PRECIPITATION (IN)
  TODAY            0.00          2.28 1973   0.14  -0.14     0.00
  MONTH TO DATE    0.25                      3.39  -3.14     1.54
  SINCE SEP 1      2.33                      9.78  -7.45     8.60

SNOWFALL (IN)
  TODAY           MM
  MONTH TO DATE   MM
  SINCE SEP 1     MM
  SINCE JUL 1     MM
  SNOW DEPTH      MM

DEGREE DAYS
 HEATING
  TODAY           26                        21      5       11
  MONTH TO DATE  423                       459    -36      379
  SINCE SEP 1    559                       764   -205      635
  SINCE JUL 1    559                       765   -206      635

 COOLING
  TODAY            0                         0      0        0
  MONTH TO DATE    7                         0      7        5
  SINCE SEP 1    284                       164    120      216
  SINCE JAN 1   1507                      1188    319     1387
..................................................................

WIND (MPH)
  HIGHEST WIND SPEED     8   HIGHEST WIND DIRECTION     S (200)
  HIGHEST GUST SPEED    11   HIGHEST GUST DIRECTION     S (180)
  AVERAGE WIND SPEED     1.3

SKY COVER
  POSSIBLE SUNSHINE  MM
  AVERAGE SKY COVER 0.0

WEATHER CONDITIONS
 THE FOLLOWING WEATHER WAS RECORDED TODAY.
  NO SIGNIFICANT WEATHER WAS OBSERVED.

RELATIVE HUMIDITY (PERCENT)
 HIGHEST    92           600 AM
 LOWEST     26           300 PM
 AVERAGE    59
..........................................................

THE LONDON KY CLIMATE NORMALS FOR TOMORROW
                         NORMAL    RECORD    YEAR
 MAXIMUM TEMPERATURE (F)   53        73      2001
 MINIMUM TEMPERATURE (F)   33        15      1955

SUNRISE AND SUNSET
NOVEMBER 27 2016......SUNRISE   728 AM EST   SUNSET   520 PM EST
NOVEMBER 28 2016......SUNRISE   729 AM EST   SUNSET   520 PM EST

-  INDICATES NEGATIVE NUMBERS.
R  INDICATES RECORD WAS SET OR TIED.
MM INDICATES DATA IS MISSING.
T  INDICATES TRACE AMOUNT.

$$

TAB
