000
CDUS43 KJKL 182035
CLILOZ

CLIMATE REPORT
NATIONAL WEATHER SERVICE JACKSON KY
435 PM EDT THU SEP 18 2014

...................................

...THE LONDON KY CLIMATE SUMMARY FOR SEPTEMBER 18 2014...
VALID TODAY AS OF 0400 PM LOCAL TIME.

CLIMATE NORMAL PERIOD 1981 TO 2010
CLIMATE RECORD PERIOD 1954 TO 2014


WEATHER ITEM   OBSERVED TIME   RECORD YEAR NORMAL DEPARTURE LAST
                VALUE   (LST)  VALUE       VALUE  FROM      YEAR
                                                  NORMAL
..................................................................
TEMPERATURE (F)
 TODAY
  MAXIMUM         76    255 PM  91    1998  79     -3       70
  MINIMUM         56    658 AM  41    1961  56      0       63
  AVERAGE         66                        68     -2       67

PRECIPITATION (IN)
  TODAY            0.01          2.44 1992   0.11  -0.10     0.08
  MONTH TO DATE    1.38                      2.02  -0.64     0.97
  SINCE SEP 1      1.38                      2.02  -0.64     0.97
  SINCE JAN 1        MM                     34.70     MM    42.01

SNOWFALL (IN)
  TODAY           MM
  MONTH TO DATE   MM
  SINCE SEP 1     MM
  SINCE JUL 1     MM
  SNOW DEPTH      MM

DEGREE DAYS
 HEATING
  TODAY            0                         2     -2        0
  MONTH TO DATE    6                         9     -3        7
  SINCE SEP 1      6                         9     -3        7
  SINCE JUL 1      6                        10     -4        7

 COOLING
  TODAY            1                         4     -3        2
  MONTH TO DATE  130                       109     21      123
  SINCE SEP 1    130                       109     21      123
  SINCE JAN 1     MM                      1133     MM     1015
..................................................................

WIND (MPH)
  HIGHEST WIND SPEED    10   HIGHEST WIND DIRECTION     N (20)
  HIGHEST GUST SPEED    16   HIGHEST GUST DIRECTION    NE (30)
  AVERAGE WIND SPEED     3.1

SKY COVER
  POSSIBLE SUNSHINE  MM
  AVERAGE SKY COVER 0.5

WEATHER CONDITIONS
 THE FOLLOWING WEATHER WAS RECORDED TODAY.
  LIGHT RAIN
  FOG

RELATIVE HUMIDITY (PERCENT)
 HIGHEST    93           700 AM
 LOWEST     46           100 PM
 AVERAGE    70

..........................................................

THE LONDON KY CLIMATE NORMALS FOR TOMORROW
                         NORMAL    RECORD    YEAR
 MAXIMUM TEMPERATURE (F)   79        92      2005
                                             1978
 MINIMUM TEMPERATURE (F)   56        39      1956


SUNRISE AND SUNSET
SEPTEMBER 18 2014.....SUNRISE   721 AM EDT   SUNSET   739 PM EDT
SEPTEMBER 19 2014.....SUNRISE   722 AM EDT   SUNSET   738 PM EDT


-  INDICATES NEGATIVE NUMBERS.
R  INDICATES RECORD WAS SET OR TIED.
MM INDICATES DATA IS MISSING.
T  INDICATES TRACE AMOUNT.


$$


JVM
