000
CDUS43 KJKL 220520 RRA
CLILOZ

CLIMATE REPORT
NATIONAL WEATHER SERVICE JACKSON KY
118 AM EDT THU SEP 22 2016

...................................

...THE LONDON KY CLIMATE SUMMARY FOR SEPTEMBER 21 2016...

CLIMATE NORMAL PERIOD 1981 TO 2010
CLIMATE RECORD PERIOD 1954 TO 2016


WEATHER ITEM   OBSERVED TIME   RECORD YEAR NORMAL DEPARTURE LAST
                VALUE   (LST)  VALUE       VALUE  FROM      YEAR
                                                  NORMAL
..................................................................
TEMPERATURE (F)
 YESTERDAY
  MAXIMUM         86    408 PM  93    1955  78      8       76
  MINIMUM         59    632 AM  35    1956  55      4       55
  AVERAGE         73                        66      7       66

PRECIPITATION (IN)
  YESTERDAY        0.00          2.37 1979   0.11  -0.11     0.00
  MONTH TO DATE    1.06                      2.35  -1.29     2.31
  SINCE SEP 1      1.06                      2.35  -1.29     2.31

SNOWFALL (IN)
  YESTERDAY       MM
  MONTH TO DATE   MM
  SINCE SEP 1     MM
  SINCE JUL 1     MM
  SNOW DEPTH      MM

DEGREE DAYS
 HEATING
  YESTERDAY        0                         2     -2        0
  MONTH TO DATE    0                        15    -15       12
  SINCE SEP 1      0                        15    -15       12
  SINCE JUL 1      0                        16    -16       12

 COOLING
  YESTERDAY        8                         3      5        1
  MONTH TO DATE  189                       120     69      152
  SINCE SEP 1    189                       120     69      152
  SINCE JAN 1   1412                      1144    268     1323
..................................................................


WIND (MPH)
  HIGHEST WIND SPEED    14   HIGHEST WIND DIRECTION    NE (30)
  HIGHEST GUST SPEED    19   HIGHEST GUST DIRECTION    NE (30)
  AVERAGE WIND SPEED     3.2


SKY COVER
  POSSIBLE SUNSHINE  MM
  AVERAGE SKY COVER 0.0


WEATHER CONDITIONS
 THE FOLLOWING WEATHER WAS RECORDED YESTERDAY.
  FOG


RELATIVE HUMIDITY (PERCENT)
 HIGHEST    90           200 AM
 LOWEST     32           300 PM
 AVERAGE    61

..........................................................


THE LONDON KY CLIMATE NORMALS FOR TODAY
                         NORMAL    RECORD    YEAR
 MAXIMUM TEMPERATURE (F)   77        91      2005
 MINIMUM TEMPERATURE (F)   54        35      1983


SUNRISE AND SUNSET
SEPTEMBER 22 2016.....SUNRISE   725 AM EDT   SUNSET   732 PM EDT
SEPTEMBER 23 2016.....SUNRISE   725 AM EDT   SUNSET   731 PM EDT


-  INDICATES NEGATIVE NUMBERS.
R  INDICATES RECORD WAS SET OR TIED.
MM INDICATES DATA IS MISSING.
T  INDICATES TRACE AMOUNT.




$$
