000
CDUS43 KJKL 160959
CLILOZ

CLIMATE REPORT
NATIONAL WEATHER SERVICE JACKSON KY
459 AM EST MON JAN 16 2017

...................................

...THE LONDON KY CLIMATE SUMMARY FOR JANUARY 15 2017...

CLIMATE NORMAL PERIOD 1981 TO 2010
CLIMATE RECORD PERIOD 1954 TO 2017


WEATHER ITEM   OBSERVED TIME   RECORD YEAR NORMAL DEPARTURE LAST
                VALUE   (LST)  VALUE       VALUE  FROM      YEAR
                                                  NORMAL
..................................................................

TEMPERATURE (F)
 YESTERDAY
  MAXIMUM         48   1207 AM  67    2007  44      4       47
  MINIMUM         42   1013 AM  -2    1972  26     16       30
  AVERAGE         45                        35     10       39

PRECIPITATION (IN)
  YESTERDAY        0.02          0.89 1959   0.11  -0.09     0.09
  MONTH TO DATE    1.99                      1.71   0.28     0.83
  SINCE DEC 1      8.29                      5.95   2.34     6.28
  SINCE JAN 1      1.99                      1.71   0.28     0.83

SNOWFALL (IN)
  YESTERDAY       MM
  MONTH TO DATE   MM
  SINCE DEC 1     MM
  SINCE JUL 1     MM
  SNOW DEPTH      MM

DEGREE DAYS
 HEATING
  YESTERDAY       20                        30    -10       26
  MONTH TO DATE  378                       446    -68      452
  SINCE DEC 1   1172                      1268    -96      927
  SINCE JUL 1   1763                      2098   -335     1592

 COOLING
  YESTERDAY        0                         0      0        0
  MONTH TO DATE    0                         0      0        0
  SINCE DEC 1      0                         1     -1        0
  SINCE JAN 1      0                         0      0        0
..................................................................

WIND (MPH)
  HIGHEST WIND SPEED     9   HIGHEST WIND DIRECTION     N (350)
  HIGHEST GUST SPEED    12   HIGHEST GUST DIRECTION     N (360)
  AVERAGE WIND SPEED     3.4


SKY COVER
  POSSIBLE SUNSHINE  MM
  AVERAGE SKY COVER 1.0


WEATHER CONDITIONS
 THE FOLLOWING WEATHER WAS RECORDED YESTERDAY.
  LIGHT RAIN
  FOG
  FOG W/VISIBILITY <= 1/4 MILE


RELATIVE HUMIDITY (PERCENT)
 HIGHEST   100           900 PM
 LOWEST     86          1200 AM
 AVERAGE    93
..........................................................

THE LONDON KY CLIMATE NORMALS FOR TODAY
                         NORMAL    RECORD    YEAR
 MAXIMUM TEMPERATURE (F)   45        67      1974
 MINIMUM TEMPERATURE (F)   26        -9      1977


SUNRISE AND SUNSET
JANUARY 16 2017.......SUNRISE   748 AM EST   SUNSET   544 PM EST
JANUARY 17 2017.......SUNRISE   748 AM EST   SUNSET   545 PM EST


-  INDICATES NEGATIVE NUMBERS.
R  INDICATES RECORD WAS SET OR TIED.
MM INDICATES DATA IS MISSING.
T  INDICATES TRACE AMOUNT.
$$
