000
CDUS43 KJKL 280623
CLILOZ

CLIMATE REPORT
NATIONAL WEATHER SERVICE JACKSON KY
122 AM EST SAT FEB 28 2015


...................................

...THE LONDON KY CLIMATE SUMMARY FOR FEBRUARY 27 2015...

CLIMATE NORMAL PERIOD 1981 TO 2010
CLIMATE RECORD PERIOD 1954 TO 2015


WEATHER ITEM   OBSERVED TIME   RECORD YEAR NORMAL DEPARTURE LAST
                VALUE   (LST)  VALUE       VALUE  FROM      YEAR
                                                  NORMAL
..................................................................
TEMPERATURE (F)
 YESTERDAY
  MAXIMUM         29    442 PM  75    1996  53    -24       38
  MINIMUM         14    756 AM   3    1963  32    -18       17
  AVERAGE         22                        43    -21       28

PRECIPITATION (IN)
  YESTERDAY        T             2.75 1962   0.14  -0.14     0.00
  MONTH TO DATE    5.09                      3.58   1.51     4.23
  SINCE DEC 1     11.28                     11.36  -0.08    12.95
  SINCE JAN 1      7.47                      7.12   0.35     6.51

SNOWFALL (IN)
  YESTERDAY       MM
  MONTH TO DATE   MM
  SINCE DEC 1     MM
  SINCE JUL 1     MM
  SNOW DEPTH      MM

DEGREE DAYS
 HEATING
  YESTERDAY       43                        22     21       37
  MONTH TO DATE  979                       689    290      744
  SINCE DEC 1   2644                      2422    222     2608
  SINCE JUL 1   3588                      3252    336     3475

COOLING
  YESTERDAY        0                         0      0        0
  MONTH TO DATE    0                         0      0        0
  SINCE DEC 1      0                         1     -1        0
  SINCE JAN 1      0                         0      0        0
..................................................................


WIND (MPH)
  HIGHEST WIND SPEED    13   HIGHEST WIND DIRECTION     N (340)
  HIGHEST GUST SPEED    17   HIGHEST GUST DIRECTION     N (340)
  AVERAGE WIND SPEED     6.8


SKY COVER
  POSSIBLE SUNSHINE  MM
  AVERAGE SKY COVER 0.2


WEATHER CONDITIONS
 THE FOLLOWING WEATHER WAS RECORDED YESTERDAY.
  LIGHT SNOW
  HAZE


RELATIVE HUMIDITY (PERCENT)
 HIGHEST    74           200 AM
 LOWEST     35           500 PM
 AVERAGE    55

..........................................................


THE LONDON KY CLIMATE NORMALS FOR TODAY
                         NORMAL    RECORD    YEAR
 MAXIMUM TEMPERATURE (F)   54        74      1976
 MINIMUM TEMPERATURE (F)   32        14      2002


SUNRISE AND SUNSET
FEBRUARY 28 2015......SUNRISE   709 AM EST   SUNSET   629 PM EST
MARCH  1 2015.........SUNRISE   708 AM EST   SUNSET   630 PM EST


-  INDICATES NEGATIVE NUMBERS.
R  INDICATES RECORD WAS SET OR TIED.
MM INDICATES DATA IS MISSING.
T  INDICATES TRACE AMOUNT.




$$
