000
CDUS43 KJKL 170545 RRA
CLILOZ

CLIMATE REPORT
NATIONAL WEATHER SERVICE JACKSON KY
145 AM EDT SUN SEP 17 2017

...................................

...THE LONDON KY CLIMATE SUMMARY FOR SEPTEMBER 16 2017...

CLIMATE NORMAL PERIOD 1981 TO 2010
CLIMATE RECORD PERIOD 1954 TO 2017

WEATHER ITEM   OBSERVED TIME   RECORD YEAR NORMAL DEPARTURE LAST
                VALUE   (LST)  VALUE       VALUE  FROM      YEAR
                                                  NORMAL
..................................................................
TEMPERATURE (F)
 YESTERDAY
  MAXIMUM         84    348 PM  92    1955  80      4       91
  MINIMUM         57    641 AM  36    1961  57      0       66
  AVERAGE         71                        68      3       79

PRECIPITATION (IN)
  YESTERDAY        0.00          2.25 1962   0.12  -0.12     0.11
  MONTH TO DATE    1.71                      1.79  -0.08     0.11
  SINCE SEP 1      1.71                      1.79  -0.08     0.11

SNOWFALL (IN)
  YESTERDAY       MM
  MONTH TO DATE   MM
  SINCE SEP 1     MM
  SINCE JUL 1     MM
  SNOW DEPTH      MM

DEGREE DAYS
 HEATING
  YESTERDAY        0                         1     -1        0
  MONTH TO DATE   38                         6     32        0
  SINCE SEP 1     38                         6     32        0
  SINCE JUL 1     38                         7     31        0

 COOLING
  YESTERDAY        6                         4      2       14
  MONTH TO DATE   25                       101    -76      150
  SINCE SEP 1     25                       101    -76      150
  SINCE JAN 1    994                      1125   -131     1373
..................................................................

WIND (MPH)
  HIGHEST WIND SPEED    10   HIGHEST WIND DIRECTION    NE (30)
  HIGHEST GUST SPEED    15   HIGHEST GUST DIRECTION     N (20)
  AVERAGE WIND SPEED     1.9

SKY COVER
  POSSIBLE SUNSHINE  MM
  AVERAGE SKY COVER 0.1

WEATHER CONDITIONS
 THE FOLLOWING WEATHER WAS RECORDED YESTERDAY.
  FOG

RELATIVE HUMIDITY (PERCENT)
 HIGHEST    97           200 AM
 LOWEST     47           300 PM
 AVERAGE    72
..........................................................

THE LONDON KY CLIMATE NORMALS FOR TODAY
                         NORMAL    RECORD    YEAR
 MAXIMUM TEMPERATURE (F)   79        92      1955
 MINIMUM TEMPERATURE (F)   57        38      2000

SUNRISE AND SUNSET
SEPTEMBER 17 2017.....SUNRISE   720 AM EDT   SUNSET   740 PM EDT
SEPTEMBER 18 2017.....SUNRISE   721 AM EDT   SUNSET   739 PM EDT

-  INDICATES NEGATIVE NUMBERS.
R  INDICATES RECORD WAS SET OR TIED.
MM INDICATES DATA IS MISSING.
T  INDICATES TRACE AMOUNT.

$$
