000
CDUS43 KJKL 040817
CLILOZ

SDFCLILOZ 000
TTAA00 KJKL 040814

CLIMATE REPORT
NATIONAL WEATHER SERVICE JACKSON KY
413 AM EDT SAT JUL 4 2015

...................................

...THE LONDON KY CLIMATE SUMMARY FOR JULY 3 2015...

CLIMATE NORMAL PERIOD 1981 TO 2010
CLIMATE RECORD PERIOD 1954 TO 2015


WEATHER ITEM   OBSERVED TIME   RECORD YEAR NORMAL DEPARTURE LAST
                VALUE   (LST)  VALUE       VALUE  FROM      YEAR
                                                  NORMAL
..................................................................
TEMPERATURE (F)
 YESTERDAY
  MAXIMUM         80    333 PM  95    2012  86     -6       79
                                      1955
  MINIMUM         68    743 PM  56    2009  66      2       68
                                      1967
  AVERAGE         74                        76     -2       74

PRECIPITATION (IN)
  YESTERDAY        3.55R         1.57 1976   0.13   3.42     0.00
  MONTH TO DATE    4.15                      0.40   3.75      T
  SINCE JUN 1      9.12                      4.80   4.32     2.71
  SINCE JAN 1     29.04                     25.33   3.71    21.70

SNOWFALL (IN)
  YESTERDAY       MM
  MONTH TO DATE   MM
  SINCE JUN 1     MM
  SINCE JUL 1     MM
  SNOW DEPTH      MM

DEGREE DAYS
 HEATING
  YESTERDAY        0                         0      0        0
  MONTH TO DATE    0                         0      0        0
  SINCE JUN 1      2                         9     -7        0
  SINCE JUL 1      0                         0      0        0

 COOLING
  YESTERDAY        9                        11     -2        9
  MONTH TO DATE   25                        33     -8       39
  SINCE JUN 1    332                       276     56      321
  SINCE JAN 1    526                       390    136      487
..................................................................

WIND (MPH)
  HIGHEST WIND SPEED    21   HIGHEST WIND DIRECTION    SW (240)
  HIGHEST GUST SPEED    26   HIGHEST GUST DIRECTION    SW (230)
  AVERAGE WIND SPEED     4.6

SKY COVER
  POSSIBLE SUNSHINE  MM
  AVERAGE SKY COVER 0.9

WEATHER CONDITIONS
 THE FOLLOWING WEATHER WAS RECORDED YESTERDAY.
  THUNDERSTORM
  HEAVY RAIN
  RAIN
  LIGHT RAIN
  FOG
  HAZE

RELATIVE HUMIDITY (PERCENT)
 HIGHEST    84          1200 AM
 LOWEST     62           400 PM
 AVERAGE    73

..........................................................

THE LONDON KY CLIMATE NORMALS FOR TODAY
                         NORMAL    RECORD    YEAR
 MAXIMUM TEMPERATURE (F)   86        98      2012
 MINIMUM TEMPERATURE (F)   66        51      1961

SUNRISE AND SUNSET
JULY  4 2015..........SUNRISE   621 AM EDT   SUNSET   900 PM EDT
JULY  5 2015..........SUNRISE   622 AM EDT   SUNSET   900 PM EDT


-  INDICATES NEGATIVE NUMBERS.
R  INDICATES RECORD WAS SET OR TIED.
MM INDICATES DATA IS MISSING.
T  INDICATES TRACE AMOUNT.


$$
