000
CDUS43 KJKL 160546
CLILOZ

CLIMATE REPORT
NATIONAL WEATHER SERVICE JACKSON KY
1245 AM EST TUE JAN 16 2018


...................................

...THE LONDON KY CLIMATE SUMMARY FOR JANUARY 15 2018...

CLIMATE NORMAL PERIOD 1981 TO 2010
CLIMATE RECORD PERIOD 1954 TO 2018


WEATHER ITEM   OBSERVED TIME   RECORD YEAR NORMAL DEPARTURE LAST
                VALUE   (LST)  VALUE       VALUE  FROM      YEAR
                                                  NORMAL
..................................................................
TEMPERATURE (F)
 YESTERDAY
  MAXIMUM         42    426 PM  67    2007  44     -2       48
  MINIMUM         15   1217 AM  -2    1972  26    -11       42
  AVERAGE         29                        35     -6       45

PRECIPITATION (IN)
  YESTERDAY        0.00          0.89 1959   0.11  -0.11     0.02
  MONTH TO DATE    0.69                      1.71  -1.02     1.99
  SINCE DEC 1      3.60                      5.95  -2.35     8.29
  SINCE JAN 1      0.69                      1.71  -1.02     1.99

SNOWFALL (IN)
  YESTERDAY       MM
  MONTH TO DATE   MM
  SINCE DEC 1     MM
  SINCE JUL 1     MM
  SNOW DEPTH      MM

DEGREE DAYS
 HEATING
  YESTERDAY       36                        30              20

COOLING
  YESTERDAY        0                         0      0        0
  MONTH TO DATE    0                         0      0        0
  SINCE DEC 1      0                         1     -1        0
  SINCE JAN 1      0                         0      0        0
..................................................................


WIND (MPH)
  HIGHEST WIND SPEED    17   HIGHEST WIND DIRECTION     S (190)
  HIGHEST GUST SPEED    25   HIGHEST GUST DIRECTION     S (200)
  AVERAGE WIND SPEED     6.9


SKY COVER
  POSSIBLE SUNSHINE  MM
  AVERAGE SKY COVER 0.8


WEATHER CONDITIONS
 THE FOLLOWING WEATHER WAS RECORDED YESTERDAY.
  NO SIGNIFICANT WEATHER WAS OBSERVED.


RELATIVE HUMIDITY (PERCENT)
 HIGHEST    80          1200 AM
 LOWEST     41           300 PM
 AVERAGE    61

..........................................................


THE LONDON KY CLIMATE NORMALS FOR TODAY
                         NORMAL    RECORD    YEAR
 MAXIMUM TEMPERATURE (F)   45        67      1974
 MINIMUM TEMPERATURE (F)   26        -9      1977


SUNRISE AND SUNSET
JANUARY 16 2018.......SUNRISE   748 AM EST   SUNSET   544 PM EST
JANUARY 17 2018.......SUNRISE   748 AM EST   SUNSET   545 PM EST


-  INDICATES NEGATIVE NUMBERS.
R  INDICATES RECORD WAS SET OR TIED.
MM INDICATES DATA IS MISSING.
T  INDICATES TRACE AMOUNT.




$$
