000
CDUS43 KJKL 170531
CLILOZ

CLIMATE REPORT
NATIONAL WEATHER SERVICE JACKSON KY
1231 AM EST FRI FEB 17 2017

...................................

...THE LONDON KY CLIMATE SUMMARY FOR FEBRUARY 16 2017...

CLIMATE NORMAL PERIOD 1981 TO 2010
CLIMATE RECORD PERIOD 1954 TO 2017

WEATHER ITEM   OBSERVED TIME   RECORD YEAR NORMAL DEPARTURE LAST
                VALUE   (LST)  VALUE       VALUE  FROM      YEAR
                                                  NORMAL
..................................................................
TEMPERATURE (F)
 YESTERDAY
  MAXIMUM         50    420 PM  69    2006  50      0       37
  MINIMUM         25    617 AM   0    1958  30     -5       32
  AVERAGE         38                        40     -2       35

PRECIPITATION (IN)
  YESTERDAY        0.00          1.87 2003   0.13  -0.13     0.53
  MONTH TO DATE    0.70                      2.08  -1.38     4.65
  SINCE DEC 1     11.08                      9.86   1.22    12.18
  SINCE JAN 1      4.78                      5.62  -0.84     6.73

SNOWFALL (IN)
  YESTERDAY       MM
  MONTH TO DATE   MM
  SINCE DEC 1     MM
  SINCE JUL 1     MM
  SNOW DEPTH      MM

DEGREE DAYS
 HEATING
  YESTERDAY       27                        25      2       30
  MONTH TO DATE  363                       429    -66      500
  SINCE DEC 1   1849                      2162   -313     2006
  SINCE JUL 1   2440                      2992   -552     2671

 COOLING
  YESTERDAY        0                         0      0        0
  MONTH TO DATE    0                         0      0        0
  SINCE DEC 1      0                         1     -1        0
  SINCE JAN 1      0                         0      0        0
..................................................................

WIND (MPH)
  HIGHEST WIND SPEED    15   HIGHEST WIND DIRECTION     W (250)
  HIGHEST GUST SPEED    20   HIGHEST GUST DIRECTION     W (250)
  AVERAGE WIND SPEED     4.7

SKY COVER
  POSSIBLE SUNSHINE  MM
  AVERAGE SKY COVER 0.3

WEATHER CONDITIONS
 THE FOLLOWING WEATHER WAS RECORDED YESTERDAY.
  NO SIGNIFICANT WEATHER WAS OBSERVED.

RELATIVE HUMIDITY (PERCENT)
 HIGHEST    81           600 AM
 LOWEST     23           300 PM
 AVERAGE    52
..........................................................

THE LONDON KY CLIMATE NORMALS FOR TODAY
                         NORMAL    RECORD    YEAR
 MAXIMUM TEMPERATURE (F)   50        71      1975
 MINIMUM TEMPERATURE (F)   30        -8      1958

SUNRISE AND SUNSET
FEBRUARY 17 2017......SUNRISE   722 AM EST   SUNSET   619 PM EST
FEBRUARY 18 2017......SUNRISE   721 AM EST   SUNSET   620 PM EST

-  INDICATES NEGATIVE NUMBERS.
R  INDICATES RECORD WAS SET OR TIED.
MM INDICATES DATA IS MISSING.
T  INDICATES TRACE AMOUNT.

$$

GEOGERIAN
