000
CDUS43 KJKL 270944 RRA
CLILOZ

CLIMATE REPORT
NATIONAL WEATHER SERVICE JACKSON KY
544 AM EDT MON JUL 27 2015

...................................

...THE LONDON KY CLIMATE SUMMARY FOR JULY 26 2015...

CLIMATE NORMAL PERIOD 1981 TO 2010
CLIMATE RECORD PERIOD 1954 TO 2015


WEATHER ITEM   OBSERVED TIME   RECORD YEAR NORMAL DEPARTURE LAST
                VALUE   (LST)  VALUE       VALUE  FROM      YEAR
                                                  NORMAL
..................................................................

TEMPERATURE (F)
 YESTERDAY
  MAXIMUM         90    355 PM  96    1993  86      4       86
  MINIMUM         66    625 AM  56    1966  66      0       62
  AVERAGE         78                        76      2       74

PRECIPITATION (IN)
  YESTERDAY        0.00          1.74 1985   0.13  -0.13     0.00
  MONTH TO DATE   10.96                      3.43   7.53     6.60
  SINCE JUN 1     15.93                      7.83   8.10     9.31
  SINCE JAN 1     35.85                     28.36   7.49    28.30

SNOWFALL (IN)
  YESTERDAY       MM
  MONTH TO DATE   MM
  SINCE JUN 1     MM
  SINCE JUL 1     MM
  SNOW DEPTH      MM

DEGREE DAYS
 HEATING
  YESTERDAY        0                         0      0        0
  MONTH TO DATE    0                         0      0        0
  SINCE JUN 1      2                         9     -7        0
  SINCE JUL 1      0                         0      0        0

 COOLING
  YESTERDAY       13                        11      2        9
  MONTH TO DATE  321                       286     35      249
  SINCE JUN 1    628                       529     99      531
  SINCE JAN 1    822                       643    179      697
..................................................................

WIND (MPH)
  HIGHEST WIND SPEED    10   HIGHEST WIND DIRECTION     W (280)
  HIGHEST GUST SPEED    16   HIGHEST GUST DIRECTION    SW (220)
  AVERAGE WIND SPEED     2.6


SKY COVER
  POSSIBLE SUNSHINE  MM
  AVERAGE SKY COVER 0.1


WEATHER CONDITIONS
 THE FOLLOWING WEATHER WAS RECORDED YESTERDAY.
  FOG
  HAZE


RELATIVE HUMIDITY (PERCENT)
 HIGHEST    87           300 AM
 LOWEST     41           500 PM
 AVERAGE    64
..........................................................

THE LONDON KY CLIMATE NORMALS FOR TODAY
                         NORMAL    RECORD    YEAR
 MAXIMUM TEMPERATURE (F)   86        96      1966
 MINIMUM TEMPERATURE (F)   66        48      1962


SUNRISE AND SUNSET
JULY 27 2015..........SUNRISE   637 AM EDT   SUNSET   848 PM EDT
JULY 28 2015..........SUNRISE   638 AM EDT   SUNSET   847 PM EDT


-  INDICATES NEGATIVE NUMBERS.
R  INDICATES RECORD WAS SET OR TIED.
MM INDICATES DATA IS MISSING.
T  INDICATES TRACE AMOUNT.
$$
