710
CDUS43 KJKL 092123
CLILOZ

CLIMATE REPORT
NATIONAL WEATHER SERVICE JACKSON KY
422 PM EST TUE FEB 9 2016

...................................

...THE LONDON KY CLIMATE SUMMARY FOR FEBRUARY 9 2016...
VALID TODAY AS OF 0400 PM LOCAL TIME.

CLIMATE NORMAL PERIOD 1981 TO 2010
CLIMATE RECORD PERIOD 1954 TO 2016

WEATHER ITEM   OBSERVED TIME   RECORD YEAR NORMAL DEPARTURE LAST
                VALUE   (LST)  VALUE       VALUE  FROM      YEAR
                                                  NORMAL
..................................................................
TEMPERATURE (F)
 TODAY
  MAXIMUM         27   1201 AM  70    2001  48    -21       55
  MINIMUM         19    830 AM  -2    1971  28     -9       30
  AVERAGE         23                        38    -15       43

PRECIPITATION (IN)
  TODAY            T             1.28 1994   0.13  -0.13     0.06
  MONTH TO DATE    1.60                      1.16   0.44     1.14
  SINCE DEC 1      9.13                      8.94   0.19     7.33
  SINCE JAN 1      3.68                      4.70  -1.02     3.52

SNOWFALL (IN)
  TODAY           MM
  MONTH TO DATE   MM
  SINCE DEC 1     MM
  SINCE JUL 1     MM
  SNOW DEPTH      MM

DEGREE DAYS
 HEATING
  TODAY           42                        27     15       22
  MONTH TO DATE  224                       248    -24      227
  SINCE DEC 1   1730                      1981   -251     1892
  SINCE JUL 1   2395                      2811   -416     2836

 COOLING
  TODAY            0                         0      0        0
  MONTH TO DATE    0                         0      0        0
  SINCE DEC 1      0                         1     -1        0
  SINCE JAN 1      0                         0      0        0
..................................................................

WIND (MPH)
  HIGHEST WIND SPEED    17   HIGHEST WIND DIRECTION     W (280)
  HIGHEST GUST SPEED    22   HIGHEST GUST DIRECTION     W (280)
  AVERAGE WIND SPEED     9.6

SKY COVER
  POSSIBLE SUNSHINE  MM
  AVERAGE SKY COVER 0.9

WEATHER CONDITIONS
 THE FOLLOWING WEATHER WAS RECORDED TODAY.
  LIGHT SNOW
  FOG
  HAZE

RELATIVE HUMIDITY (PERCENT)
 HIGHEST    84           800 AM
 LOWEST     68           400 PM
 AVERAGE    76
..........................................................

THE LONDON KY CLIMATE NORMALS FOR TOMORROW
                         NORMAL    RECORD    YEAR
 MAXIMUM TEMPERATURE (F)   48        69      1959
 MINIMUM TEMPERATURE (F)   28        -7      1979

SUNRISE AND SUNSET
FEBRUARY  9 2016......SUNRISE   732 AM EST   SUNSET   609 PM EST
FEBRUARY 10 2016......SUNRISE   731 AM EST   SUNSET   611 PM EST

-  INDICATES NEGATIVE NUMBERS.
R  INDICATES RECORD WAS SET OR TIED.
MM INDICATES DATA IS MISSING.
T  INDICATES TRACE AMOUNT.

$$

TAB
