355
CDUS43 KJKL 220522 RRA
CLILOZ

SDFCLILOZ 000
TTAA00 KJKL 220521

CLIMATE REPORT
NATIONAL WEATHER SERVICE JACKSON KY
121 AM EDT MON AUG 22 2016

...................................

...THE LONDON KY CLIMATE SUMMARY FOR AUGUST 21 2016...

CLIMATE NORMAL PERIOD 1981 TO 2010
CLIMATE RECORD PERIOD 1954 TO 2016


WEATHER ITEM   OBSERVED TIME   RECORD YEAR NORMAL DEPARTURE LAST
                VALUE   (LST)  VALUE       VALUE  FROM      YEAR
                                                  NORMAL
..................................................................
TEMPERATURE (F)
 YESTERDAY
  MAXIMUM         80    421 PM 100    1983  86     -6       81
  MINIMUM         62   1145 PM  51    1956  64     -2       57
  AVERAGE         71                        75     -4       69

PRECIPITATION (IN)
  YESTERDAY        0.93          1.98 1990   0.11   0.82     0.00
  MONTH TO DATE    4.96                      2.63   2.33     2.76
  SINCE JUN 1     15.68                     11.07   4.61    18.96

SNOWFALL (IN)
  YESTERDAY       MM
  MONTH TO DATE   MM
  SINCE JUN 1     MM
  SINCE JUL 1     MM
  SNOW DEPTH      MM

DEGREE DAYS
 HEATING
  YESTERDAY        0                         0      0        0
  MONTH TO DATE    0                         0      0        0
  SINCE JUN 1      2                         9     -7        2
  SINCE JUL 1      0                         0      0        0

 COOLING
  YESTERDAY        6                        10     -4        4
  MONTH TO DATE  282                       225     57      212
  SINCE JUN 1    996                       818    178      909
  SINCE JAN 1   1098                       932    166     1103
..................................................................

WIND (MPH)
  HIGHEST WIND SPEED    14   HIGHEST WIND DIRECTION     W (270)
  HIGHEST GUST SPEED    16   HIGHEST GUST DIRECTION     W (270)
  AVERAGE WIND SPEED     4.0

SKY COVER
  POSSIBLE SUNSHINE  MM
  AVERAGE SKY COVER 0.7

WEATHER CONDITIONS
 THE FOLLOWING WEATHER WAS RECORDED YESTERDAY.
  HEAVY RAIN
  RAIN
  LIGHT RAIN
  FOG

RELATIVE HUMIDITY (PERCENT)
 HIGHEST    93           100 AM
 LOWEST     54           600 PM
 AVERAGE    74

..........................................................

THE LONDON KY CLIMATE NORMALS FOR TODAY
                         NORMAL    RECORD    YEAR
 MAXIMUM TEMPERATURE (F)   86        98      1983
 MINIMUM TEMPERATURE (F)   64        46      1956


SUNRISE AND SUNSET
AUGUST 22 2016........SUNRISE   659 AM EDT   SUNSET   818 PM EDT
AUGUST 23 2016........SUNRISE   700 AM EDT   SUNSET   817 PM EDT


-  INDICATES NEGATIVE NUMBERS.
R  INDICATES RECORD WAS SET OR TIED.
MM INDICATES DATA IS MISSING.
T  INDICATES TRACE AMOUNT.


$$

JVM
