000
CDUS43 KJKL 230541
CLILOZ

CLIMATE REPORT
NATIONAL WEATHER SERVICE JACKSON KY
140 AM EDT THU OCT 23 2014

...................................

...THE LONDON KY CLIMATE SUMMARY FOR OCTOBER 22 2014...

CLIMATE NORMAL PERIOD 1981 TO 2010
CLIMATE RECORD PERIOD 1954 TO 2014

WEATHER ITEM   OBSERVED TIME   RECORD YEAR NORMAL DEPARTURE LAST
                VALUE   (LST)  VALUE       VALUE  FROM      YEAR
                                                  NORMAL
..................................................................
TEMPERATURE (F)
 YESTERDAY
  MAXIMUM         50    638 PM  81    1978  68    -18       55
  MINIMUM         41    550 AM  21    1987  43     -2       42
  AVERAGE         46                        55     -9       49

PRECIPITATION (IN)
  YESTERDAY        0.00          1.66 1990   0.11  -0.11     0.10
  MONTH TO DATE    6.74                      2.08   4.66     2.83
  SINCE SEP 1      8.13                      5.45   2.68     5.44
  SINCE JAN 1       MM                      38.13    MM     46.48

SNOWFALL (IN)
  YESTERDAY       MM
  MONTH TO DATE   MM
  SINCE SEP 1     MM
  SINCE JUL 1     MM
  SNOW DEPTH      MM

DEGREE DAYS
 HEATING
  YESTERDAY       19                        10      9       16
  MONTH TO DATE  141                       158    -17      107
  SINCE SEP 1    159                       204    -45      122
  SINCE JUL 1    159                       205    -46      122

 COOLING
  YESTERDAY        0                         0      0        0
  MONTH TO DATE   20                        17      3       39
  SINCE SEP 1    193                       160     33      188
  SINCE JAN 1     MM                      1184     MM     1080
..................................................................

WIND (MPH)
  HIGHEST WIND SPEED    12   HIGHEST WIND DIRECTION     N (20)
  HIGHEST GUST SPEED    15   HIGHEST GUST DIRECTION    NE (50)
  AVERAGE WIND SPEED     4.6

SKY COVER
  POSSIBLE SUNSHINE  MM
  AVERAGE SKY COVER 0.9

WEATHER CONDITIONS
 THE FOLLOWING WEATHER WAS RECORDED YESTERDAY.
  NO SIGNIFICANT WEATHER WAS OBSERVED.

RELATIVE HUMIDITY (PERCENT)
 HIGHEST    83           800 AM
 LOWEST     66           400 PM
 AVERAGE    75
..........................................................

THE LONDON KY CLIMATE NORMALS FOR TODAY
                         NORMAL    RECORD    YEAR
 MAXIMUM TEMPERATURE (F)   67        82      1963
 MINIMUM TEMPERATURE (F)   43        26      1976

SUNRISE AND SUNSET
OCTOBER 23 2014.......SUNRISE   752 AM EDT   SUNSET   649 PM EDT
OCTOBER 24 2014.......SUNRISE   753 AM EDT   SUNSET   648 PM EDT

-  INDICATES NEGATIVE NUMBERS.
R  INDICATES RECORD WAS SET OR TIED.
MM INDICATES DATA IS MISSING.
T  INDICATES TRACE AMOUNT.

$$
GREIF
