000
CDUS43 KJKL 260537
CLILOZ

CLIMATE REPORT
NATIONAL WEATHER SERVICE JACKSON KY
136 AM EDT THU MAR 26 2015

...................................

...THE LONDON KY CLIMATE SUMMARY FOR MARCH 25 2015...

CLIMATE NORMAL PERIOD 1981 TO 2010
CLIMATE RECORD PERIOD 1954 TO 2015

WEATHER ITEM   OBSERVED TIME   RECORD YEAR NORMAL DEPARTURE LAST
                VALUE   (LST)  VALUE       VALUE  FROM      YEAR
                                                  NORMAL
..................................................................
TEMPERATURE (F)
 YESTERDAY
  MAXIMUM         77    530 PM  87    2007  62     15       39
  MINIMUM         52    428 AM  16    1960  38     14       28
  AVERAGE         65                        50     15       34

PRECIPITATION (IN)
  YESTERDAY        0.00          1.69 1965   0.13  -0.13     0.02
  MONTH TO DATE    4.66                      3.26   1.40     3.22
  SINCE MAR 1      4.66                      3.26   1.40     3.22
  SINCE JAN 1     12.13                     10.51   1.62     9.73

SNOWFALL (IN)
  YESTERDAY       MM
  MONTH TO DATE   MM
  SINCE MAR 1     MM
  SINCE JUL 1     MM
  SNOW DEPTH      MM

DEGREE DAYS
 HEATING
  YESTERDAY        0                        15    -15       31
  MONTH TO DATE  413                       463    -50      536
  SINCE MAR 1    413                       463    -50      536
  SINCE JUL 1   4034                      3739    295     4043

 COOLING
  YESTERDAY        0                         0      0        0
  MONTH TO DATE    0                         0      0        0
  SINCE MAR 1      0                         0      0        0
  SINCE JAN 1      0                         0      0        0
..................................................................

WIND (MPH)
  HIGHEST WIND SPEED    24   HIGHEST WIND DIRECTION    SW (220)
  HIGHEST GUST SPEED    32   HIGHEST GUST DIRECTION    SW (230)
  AVERAGE WIND SPEED     7.9

SKY COVER
  POSSIBLE SUNSHINE  MM
  AVERAGE SKY COVER 0.6

WEATHER CONDITIONS
 THE FOLLOWING WEATHER WAS RECORDED YESTERDAY.
  NO SIGNIFICANT WEATHER WAS OBSERVED.

RELATIVE HUMIDITY (PERCENT)
 HIGHEST    67          1100 PM
 LOWEST     31           500 PM
 AVERAGE    49

..........................................................

THE LONDON KY CLIMATE NORMALS FOR TODAY
                         NORMAL    RECORD    YEAR
 MAXIMUM TEMPERATURE (F)   62        84      2007
 MINIMUM TEMPERATURE (F)   39        15      1955

SUNRISE AND SUNSET
MARCH 26 2015.........SUNRISE   731 AM EDT   SUNSET   753 PM EDT
MARCH 27 2015.........SUNRISE   730 AM EDT   SUNSET   754 PM EDT

-  INDICATES NEGATIVE NUMBERS.
R  INDICATES RECORD WAS SET OR TIED.
MM INDICATES DATA IS MISSING.
T  INDICATES TRACE AMOUNT.

$$
