000
CDUS43 KJKL 150528
CLILOZ

CLIMATE REPORT
NATIONAL WEATHER SERVICE JACKSON KY
128 AM EDT THU JUN 15 2017

...................................

...THE LONDON KY CLIMATE SUMMARY FOR JUNE 14 2017...

CLIMATE NORMAL PERIOD 1981 TO 2010
CLIMATE RECORD PERIOD 1954 TO 2017

WEATHER ITEM   OBSERVED TIME   RECORD YEAR NORMAL DEPARTURE LAST
                VALUE   (LST)  VALUE       VALUE  FROM      YEAR
                                                  NORMAL
..................................................................
TEMPERATURE (F)
 YESTERDAY
  MAXIMUM         81   1053 AM  92    2016  83     -2       92
  MINIMUM         66    627 AM  44    1985  62      4       62
  AVERAGE         74                        73      1       77

PRECIPITATION (IN)
  YESTERDAY        1.62R         1.34 2003   0.15   1.47     0.08
  MONTH TO DATE    2.40                      2.14   0.26     0.98
  SINCE JUN 1      2.40                      2.14   0.26     0.98

SNOWFALL (IN)
  YESTERDAY       MM
  MONTH TO DATE   MM
  SINCE JUN 1     MM
  SINCE JUL 1     MM
  SNOW DEPTH      MM

DEGREE DAYS
 HEATING
  YESTERDAY        0                         0      0        0
  MONTH TO DATE    3                         7     -4        2
  SINCE JUN 1      3                         7     -4        2
  SINCE JUL 1   3322                      4203   -881     3676

 COOLING
  YESTERDAY        9                         8      1       12
  MONTH TO DATE   69                        90    -21      114
  SINCE JUN 1     69                        90    -21      114
  SINCE JAN 1    220                       204     16      216
..................................................................

WIND (MPH)
  HIGHEST WIND SPEED    17   HIGHEST WIND DIRECTION     S (180)
  HIGHEST GUST SPEED    21   HIGHEST GUST DIRECTION     S (200)
  AVERAGE WIND SPEED     2.5

SKY COVER
  POSSIBLE SUNSHINE  MM
  AVERAGE SKY COVER 0.4

WEATHER CONDITIONS
 THE FOLLOWING WEATHER WAS RECORDED YESTERDAY.
  THUNDERSTORM
  HEAVY RAIN
  RAIN
  LIGHT RAIN
  FOG
  HAZE

RELATIVE HUMIDITY (PERCENT)
 HIGHEST    97          1000 PM
 LOWEST     69          1000 AM
 AVERAGE    83

..........................................................

THE LONDON KY CLIMATE NORMALS FOR TODAY
                         NORMAL    RECORD    YEAR
 MAXIMUM TEMPERATURE (F)   84        92      2015
                                             1984
 MINIMUM TEMPERATURE (F)   62        46      1966

SUNRISE AND SUNSET
JUNE 15 2017..........SUNRISE   616 AM EDT   SUNSET   858 PM EDT
JUNE 16 2017..........SUNRISE   616 AM EDT   SUNSET   858 PM EDT

-  INDICATES NEGATIVE NUMBERS.
R  INDICATES RECORD WAS SET OR TIED.
MM INDICATES DATA IS MISSING.
T  INDICATES TRACE AMOUNT.

$$
