000
CDUS43 KJKL 081002
CLILOZ

CLIMATE REPORT
NATIONAL WEATHER SERVICE JACKSON KY
502 AM EST FRI DEC 8 2017

...................................

...THE LONDON KY CLIMATE SUMMARY FOR DECEMBER 7 2017...

CLIMATE NORMAL PERIOD 1981 TO 2010
CLIMATE RECORD PERIOD 1954 TO 2017


WEATHER ITEM   OBSERVED TIME   RECORD YEAR NORMAL DEPARTURE LAST
                VALUE   (LST)  VALUE       VALUE  FROM      YEAR
                                                  NORMAL
..................................................................
TEMPERATURE (F)
 YESTERDAY
  MAXIMUM         44    106 PM  71    2004  50     -6       47
  MINIMUM         26   1159 PM   3    1977  31     -5       32
  AVERAGE         35                        40     -5       40

PRECIPITATION (IN)
  YESTERDAY        0.00          1.73 1957   0.15  -0.15     0.00
  MONTH TO DATE    0.66                      1.01  -0.35     1.19
  SINCE DEC 1      0.66                      1.01  -0.35     1.19

SNOWFALL (IN)
  YESTERDAY       MM
  MONTH TO DATE   MM
  SINCE DEC 1     MM
  SINCE JUL 1     MM
  SNOW DEPTH      MM

DEGREE DAYS
 HEATING
  YESTERDAY       30                        25      5       25
  MONTH TO DATE  149                       166    -17      164
  SINCE DEC 1    149                       166    -17      164
  SINCE JUL 1    930                       996    -66      755

 COOLING
  YESTERDAY        0                         0      0        0
  MONTH TO DATE    0                         0      0        0
  SINCE DEC 1      0                         0      0        0
  SINCE JAN 1   1141                      1190    -49     1507
..................................................................

WIND (MPH)
  HIGHEST WIND SPEED    16   HIGHEST WIND DIRECTION     W (290)
  HIGHEST GUST SPEED    24   HIGHEST GUST DIRECTION     W (270)
  AVERAGE WIND SPEED     5.5


SKY COVER
  POSSIBLE SUNSHINE  MM
  AVERAGE SKY COVER 0.2


WEATHER CONDITIONS
 THE FOLLOWING WEATHER WAS RECORDED YESTERDAY.
  NO SIGNIFICANT WEATHER WAS OBSERVED.


RELATIVE HUMIDITY (PERCENT)
 HIGHEST    92           200 AM
 LOWEST     57           100 PM
 AVERAGE    75
..........................................................

THE LONDON KY CLIMATE NORMALS FOR TODAY
                         NORMAL    RECORD    YEAR
 MAXIMUM TEMPERATURE (F)   50        71      1978
 MINIMUM TEMPERATURE (F)   31        11      2006
                                             1958


SUNRISE AND SUNSET
DECEMBER  8 2017......SUNRISE   737 AM EST   SUNSET   519 PM EST
DECEMBER  9 2017......SUNRISE   738 AM EST   SUNSET   519 PM EST


-  INDICATES NEGATIVE NUMBERS.
R  INDICATES RECORD WAS SET OR TIED.
MM INDICATES DATA IS MISSING.
T  INDICATES TRACE AMOUNT.

$$
