000
CDUS43 KJKL 050602
CLILOZ

CLIMATE REPORT
NATIONAL WEATHER SERVICE JACKSON KY
101 AM EST THU MAR 5 2015

...................................

...THE LONDON KY CLIMATE SUMMARY FOR MARCH 4 2015...

CLIMATE NORMAL PERIOD 1981 TO 2010
CLIMATE RECORD PERIOD 1954 TO 2015

WEATHER ITEM   OBSERVED TIME   RECORD YEAR NORMAL DEPARTURE LAST
                VALUE   (LST)  VALUE       VALUE  FROM      YEAR
                                                  NORMAL
..................................................................
TEMPERATURE (F)
 YESTERDAY
  MAXIMUM         62    311 AM  82    1976  55      7       31
  MINIMUM         34   1159 PM   2    1960  33      1       11
  AVERAGE         48                        44      4       21

PRECIPITATION (IN)
  YESTERDAY        1.79R         1.19 2008   0.13   1.66     0.00
  MONTH TO DATE    2.39                      0.54   1.85     2.38
  SINCE MAR 1      2.39                      0.54   1.85     2.38
  SINCE JAN 1      9.86                      7.79   2.07     8.89

SNOWFALL (IN)
  YESTERDAY       MM
  MONTH TO DATE   MM
  SINCE MAR 1     MM
  SINCE JUL 1     MM
  SNOW DEPTH      MM

DEGREE DAYS
 HEATING
  YESTERDAY       17                        21     -4       44
  MONTH TO DATE   84                        86     -2      120
  SINCE MAR 1     84                        86     -2      120
  SINCE JUL 1   3705                      3362    343     3627

 COOLING
  YESTERDAY        0                         0      0        0
  MONTH TO DATE    0                         0      0        0
  SINCE MAR 1      0                         0      0        0
  SINCE JAN 1      0                         0      0        0
..................................................................

WIND (MPH)
  HIGHEST WIND SPEED    20   HIGHEST WIND DIRECTION    SW (230)
  HIGHEST GUST SPEED    29   HIGHEST GUST DIRECTION    SW (220)
  AVERAGE WIND SPEED     7.7

SKY COVER
  POSSIBLE SUNSHINE  MM
  AVERAGE SKY COVER 1.0

WEATHER CONDITIONS
 THE FOLLOWING WEATHER WAS RECORDED YESTERDAY.
  HEAVY RAIN
  RAIN
  LIGHT RAIN
  FOG

RELATIVE HUMIDITY (PERCENT)
 HIGHEST    89          1000 AM
 LOWEST     80          1200 AM
 AVERAGE    85

..........................................................

THE LONDON KY CLIMATE NORMALS FOR TODAY
                         NORMAL    RECORD    YEAR
 MAXIMUM TEMPERATURE (F)   55        77      1983
 MINIMUM TEMPERATURE (F)   33        -5      1960

SUNRISE AND SUNSET
MARCH  5 2015.........SUNRISE   702 AM EST   SUNSET   634 PM EST
MARCH  6 2015.........SUNRISE   701 AM EST   SUNSET   635 PM EST

-  INDICATES NEGATIVE NUMBERS.
R  INDICATES RECORD WAS SET OR TIED.
MM INDICATES DATA IS MISSING.
T  INDICATES TRACE AMOUNT.

$$
