000
CDUS43 KJKL 220654
CLILOZ

CLIMATE REPORT
NATIONAL WEATHER SERVICE JACKSON KY
153 AM EST SAT NOV 22 2014

...................................

...THE LONDON KY CLIMATE SUMMARY FOR NOVEMBER 21 2014...

CLIMATE NORMAL PERIOD 1981 TO 2010
CLIMATE RECORD PERIOD 1954 TO 2014


WEATHER ITEM   OBSERVED TIME   RECORD YEAR NORMAL DEPARTURE LAST
                VALUE   (LST)  VALUE       VALUE  FROM      YEAR
                                                  NORMAL
..................................................................
TEMPERATURE (F)
 YESTERDAY
  MAXIMUM         45    420 PM  75    1979  56    -11       62
  MINIMUM         20    802 AM  15    1964  35    -15       38
  AVERAGE         33                        46    -13       50

PRECIPITATION (IN)
  YESTERDAY        0.00          0.95 1962   0.14  -0.14     0.00
  MONTH TO DATE    2.61                      2.56   0.05     1.29
  SINCE SEP 1     12.35                      8.95   3.40     7.45
  SINCE JAN 1        MM                     41.63     MM    48.49

SNOWFALL (IN)
  YESTERDAY       MM
  MONTH TO DATE   MM
  SINCE SEP 1     MM
  SINCE JUL 1     MM
  SNOW DEPTH      MM

DEGREE DAYS
 HEATING
  YESTERDAY       32                        19     13       15
  MONTH TO DATE  522                       336    186      351
  SINCE SEP 1    767                       641    126      595
  SINCE JUL 1    767                       642    125      595

 COOLING
  YESTERDAY        0                         0      0        0
  MONTH TO DATE    0                         0      0        0
  SINCE SEP 1    193                       164     29      191
  SINCE JAN 1     MM                      1188     MM     1083
..................................................................


WIND (MPH)
  HIGHEST WIND SPEED     8   HIGHEST WIND DIRECTION    SE (120)
  HIGHEST GUST SPEED    11   HIGHEST GUST DIRECTION    SE (120)
  AVERAGE WIND SPEED     1.9


SKY COVER
  POSSIBLE SUNSHINE  MM
  AVERAGE SKY COVER 0.0


WEATHER CONDITIONS
 THE FOLLOWING WEATHER WAS RECORDED YESTERDAY.
  HAZE


RELATIVE HUMIDITY (PERCENT)
 HIGHEST    84           500 AM
 LOWEST     25           300 PM
 AVERAGE    55

..........................................................


THE LONDON KY CLIMATE NORMALS FOR TODAY
                         NORMAL    RECORD    YEAR
 MAXIMUM TEMPERATURE (F)   56        75      1963
 MINIMUM TEMPERATURE (F)   35        11      1964


SUNRISE AND SUNSET
NOVEMBER 22 2014......SUNRISE   722 AM EST   SUNSET   522 PM EST
NOVEMBER 23 2014......SUNRISE   723 AM EST   SUNSET   522 PM EST


-  INDICATES NEGATIVE NUMBERS.
R  INDICATES RECORD WAS SET OR TIED.
MM INDICATES DATA IS MISSING.
T  INDICATES TRACE AMOUNT.




$$
