000
CDUS43 KJKL 280547 RRA
CLILOZ

CLIMATE REPORT
NATIONAL WEATHER SERVICE JACKSON KY
147 AM EDT SAT MAR 28 2015

...................................

...THE LONDON KY CLIMATE SUMMARY FOR MARCH 27 2015...

CLIMATE NORMAL PERIOD 1981 TO 2010
CLIMATE RECORD PERIOD 1954 TO 2015

WEATHER ITEM   OBSERVED TIME   RECORD YEAR NORMAL DEPARTURE LAST
                VALUE   (LST)  VALUE       VALUE  FROM      YEAR
                                                  NORMAL
..................................................................
TEMPERATURE (F)
 YESTERDAY
  MAXIMUM         48    116 PM  83    2007  62    -14       63
  MINIMUM         31   1159 PM  14    1955  39     -8       27
  AVERAGE         40                        51    -11       45

PRECIPITATION (IN)
  YESTERDAY        T             2.61 1994   0.13  -0.13     0.02
  MONTH TO DATE    5.23                      3.52   1.71     3.24
  SINCE MAR 1      5.23                      3.52   1.71     3.24
  SINCE JAN 1     12.70                     10.77   1.93     9.75

SNOWFALL (IN)
  YESTERDAY       MM
  MONTH TO DATE   MM
  SINCE MAR 1     MM
  SINCE JUL 1     MM
  SNOW DEPTH      MM

DEGREE DAYS
 HEATING
  YESTERDAY       25                        15     10       20
  MONTH TO DATE  448                       493    -45      589
  SINCE MAR 1    448                       493    -45      589
  SINCE JUL 1   4069                      3769    300     4096

 COOLING
  YESTERDAY        0                         0      0        0
  MONTH TO DATE    0                         0      0        0
  SINCE MAR 1      0                         0      0        0
  SINCE JAN 1      0                         0      0        0
..................................................................

WIND (MPH)
  HIGHEST WIND SPEED    17   HIGHEST WIND DIRECTION    NW (320)
  HIGHEST GUST SPEED    26   HIGHEST GUST DIRECTION     N (340)
  AVERAGE WIND SPEED     9.5

SKY COVER
  POSSIBLE SUNSHINE  MM
  AVERAGE SKY COVER 0.9

WEATHER CONDITIONS
 THE FOLLOWING WEATHER WAS RECORDED YESTERDAY.
  LIGHT SNOW

RELATIVE HUMIDITY (PERCENT)
 HIGHEST    79           100 AM
 LOWEST     37           100 PM
 AVERAGE    58
..........................................................

THE LONDON KY CLIMATE NORMALS FOR TODAY
                         NORMAL    RECORD    YEAR
 MAXIMUM TEMPERATURE (F)   63        83      1989
                                             1983
 MINIMUM TEMPERATURE (F)   39        20      2001

SUNRISE AND SUNSET
MARCH 28 2015.........SUNRISE   728 AM EDT   SUNSET   755 PM EDT
MARCH 29 2015.........SUNRISE   727 AM EDT   SUNSET   756 PM EDT

-  INDICATES NEGATIVE NUMBERS.
R  INDICATES RECORD WAS SET OR TIED.
MM INDICATES DATA IS MISSING.
T  INDICATES TRACE AMOUNT.

$$

RAY
