000
CDUS43 KJKL 150958
CLILOZ

CLIMATE REPORT
NATIONAL WEATHER SERVICE JACKSON KY
559 AM EDT TUE APR 15 2014

...................................

...THE LONDON KY CLIMATE SUMMARY FOR APRIL 14 2014...

CLIMATE NORMAL PERIOD 1981 TO 2010
CLIMATE RECORD PERIOD 1954 TO 2014


WEATHER ITEM   OBSERVED TIME   RECORD YEAR NORMAL DEPARTURE LAST
                VALUE   (LST)  VALUE       VALUE  FROM      YEAR
                                                  NORMAL
..................................................................

TEMPERATURE (F)
 YESTERDAY
  MAXIMUM         74   1211 AM  87    2006  68      6       74
  MINIMUM         61   1159 PM  26    1962  44     17       38
  AVERAGE         68                        56     12       56

PRECIPITATION (IN)
  YESTERDAY        0.05          1.37 2007   0.13  -0.08     0.07
  MONTH TO DATE    1.45                      1.82  -0.37     1.50
  SINCE MAR 1      6.62                      5.87   0.75     6.95
  SINCE JAN 1     13.13                     13.12   0.01    13.74

SNOWFALL (IN)
  YESTERDAY       MM
  MONTH TO DATE   MM
  SINCE MAR 1     MM
  SINCE JUL 1     MM
  SNOW DEPTH      MM

DEGREE DAYS
 HEATING
  YESTERDAY        0                        10    -10        9
  MONTH TO DATE   81                       159    -78      159
  SINCE MAR 1    732                       708     24      951
  SINCE JUL 1   4239                      3984    255     4299

 COOLING
  YESTERDAY        3                         1      2        0
  MONTH TO DATE   16                         6     10        8
  SINCE MAR 1     16                         9      7        8
  SINCE JAN 1     16                         9      7        8
..................................................................

WIND (MPH)
  HIGHEST WIND SPEED    30   HIGHEST WIND DIRECTION     S (190)
  HIGHEST GUST SPEED    39   HIGHEST GUST DIRECTION     S (190)
  AVERAGE WIND SPEED    13.1


SKY COVER
  POSSIBLE SUNSHINE  MM
  AVERAGE SKY COVER 0.7


WEATHER CONDITIONS
 THE FOLLOWING WEATHER WAS RECORDED YESTERDAY.
  LIGHT RAIN


RELATIVE HUMIDITY (PERCENT)
 HIGHEST    78          1100 PM
 LOWEST     44           100 AM
 AVERAGE    61
..........................................................

THE LONDON KY CLIMATE NORMALS FOR TODAY
                         NORMAL    RECORD    YEAR
 MAXIMUM TEMPERATURE (F)   69        85      2006
                                             1977
 MINIMUM TEMPERATURE (F)   44        27      1963


SUNRISE AND SUNSET
APRIL 15 2014.........SUNRISE   702 AM EDT   SUNSET   811 PM EDT
APRIL 16 2014.........SUNRISE   701 AM EDT   SUNSET   812 PM EDT


-  INDICATES NEGATIVE NUMBERS.
R  INDICATES RECORD WAS SET OR TIED.
MM INDICATES DATA IS MISSING.
T  INDICATES TRACE AMOUNT.
$$
