478
CDUS43 KJKL 230528
CLILOZ

SDFCLILOZ 000
TTAA00 KJKL 230526

CLIMATE REPORT
NATIONAL WEATHER SERVICE JACKSON KY
126 AM EDT FRI SEP 23 2016

...................................

...THE LONDON KY CLIMATE SUMMARY FOR SEPTEMBER 22 2016...

CLIMATE NORMAL PERIOD 1981 TO 2010
CLIMATE RECORD PERIOD 1954 TO 2016


WEATHER ITEM   OBSERVED TIME   RECORD YEAR NORMAL DEPARTURE LAST
                VALUE   (LST)  VALUE       VALUE  FROM      YEAR
                                                  NORMAL
..................................................................
TEMPERATURE (F)
 YESTERDAY
  MAXIMUM         88    401 PM  91    2005  77     11       81
  MINIMUM         58    703 AM  35    1983  54      4       52
  AVERAGE         73                        66      7       67

PRECIPITATION (IN)
  YESTERDAY        0.00          2.49 2003   0.12  -0.12     0.00
  MONTH TO DATE    1.06                      2.47  -1.41     2.31
  SINCE SEP 1      1.06                      2.47  -1.41     2.31

SNOWFALL (IN)
  YESTERDAY       MM
  MONTH TO DATE   MM
  SINCE SEP 1     MM
  SINCE JUL 1     MM
  SNOW DEPTH      MM

DEGREE DAYS
 HEATING
  YESTERDAY        0                         2     -2        0
  MONTH TO DATE    0                        17    -17       12
  SINCE SEP 1      0                        17    -17       12
  SINCE JUL 1      0                        18    -18       12

 COOLING
  YESTERDAY        8                         3      5        2
  MONTH TO DATE  197                       123     74      154
  SINCE SEP 1    197                       123     74      154
  SINCE JAN 1   1420                      1147    273     1325
..................................................................

WIND (MPH)
  HIGHEST WIND SPEED    12   HIGHEST WIND DIRECTION    NE (30)
  HIGHEST GUST SPEED    13   HIGHEST GUST DIRECTION    NE (40)
  AVERAGE WIND SPEED     1.6

SKY COVER
  POSSIBLE SUNSHINE  MM
  AVERAGE SKY COVER 0.0

WEATHER CONDITIONS
 THE FOLLOWING WEATHER WAS RECORDED YESTERDAY.
  NO SIGNIFICANT WEATHER WAS OBSERVED.

RELATIVE HUMIDITY (PERCENT)
 HIGHEST    90          1200 AM
 LOWEST     34           200 PM
 AVERAGE    62

..........................................................

THE LONDON KY CLIMATE NORMALS FOR TODAY
                         NORMAL    RECORD    YEAR
 MAXIMUM TEMPERATURE (F)   77        95      2007
 MINIMUM TEMPERATURE (F)   54        37      1999


SUNRISE AND SUNSET
SEPTEMBER 23 2016.....SUNRISE   725 AM EDT   SUNSET   731 PM EDT
SEPTEMBER 24 2016.....SUNRISE   726 AM EDT   SUNSET   729 PM EDT


-  INDICATES NEGATIVE NUMBERS.
R  INDICATES RECORD WAS SET OR TIED.
MM INDICATES DATA IS MISSING.
T  INDICATES TRACE AMOUNT.


$$

JVM
