000
CDUS43 KJKL 290542
CLILOZ

CLIMATE REPORT
NATIONAL WEATHER SERVICE JACKSON KY
141 AM EDT MON JUN 29 2015
...................................

...THE LONDON KY CLIMATE SUMMARY FOR JUNE 28 2015...

CLIMATE NORMAL PERIOD 1981 TO 2010
CLIMATE RECORD PERIOD 1954 TO 2015

WEATHER ITEM   OBSERVED TIME   RECORD YEAR NORMAL DEPARTURE LAST
                VALUE   (LST)  VALUE       VALUE  FROM      YEAR
                                                  NORMAL
..................................................................
TEMPERATURE (F)
 YESTERDAY
  MAXIMUM         79    421 PM  99    2012  86     -7       83
  MINIMUM         55    549 AM  50    1970  65    -10       70
  AVERAGE         67                        76     -9       77

PRECIPITATION (IN)
  YESTERDAY        0.00          1.11 1972   0.14  -0.14     0.26
  MONTH TO DATE    4.35                      4.11   0.24     2.63
  SINCE JUN 1      4.35                      4.11   0.24     2.63
  SINCE JAN 1     24.27                     24.64  -0.37    21.62

SNOWFALL (IN)
  YESTERDAY       MM
  MONTH TO DATE   MM
  SINCE JUN 1     MM
  SINCE JUL 1     MM
  SNOW DEPTH      MM

DEGREE DAYS
 HEATING
  YESTERDAY        0                         0      0        0
  MONTH TO DATE    2                         7     -5        0
  SINCE JUN 1      2                         7     -5        0
  SINCE JUL 1   4382                      4203    179     4420

 COOLING
  YESTERDAY        2                        11     -9       12
  MONTH TO DATE  293                       222     71      259
  SINCE JUN 1    293                       222     71      259
  SINCE JAN 1    487                       336    151      425
..................................................................

WIND (MPH)
  HIGHEST WIND SPEED    15   HIGHEST WIND DIRECTION     W (290)
  HIGHEST GUST SPEED    24   HIGHEST GUST DIRECTION     S (160)
  AVERAGE WIND SPEED     4.1

SKY COVER
  POSSIBLE SUNSHINE  MM
  AVERAGE SKY COVER 0.1

WEATHER CONDITIONS
 THE FOLLOWING WEATHER WAS RECORDED YESTERDAY.
  NO SIGNIFICANT WEATHER WAS OBSERVED.

RELATIVE HUMIDITY (PERCENT)
 HIGHEST    86           300 AM
 LOWEST     32           400 PM
 AVERAGE    59
..........................................................

THE LONDON KY CLIMATE NORMALS FOR TODAY
                         NORMAL    RECORD    YEAR
 MAXIMUM TEMPERATURE (F)   86       105      2012
 MINIMUM TEMPERATURE (F)   65        52      1973

SUNRISE AND SUNSET
JUNE 29 2015..........SUNRISE   619 AM EDT   SUNSET   900 PM EDT
JUNE 30 2015..........SUNRISE   620 AM EDT   SUNSET   900 PM EDT

-  INDICATES NEGATIVE NUMBERS.
R  INDICATES RECORD WAS SET OR TIED.
MM INDICATES DATA IS MISSING.
T  INDICATES TRACE AMOUNT.

$$
