855
CDUS43 KJKL 180532
CLILOZ

CLIMATE REPORT
NATIONAL WEATHER SERVICE JACKSON KY
132 AM EDT MON SEP 18 2017

...................................

...THE LONDON KY CLIMATE SUMMARY FOR SEPTEMBER 17 2017...

CLIMATE NORMAL PERIOD 1981 TO 2010
CLIMATE RECORD PERIOD 1954 TO 2017

WEATHER ITEM   OBSERVED TIME   RECORD YEAR NORMAL DEPARTURE LAST
                VALUE   (LST)  VALUE       VALUE  FROM      YEAR
                                                  NORMAL
..................................................................
TEMPERATURE (F)
 YESTERDAY
  MAXIMUM         83    516 PM  92    1955  79      4       86
  MINIMUM         59    700 AM  38    2000  57      2       66
  AVERAGE         71                        68      3       76

PRECIPITATION (IN)
  YESTERDAY        0.00          4.32 2004   0.12  -0.12     0.15
  MONTH TO DATE    1.71                      1.91  -0.20     0.26
  SINCE SEP 1      1.71                      1.91  -0.20     0.26

SNOWFALL (IN)
  YESTERDAY       MM
  MONTH TO DATE   MM
  SINCE SEP 1     MM
  SINCE JUL 1     MM
  SNOW DEPTH      MM

DEGREE DAYS
 HEATING
  YESTERDAY        0                         1     -1        0
  MONTH TO DATE   38                         7     31        0
  SINCE SEP 1     38                         7     31        0
  SINCE JUL 1     38                         8     30        0

 COOLING
  YESTERDAY        6                         4      2       11
  MONTH TO DATE   31                       105    -74      161
  SINCE SEP 1     31                       105    -74      161
  SINCE JAN 1   1000                      1129   -129     1384
..................................................................

WIND (MPH)
  HIGHEST WIND SPEED     9   HIGHEST WIND DIRECTION    NE (40)
  HIGHEST GUST SPEED    MM   HIGHEST GUST DIRECTION    MM
  AVERAGE WIND SPEED     1.1

SKY COVER
  POSSIBLE SUNSHINE  MM
  AVERAGE SKY COVER 0.4

WEATHER CONDITIONS
 THE FOLLOWING WEATHER WAS RECORDED YESTERDAY.
  FOG
  FOG W/VISIBILITY <= 1/4 MILE

RELATIVE HUMIDITY (PERCENT)
 HIGHEST   100           300 AM
 LOWEST     46           400 PM
 AVERAGE    73
..........................................................

THE LONDON KY CLIMATE NORMALS FOR TODAY
                         NORMAL    RECORD    YEAR
 MAXIMUM TEMPERATURE (F)   79        91      1998
 MINIMUM TEMPERATURE (F)   56        41      1961

SUNRISE AND SUNSET
SEPTEMBER 18 2017.....SUNRISE   721 AM EDT   SUNSET   739 PM EDT
SEPTEMBER 19 2017.....SUNRISE   722 AM EDT   SUNSET   737 PM EDT

-  INDICATES NEGATIVE NUMBERS.
R  INDICATES RECORD WAS SET OR TIED.
MM INDICATES DATA IS MISSING.
T  INDICATES TRACE AMOUNT.

$$

GEOGERIAN
