000
CDUS43 KJKL 162121
CLILOZ

CLIMATE REPORT
NATIONAL WEATHER SERVICE JACKSON KY
421 PM EST SUN NOV 16 2014

...................................

...THE LONDON KY CLIMATE SUMMARY FOR NOVEMBER 16 2014...
VALID TODAY AS OF 0400 PM LOCAL TIME.

CLIMATE NORMAL PERIOD 1981 TO 2010
CLIMATE RECORD PERIOD 1954 TO 2014

WEATHER ITEM   OBSERVED TIME   RECORD YEAR NORMAL DEPARTURE LAST
                VALUE   (LST)  VALUE       VALUE  FROM      YEAR
                                                  NORMAL
..................................................................
TEMPERATURE (F)
 TODAY
  MAXIMUM         42   1022 AM  75    1987  58    -16       65
  MINIMUM         37   1227 AM  20    1992  37      0       44
  AVERAGE         40                        48     -8       55

PRECIPITATION (IN)
  TODAY            0.24          1.28 2010   0.14   0.10      T
  MONTH TO DATE    1.70                      1.87  -0.17     0.89
  SINCE SEP 1     11.44                      8.26   3.18     7.05
  SINCE JAN 1        MM                        MM     MM    48.09

SNOWFALL (IN)
  TODAY           MM
  MONTH TO DATE   MM
  SINCE SEP 1     MM
  SINCE JUL 1     MM
  SNOW DEPTH      MM

DEGREE DAYS
 HEATING
  TODAY           25                        18      7       10
  MONTH TO DATE  353                       243    110      276
  SINCE SEP 1    598                       548     50      520
  SINCE JUL 1    598                       549     49      520

 COOLING
  TODAY            0                         0      0        0
  MONTH TO DATE    0                         0      0        0
  SINCE SEP 1    193                       164     29      191
  SINCE JAN 1     MM                        MM     MM     1083
..................................................................

WIND (MPH)
  HIGHEST WIND SPEED    10   HIGHEST WIND DIRECTION     S (190)
  HIGHEST GUST SPEED    15   HIGHEST GUST DIRECTION     S (180)
  AVERAGE WIND SPEED     4.3

SKY COVER
  POSSIBLE SUNSHINE  MM
  AVERAGE SKY COVER 1.0

WEATHER CONDITIONS
 THE FOLLOWING WEATHER WAS RECORDED TODAY.
  RAIN
  LIGHT RAIN
  FOG

RELATIVE HUMIDITY (PERCENT)
 HIGHEST    92           300 PM
 LOWEST     48           200 AM
 AVERAGE    70
..........................................................

THE LONDON KY CLIMATE NORMALS FOR TOMORROW
                         NORMAL    RECORD    YEAR
 MAXIMUM TEMPERATURE (F)   58        79      1958
 MINIMUM TEMPERATURE (F)   36        15      1959

SUNRISE AND SUNSET
NOVEMBER 16 2014......SUNRISE   716 AM EST   SUNSET   526 PM EST
NOVEMBER 17 2014......SUNRISE   717 AM EST   SUNSET   525 PM EST

-  INDICATES NEGATIVE NUMBERS.
R  INDICATES RECORD WAS SET OR TIED.
MM INDICATES DATA IS MISSING.
T  INDICATES TRACE AMOUNT.

$$

TAB
