000
CDUS43 KJKL 152121
CLILOZ

CLIMATE REPORT
NATIONAL WEATHER SERVICE JACKSON KY
421 PM EST SAT NOV 15 2014

...................................

...THE LONDON KY CLIMATE SUMMARY FOR NOVEMBER 15 2014...
VALID TODAY AS OF 0400 PM LOCAL TIME.

CLIMATE NORMAL PERIOD 1981 TO 2010
CLIMATE RECORD PERIOD 1954 TO 2014

WEATHER ITEM   OBSERVED TIME   RECORD YEAR NORMAL DEPARTURE LAST
                VALUE   (LST)  VALUE       VALUE  FROM      YEAR
                                                  NORMAL
..................................................................
TEMPERATURE (F)
 TODAY
  MAXIMUM         42    359 PM  76    1964  59    -17       57
  MINIMUM         17    415 AM  10    1969  37    -20       31
  AVERAGE         30                        48    -18       44

PRECIPITATION (IN)
  TODAY            0.00          1.09 2005   0.12  -0.12     0.16
  MONTH TO DATE    1.46                      1.73  -0.27     0.89
  SINCE SEP 1     11.20                      8.12   3.08     7.05
  SINCE JAN 1        MM                        MM     MM    48.09

SNOWFALL (IN)
  TODAY           MM
  MONTH TO DATE   MM
  SINCE SEP 1     MM
  SINCE JUL 1     MM
  SNOW DEPTH      MM

DEGREE DAYS
 HEATING
  TODAY           35                        17     18       21
  MONTH TO DATE  328                       225    103      266
  SINCE SEP 1    573                       530     43      510
  SINCE JUL 1    573                       531     42      510

 COOLING
  TODAY            0                         0      0        0
  MONTH TO DATE    0                         0      0        0
  SINCE SEP 1    193                       164     29      191
  SINCE JAN 1     MM                        MM     MM     1083
..................................................................

WIND (MPH)
  HIGHEST WIND SPEED     9   HIGHEST WIND DIRECTION     S (180)
  HIGHEST GUST SPEED    13   HIGHEST GUST DIRECTION     S (170)
  AVERAGE WIND SPEED     2.6

SKY COVER
  POSSIBLE SUNSHINE  MM
  AVERAGE SKY COVER 0.2

WEATHER CONDITIONS
 THE FOLLOWING WEATHER WAS RECORDED TODAY.
  NO SIGNIFICANT WEATHER WAS OBSERVED.

RELATIVE HUMIDITY (PERCENT)
 HIGHEST    84           100 AM
 LOWEST     30           400 PM
 AVERAGE    57
..........................................................

THE LONDON KY CLIMATE NORMALS FOR TOMORROW
                         NORMAL    RECORD    YEAR
 MAXIMUM TEMPERATURE (F)   58        75      1987
 MINIMUM TEMPERATURE (F)   37        20      1992

SUNRISE AND SUNSET
NOVEMBER 15 2014......SUNRISE   715 AM EST   SUNSET   526 PM EST
NOVEMBER 16 2014......SUNRISE   716 AM EST   SUNSET   526 PM EST

-  INDICATES NEGATIVE NUMBERS.
R  INDICATES RECORD WAS SET OR TIED.
MM INDICATES DATA IS MISSING.
T  INDICATES TRACE AMOUNT.

$$

TAB
