000
CDUS43 KJKL 120539
CLILOZ

CLIMATE REPORT
NATIONAL WEATHER SERVICE JACKSON KY
140 AM EDT FRI SEP 12 2014

...................................

...THE LONDON KY CLIMATE SUMMARY FOR SEPTEMBER 11 2014...

CLIMATE NORMAL PERIOD 1981 TO 2010
CLIMATE RECORD PERIOD 1954 TO 2014

WEATHER ITEM   OBSERVED TIME   RECORD YEAR NORMAL DEPARTURE LAST
                VALUE   (LST)  VALUE       VALUE  FROM      YEAR
                                                  NORMAL
..................................................................
TEMPERATURE (F)
 YESTERDAY
  MAXIMUM         81    106 PM  92    1964  81      0       87
  MINIMUM         69   1159 PM  40    1969  59     10       69
  AVERAGE         75                        70      5       78

PRECIPITATION (IN)
  YESTERDAY        0.49          1.73 2010   0.12   0.37     0.00
  MONTH TO DATE    1.35                      1.20   0.15     0.68
  SINCE SEP 1      1.35                      1.20   0.15     0.68
  SINCE JAN 1        MM                     33.88     MM    41.72

SNOWFALL (IN)
  YESTERDAY       MM
  MONTH TO DATE   MM
  SINCE SEP 1     MM
  SINCE JUL 1     MM
  SNOW DEPTH      MM

DEGREE DAYS
 HEATING
  YESTERDAY        0                         1     -1        0
  MONTH TO DATE    0                         1     -1        0
  SINCE SEP 1      0                         1     -1        0
  SINCE JUL 1      0                         2     -2        0

 COOLING
  YESTERDAY       10                         6      4       13
  MONTH TO DATE  125                        77     48      105
  SINCE SEP 1    125                        77     48      105
  SINCE JAN 1     MM                      1101     MM      997
..................................................................

WIND (MPH)
  HIGHEST WIND SPEED    15   HIGHEST WIND DIRECTION     W (260)
  HIGHEST GUST SPEED    20   HIGHEST GUST DIRECTION    SW (230)
  AVERAGE WIND SPEED     7.1

SKY COVER
  POSSIBLE SUNSHINE  MM
  AVERAGE SKY COVER 0.8

WEATHER CONDITIONS
 THE FOLLOWING WEATHER WAS RECORDED YESTERDAY.
  HEAVY RAIN
  RAIN
  LIGHT RAIN
  FOG

RELATIVE HUMIDITY (PERCENT)
 HIGHEST    93           900 PM
 LOWEST     69           400 AM
 AVERAGE    81
..........................................................

THE LONDON KY CLIMATE NORMALS FOR TODAY
                         NORMAL    RECORD    YEAR
 MAXIMUM TEMPERATURE (F)   81        90      2005
 MINIMUM TEMPERATURE (F)   59        43      1976

SUNRISE AND SUNSET
SEPTEMBER 12 2014.....SUNRISE   716 AM EDT   SUNSET   748 PM EDT
SEPTEMBER 13 2014.....SUNRISE   717 AM EDT   SUNSET   747 PM EDT

-  INDICATES NEGATIVE NUMBERS.
R  INDICATES RECORD WAS SET OR TIED.
MM INDICATES DATA IS MISSING.
T  INDICATES TRACE AMOUNT.

$$

SHALLENBERGER
