000
CDUS43 KJKL 210557
CLILOZ

CLIMATE REPORT
NATIONAL WEATHER SERVICE JACKSON KY
1255 AM EST FRI NOV 21 2014

...................................

...THE LONDON KY CLIMATE SUMMARY FOR NOVEMBER 20 2014...

CLIMATE NORMAL PERIOD 1981 TO 2010
CLIMATE RECORD PERIOD 1954 TO 2014


WEATHER ITEM   OBSERVED TIME   RECORD YEAR NORMAL DEPARTURE LAST
                VALUE   (LST)  VALUE       VALUE  FROM      YEAR
                                                  NORMAL
..................................................................
TEMPERATURE (F)
 YESTERDAY
  MAXIMUM         43    409 PM  73    1994  57    -14       58
  MINIMUM         27   1103 PM  20    1969  36     -9       30
  AVERAGE         35                        46    -11       44

PRECIPITATION (IN)
  YESTERDAY        0.00          1.69 1988   0.14  -0.14     0.00
  MONTH TO DATE    2.61                      2.42   0.19     1.29
  SINCE SEP 1     12.35                      8.81   3.54     7.45
  SINCE JAN 1        MM                     41.49     MM    48.49

SNOWFALL (IN)
  YESTERDAY       MM
  MONTH TO DATE   MM
  SINCE SEP 1     MM
  SINCE JUL 1     MM
  SNOW DEPTH      MM

DEGREE DAYS
 HEATING
  YESTERDAY       30                        19     11       21
  MONTH TO DATE  490                       317    173      336
  SINCE SEP 1    735                       622    113      580
  SINCE JUL 1    735                       623    112      580

 COOLING
  YESTERDAY        0                         0      0        0
  MONTH TO DATE    0                         0      0        0
  SINCE SEP 1    193                       164     29      191
  SINCE JAN 1     MM                      1188     MM     1083
..................................................................


WIND (MPH)
  HIGHEST WIND SPEED    20   HIGHEST WIND DIRECTION     W (260)
  HIGHEST GUST SPEED    25   HIGHEST GUST DIRECTION     W (260)
  AVERAGE WIND SPEED     7.9


SKY COVER
  POSSIBLE SUNSHINE  MM
  AVERAGE SKY COVER 0.4


WEATHER CONDITIONS
 THE FOLLOWING WEATHER WAS RECORDED YESTERDAY.
  NO SIGNIFICANT WEATHER WAS OBSERVED.


RELATIVE HUMIDITY (PERCENT)
 HIGHEST    68          1100 PM
 LOWEST     33           200 PM
 AVERAGE    51

..........................................................


THE LONDON KY CLIMATE NORMALS FOR TODAY
                         NORMAL    RECORD    YEAR
 MAXIMUM TEMPERATURE (F)   56        75      1979
 MINIMUM TEMPERATURE (F)   35        15      1964


SUNRISE AND SUNSET
NOVEMBER 21 2014......SUNRISE   721 AM EST   SUNSET   523 PM EST
NOVEMBER 22 2014......SUNRISE   722 AM EST   SUNSET   522 PM EST


-  INDICATES NEGATIVE NUMBERS.
R  INDICATES RECORD WAS SET OR TIED.
MM INDICATES DATA IS MISSING.
T  INDICATES TRACE AMOUNT.




$$
