000
CDUS43 KJKL 152023
CLILOZ

CLIMATE REPORT
NATIONAL WEATHER SERVICE JACKSON KY
423 PM EDT FRI JUL 15 2016

...................................

...THE LONDON KY CLIMATE SUMMARY FOR JULY 15 2016...
VALID TODAY AS OF 0400 PM LOCAL TIME.

CLIMATE NORMAL PERIOD 1981 TO 2010
CLIMATE RECORD PERIOD 1954 TO 2016

WEATHER ITEM   OBSERVED TIME   RECORD YEAR NORMAL DEPARTURE LAST
                VALUE   (LST)  VALUE       VALUE  FROM      YEAR
                                                  NORMAL
..................................................................
TEMPERATURE (F)
 TODAY
  MAXIMUM         85    253 PM  95    1988  87     -2       80
  MINIMUM         68    344 AM  48    1967  66      2       69
  AVERAGE         77                        76      1       75

PRECIPITATION (IN)
  TODAY            0.00          2.28 1979   0.14  -0.14     0.00
  MONTH TO DATE    5.43                      1.98   3.45    10.25
  SINCE JUN 1      7.76                      6.38   1.38    15.22

SNOWFALL (IN)
  TODAY           MM
  MONTH TO DATE   MM
  SINCE JUN 1     MM
  SINCE JUL 1     MM
  SNOW DEPTH      MM

DEGREE DAYS
 HEATING
  TODAY            0                         0      0        0
  MONTH TO DATE    0                         0      0        0
  SINCE JUN 1      2                         9     -7        2
  SINCE JUL 1      0                         0      0        0

 COOLING
  TODAY           12                        11      1       10
  MONTH TO DATE  184                       165     19      166
  SINCE JUN 1    483                       408     75      473
  SINCE JAN 1    585                       522     63      667
..................................................................

WIND (MPH)
  HIGHEST WIND SPEED     9   HIGHEST WIND DIRECTION    SW (240)
  HIGHEST GUST SPEED    12   HIGHEST GUST DIRECTION     W (260)
  AVERAGE WIND SPEED     2.3

SKY COVER
  POSSIBLE SUNSHINE  MM
  AVERAGE SKY COVER 0.1

WEATHER CONDITIONS
 THE FOLLOWING WEATHER WAS RECORDED TODAY.
  NO SIGNIFICANT WEATHER WAS OBSERVED.

RELATIVE HUMIDITY (PERCENT)
 HIGHEST    90           100 AM
 LOWEST     55           200 PM
 AVERAGE    73

..........................................................

THE LONDON KY CLIMATE NORMALS FOR TOMORROW
                         NORMAL    RECORD    YEAR
 MAXIMUM TEMPERATURE (F)   87       100      1980
 MINIMUM TEMPERATURE (F)   66        50      1967

SUNRISE AND SUNSET
JULY 15 2016..........SUNRISE   629 AM EDT   SUNSET   856 PM EDT
JULY 16 2016..........SUNRISE   629 AM EDT   SUNSET   855 PM EDT

-  INDICATES NEGATIVE NUMBERS.
R  INDICATES RECORD WAS SET OR TIED.
MM INDICATES DATA IS MISSING.
T  INDICATES TRACE AMOUNT.

$$

CARICO
