000
CDUS43 KJKL 220541
CLILOZ

CLIMATE REPORT
NATIONAL WEATHER SERVICE JACKSON KY
140 AM EDT SAT AUG 22 2015

...................................

...THE LONDON KY CLIMATE SUMMARY FOR AUGUST 21 2015...

CLIMATE NORMAL PERIOD 1981 TO 2010
CLIMATE RECORD PERIOD 1954 TO 2015

WEATHER ITEM   OBSERVED TIME   RECORD YEAR NORMAL DEPARTURE LAST
                VALUE   (LST)  VALUE       VALUE  FROM      YEAR
                                                  NORMAL
..................................................................
TEMPERATURE (F)
 YESTERDAY
  MAXIMUM         81    441 PM 100    1983  86     -5       89
  MINIMUM         57    609 AM  51    1956  64     -7       66
  AVERAGE         69                        75     -6       78

PRECIPITATION (IN)
  YESTERDAY        0.00          1.98 1990   0.11  -0.11     0.00
  MONTH TO DATE    2.76                      2.63   0.13     3.51
  SINCE JUN 1     18.96                     11.07   7.89    13.22
  SINCE JAN 1     38.88                     31.60   7.28    32.21

SNOWFALL (IN)
  YESTERDAY       MM
  MONTH TO DATE   MM
  SINCE JUN 1     MM
  SINCE JUL 1     MM
  SNOW DEPTH      MM

DEGREE DAYS
 HEATING
  YESTERDAY        0                         0      0        0
  MONTH TO DATE    0                         0      0        0
  SINCE JUN 1      2                         9     -7        0
  SINCE JUL 1      0                         0      0        0

 COOLING
  YESTERDAY        4                        10     -6       13
  MONTH TO DATE  212                       225    -13      194
  SINCE JUN 1    909                       818     91      751
  SINCE JAN 1   1103                       932    171      917
..................................................................

WIND (MPH)
  HIGHEST WIND SPEED    12   HIGHEST WIND DIRECTION     E (80)
  HIGHEST GUST SPEED    16   HIGHEST GUST DIRECTION    NE (60)
  AVERAGE WIND SPEED     3.2

SKY COVER
  POSSIBLE SUNSHINE  MM
  AVERAGE SKY COVER 0.1

WEATHER CONDITIONS
 THE FOLLOWING WEATHER WAS RECORDED YESTERDAY.
  FOG
  HAZE

RELATIVE HUMIDITY (PERCENT)
 HIGHEST    90          1200 AM
 LOWEST     42           200 PM
 AVERAGE    66
..........................................................

THE LONDON KY CLIMATE NORMALS FOR TODAY
                         NORMAL    RECORD    YEAR
 MAXIMUM TEMPERATURE (F)   86        98      1983
 MINIMUM TEMPERATURE (F)   64        46      1956

SUNRISE AND SUNSET
AUGUST 22 2015........SUNRISE   659 AM EDT   SUNSET   819 PM EDT
AUGUST 23 2015........SUNRISE   659 AM EDT   SUNSET   818 PM EDT

-  INDICATES NEGATIVE NUMBERS.
R  INDICATES RECORD WAS SET OR TIED.
MM INDICATES DATA IS MISSING.
T  INDICATES TRACE AMOUNT.

$$
GREIF
