000
CDUS43 KJKL 252120
CLILOZ

CLIMATE REPORT
NATIONAL WEATHER SERVICE JACKSON KY
420 PM EST FRI NOV 25 2016

...................................

...THE LONDON KY CLIMATE SUMMARY FOR NOVEMBER 25 2016...
VALID TODAY AS OF 0400 PM LOCAL TIME.

CLIMATE NORMAL PERIOD 1981 TO 2010
CLIMATE RECORD PERIOD 1954 TO 2016

WEATHER ITEM   OBSERVED TIME   RECORD YEAR NORMAL DEPARTURE LAST
                VALUE   (LST)  VALUE       VALUE  FROM      YEAR
                                                  NORMAL
..................................................................
TEMPERATURE (F)
 TODAY
  MAXIMUM         52   1254 AM  74    1987  55     -3       59
  MINIMUM         47   1008 AM  10    1970  34     13       28
  AVERAGE         50                        44      6       44

PRECIPITATION (IN)
  TODAY            0.00          0.81 1964   0.14  -0.14     0.00
  MONTH TO DATE    0.25                      3.11  -2.86     1.54
  SINCE SEP 1      2.33                      9.50  -7.17     8.60

SNOWFALL (IN)
  TODAY           MM
  MONTH TO DATE   MM
  SINCE SEP 1     MM
  SINCE JUL 1     MM
  SNOW DEPTH      MM

DEGREE DAYS
 HEATING
  TODAY           15                        21     -6       21
  MONTH TO DATE  364                       417    -53      356
  SINCE SEP 1    500                       722   -222      612
  SINCE JUL 1    500                       723   -223      612

 COOLING
  TODAY            0                         0      0        0
  MONTH TO DATE    7                         0      7        5
  SINCE SEP 1    284                       164    120      216
  SINCE JAN 1   1507                      1188    319     1387
..................................................................

WIND (MPH)
  HIGHEST WIND SPEED    10   HIGHEST WIND DIRECTION     W (290)
  HIGHEST GUST SPEED    14   HIGHEST GUST DIRECTION    NW (310)
  AVERAGE WIND SPEED     4.5

SKY COVER
  POSSIBLE SUNSHINE  MM
  AVERAGE SKY COVER 1.0

WEATHER CONDITIONS
 THE FOLLOWING WEATHER WAS RECORDED TODAY.
  FOG

RELATIVE HUMIDITY (PERCENT)
 HIGHEST    93           600 AM
 LOWEST     61           300 PM
 AVERAGE    77
..........................................................

THE LONDON KY CLIMATE NORMALS FOR TOMORROW
                         NORMAL    RECORD    YEAR
 MAXIMUM TEMPERATURE (F)   54        71      2006
                                             1990
 MINIMUM TEMPERATURE (F)   34        15      1991

SUNRISE AND SUNSET
NOVEMBER 25 2016......SUNRISE   726 AM EST   SUNSET   521 PM EST
NOVEMBER 26 2016......SUNRISE   727 AM EST   SUNSET   521 PM EST

-  INDICATES NEGATIVE NUMBERS.
R  INDICATES RECORD WAS SET OR TIED.
MM INDICATES DATA IS MISSING.
T  INDICATES TRACE AMOUNT.

$$

TAB
