414
CDUS43 KJKL 181006 RRA
CLILOZ

CLIMATE REPORT
NATIONAL WEATHER SERVICE JACKSON KY
606 AM EDT TUE JUL 18 2017

...................................

...THE LONDON KY CLIMATE SUMMARY FOR JULY 17 2017...

CLIMATE NORMAL PERIOD 1981 TO 2010
CLIMATE RECORD PERIOD 1954 TO 2017


WEATHER ITEM   OBSERVED TIME   RECORD YEAR NORMAL DEPARTURE LAST
                VALUE   (LST)  VALUE       VALUE  FROM      YEAR
                                                  NORMAL
..................................................................

TEMPERATURE (F)
 YESTERDAY
  MAXIMUM         87    536 PM  95    1977  87      0       89
  MINIMUM         61    549 AM  53    1970  66     -5       63
  AVERAGE         74                        76     -2       76

PRECIPITATION (IN)
  YESTERDAY        0.00          1.50 1959   0.13  -0.13     0.00
  MONTH TO DATE    3.40                      2.24   1.16     5.55
  SINCE JUN 1      7.88                      6.64   1.24     7.88

SNOWFALL (IN)
  YESTERDAY       MM
  MONTH TO DATE   MM
  SINCE JUN 1     MM
  SINCE JUL 1     MM
  SNOW DEPTH      MM

DEGREE DAYS
 HEATING
  YESTERDAY        0                         0      0        0
  MONTH TO DATE    0                         0      0        0
  SINCE JUN 1      3                         9     -6        2
  SINCE JUL 1      0                         0      0        0

 COOLING
  YESTERDAY        9                        11     -2       11
  MONTH TO DATE  193                       187      6      208
  SINCE JUN 1    380                       430    -50      507
  SINCE JAN 1    531                       544    -13      609
..................................................................

WIND (MPH)
  HIGHEST WIND SPEED     8   HIGHEST WIND DIRECTION    NE (60)
  HIGHEST GUST SPEED    11   HIGHEST GUST DIRECTION     S (160)
  AVERAGE WIND SPEED     1.3


SKY COVER
  POSSIBLE SUNSHINE  MM
  AVERAGE SKY COVER 0.1


WEATHER CONDITIONS
 THE FOLLOWING WEATHER WAS RECORDED YESTERDAY.
  NO SIGNIFICANT WEATHER WAS OBSERVED.


RELATIVE HUMIDITY (PERCENT)
 HIGHEST    93           200 AM
 LOWEST     42           500 PM
 AVERAGE    68
..........................................................

THE LONDON KY CLIMATE NORMALS FOR TODAY
                         NORMAL    RECORD    YEAR
 MAXIMUM TEMPERATURE (F)   87        94      1968
 MINIMUM TEMPERATURE (F)   66        50      1976


SUNRISE AND SUNSET
JULY 18 2017..........SUNRISE   631 AM EDT   SUNSET   854 PM EDT
JULY 19 2017..........SUNRISE   631 AM EDT   SUNSET   854 PM EDT


-  INDICATES NEGATIVE NUMBERS.
R  INDICATES RECORD WAS SET OR TIED.
MM INDICATES DATA IS MISSING.
T  INDICATES TRACE AMOUNT.
$$
