000
CDUS43 KJKL 092022
CLILOZ

CLIMATE REPORT
NATIONAL WEATHER SERVICE JACKSON KY
422 PM EDT WED APR 9 2014

...................................

...THE LONDON KY CLIMATE SUMMARY FOR APRIL 9 2014...
VALID TODAY AS OF 0400 PM LOCAL TIME.

CLIMATE NORMAL PERIOD 1981 TO 2010
CLIMATE RECORD PERIOD 1954 TO 2014

WEATHER ITEM   OBSERVED TIME   RECORD YEAR NORMAL DEPARTURE LAST
                VALUE   (LST)  VALUE       VALUE  FROM      YEAR
                                                  NORMAL
..................................................................
TEMPERATURE (F)
 TODAY
  MAXIMUM         64    222 PM  85    1978  67     -3       79
  MINIMUM         43    654 AM  23    2007  43      0       53
                                      1972
  AVERAGE         54                        55     -1       66

PRECIPITATION (IN)
  TODAY            T             0.99 1961   0.14  -0.14     0.00
  MONTH TO DATE    1.35                      1.16   0.19     0.25
  SINCE MAR 1      6.52                      5.21   1.31     5.70
  SINCE JAN 1     13.03                     12.46   0.57    12.49

SNOWFALL (IN)
  TODAY           MM
  MONTH TO DATE   MM
  SINCE MAR 1     MM
  SINCE JUL 1     MM
  SNOW DEPTH      MM

DEGREE DAYS
 HEATING
  TODAY           11                        11      0        0
  MONTH TO DATE   71                       108    -37      124
  SINCE MAR 1    722                       657     65      916
  SINCE JUL 1   4229                      3933    296     4264

 COOLING
  TODAY            0                         1     -1        1
  MONTH TO DATE    4                         1      3        1
  SINCE MAR 1      4                         4      0        1
  SINCE JAN 1      4                         4      0        1
..................................................................

WIND (MPH)
  HIGHEST WIND SPEED    18   HIGHEST WIND DIRECTION     W (270)
  HIGHEST GUST SPEED    23   HIGHEST GUST DIRECTION     W (280)
  AVERAGE WIND SPEED     7.9

SKY COVER
  POSSIBLE SUNSHINE  MM
  AVERAGE SKY COVER 0.2

WEATHER CONDITIONS
 THE FOLLOWING WEATHER WAS RECORDED TODAY.
  LIGHT RAIN
  FOG
  HAZE

RELATIVE HUMIDITY (PERCENT)
 HIGHEST    93           300 AM
 LOWEST     25           300 PM
 AVERAGE    59
..........................................................

THE LONDON KY CLIMATE NORMALS FOR TOMORROW
                         NORMAL    RECORD    YEAR
 MAXIMUM TEMPERATURE (F)   67        90      1995
 MINIMUM TEMPERATURE (F)   43        24      1960

SUNRISE AND SUNSET
APRIL  9 2014.........SUNRISE   710 AM EDT   SUNSET   806 PM EDT
APRIL 10 2014.........SUNRISE   709 AM EDT   SUNSET   807 PM EDT

-  INDICATES NEGATIVE NUMBERS.
R  INDICATES RECORD WAS SET OR TIED.
MM INDICATES DATA IS MISSING.
T  INDICATES TRACE AMOUNT.

$$

TAB
