000
CDUS43 KJKL 210938
CLILOZ

CLIMATE REPORT
NATIONAL WEATHER SERVICE JACKSON KY
538 AM EDT TUE OCT 21 2014

...................................

...THE LONDON KY CLIMATE SUMMARY FOR OCTOBER 20 2014...

CLIMATE NORMAL PERIOD 1981 TO 2010
CLIMATE RECORD PERIOD 1954 TO 2014


WEATHER ITEM   OBSERVED TIME   RECORD YEAR NORMAL DEPARTURE LAST
                VALUE   (LST)  VALUE       VALUE  FROM      YEAR
                                                  NORMAL
..................................................................

TEMPERATURE (F)
 YESTERDAY
  MAXIMUM         63    512 PM  82    1963  68     -5       61
  MINIMUM         41    712 AM  26    1964  44     -3       35
  AVERAGE         52                        56     -4       48

PRECIPITATION (IN)
  YESTERDAY        0.01          0.82 1985   0.10  -0.09     0.00
  MONTH TO DATE    6.74                      1.88   4.86     2.73
  SINCE SEP 1      8.13                      5.25   2.88     5.34
  SINCE JAN 1     MM                        37.93  MM       46.38

SNOWFALL (IN)
  YESTERDAY       MM
  MONTH TO DATE   MM
  SINCE SEP 1     MM
  SINCE JUL 1     MM
  SNOW DEPTH      MM

DEGREE DAYS
 HEATING
  YESTERDAY       13                         9      4       17
  MONTH TO DATE  110                       138    -28       78
  SINCE SEP 1    128                       184    -56       93
  SINCE JUL 1    128                       185    -57       93

 COOLING
  YESTERDAY        0                         0      0        0
  MONTH TO DATE   20                        17      3       39
  SINCE SEP 1    193                       160     33      188
  SINCE JAN 1     MM                      1184     MM     1080
..................................................................

WIND (MPH)
  HIGHEST WIND SPEED    14   HIGHEST WIND DIRECTION    SW (240)
  HIGHEST GUST SPEED    22   HIGHEST GUST DIRECTION    SW (210)
  AVERAGE WIND SPEED     3.7


SKY COVER
  POSSIBLE SUNSHINE  MM
  AVERAGE SKY COVER 0.3


WEATHER CONDITIONS
 THE FOLLOWING WEATHER WAS RECORDED YESTERDAY.
  NO SIGNIFICANT WEATHER WAS OBSERVED.


RELATIVE HUMIDITY (PERCENT)
 HIGHEST    89          1200 AM
 LOWEST     56           400 PM
 AVERAGE    73
..........................................................

THE LONDON KY CLIMATE NORMALS FOR TODAY
                         NORMAL    RECORD    YEAR
 MAXIMUM TEMPERATURE (F)   68        83      1979
 MINIMUM TEMPERATURE (F)   44        26      1974


SUNRISE AND SUNSET
OCTOBER 21 2014.......SUNRISE   750 AM EDT   SUNSET   652 PM EDT
OCTOBER 22 2014.......SUNRISE   751 AM EDT   SUNSET   650 PM EDT


-  INDICATES NEGATIVE NUMBERS.
R  INDICATES RECORD WAS SET OR TIED.
MM INDICATES DATA IS MISSING.
T  INDICATES TRACE AMOUNT.
$$
