000
CDUS43 KJKL 190530
CLILOZ

SDFCLILOZ 000
TTAA00 KJKL 190529

CLIMATE REPORT
NATIONAL WEATHER SERVICE JACKSON KY
127 AM EDT FRI AUG 19 2016

...................................

...THE LONDON KY CLIMATE SUMMARY FOR AUGUST 18 2016...

CLIMATE NORMAL PERIOD 1981 TO 2010
CLIMATE RECORD PERIOD 1954 TO 2016


WEATHER ITEM   OBSERVED TIME   RECORD YEAR NORMAL DEPARTURE LAST
                VALUE   (LST)  VALUE       VALUE  FROM      YEAR
                                                  NORMAL
..................................................................
TEMPERATURE (F)
 YESTERDAY
  MAXIMUM         80    121 PM  98    1988  86     -6       82
  MINIMUM         70   1155 PM  54    1976  65      5       70
  AVERAGE         75                        75      0       76

PRECIPITATION (IN)
  YESTERDAY        0.07          3.29 2010   0.12  -0.05     0.07
  MONTH TO DATE    2.31                      2.28   0.03     1.96
  SINCE JUN 1     13.03                     10.72   2.31    18.16

SNOWFALL (IN)
  YESTERDAY       MM
  MONTH TO DATE   MM
  SINCE JUN 1     MM
  SINCE JUL 1     MM
  SNOW DEPTH      MM

DEGREE DAYS
 HEATING
  YESTERDAY        0                         0      0        0
  MONTH TO DATE    0                         0      0        0
  SINCE JUN 1      2                         9     -7        2
  SINCE JUL 1      0                         0      0        0

 COOLING
  YESTERDAY       10                        10      0       11
  MONTH TO DATE  257                       195     62      189
  SINCE JUN 1    971                       788    183      886
  SINCE JAN 1   1073                       902    171     1080
..................................................................

WIND (MPH)
  HIGHEST WIND SPEED    10   HIGHEST WIND DIRECTION    SW (240)
  HIGHEST GUST SPEED    14   HIGHEST GUST DIRECTION    SW (230)
  AVERAGE WIND SPEED     2.2

SKY COVER
  POSSIBLE SUNSHINE  MM
  AVERAGE SKY COVER 0.8

WEATHER CONDITIONS
 THE FOLLOWING WEATHER WAS RECORDED YESTERDAY.
  LIGHT RAIN
  FOG

RELATIVE HUMIDITY (PERCENT)
 HIGHEST    90          1200 AM
 LOWEST     67           200 PM
 AVERAGE    79

..........................................................

THE LONDON KY CLIMATE NORMALS FOR TODAY
                         NORMAL    RECORD    YEAR
 MAXIMUM TEMPERATURE (F)   86        96      2007
 MINIMUM TEMPERATURE (F)   65        54      1982


SUNRISE AND SUNSET
AUGUST 19 2016........SUNRISE   657 AM EDT   SUNSET   822 PM EDT
AUGUST 20 2016........SUNRISE   658 AM EDT   SUNSET   821 PM EDT


-  INDICATES NEGATIVE NUMBERS.
R  INDICATES RECORD WAS SET OR TIED.
MM INDICATES DATA IS MISSING.
T  INDICATES TRACE AMOUNT.


$$

JVM
