000
CDUS43 KJKL 142020
CLILOZ

CLIMATE REPORT
NATIONAL WEATHER SERVICE JACKSON KY
420 PM EDT SUN SEP 14 2014

...................................

...THE LONDON KY CLIMATE SUMMARY FOR SEPTEMBER 14 2014...
VALID TODAY AS OF 0400 PM LOCAL TIME.

CLIMATE NORMAL PERIOD 1981 TO 2010
CLIMATE RECORD PERIOD 1954 TO 2014

WEATHER ITEM   OBSERVED TIME   RECORD YEAR NORMAL DEPARTURE LAST
                VALUE   (LST)  VALUE       VALUE  FROM      YEAR
                                                  NORMAL
..................................................................
TEMPERATURE (F)
 TODAY
  MAXIMUM         74    259 PM  93    1998  80     -6       72
                                      1980
  MINIMUM         52    648 AM  36    1964  58     -6       48
  AVERAGE         63                        69     -6       60

PRECIPITATION (IN)
  TODAY            0.00          1.05 1989   0.12  -0.12     0.00
  MONTH TO DATE    1.36                      1.56  -0.20     0.81
  SINCE SEP 1      1.36                      1.56  -0.20     0.81
  SINCE JAN 1      MM                       34.24   MM      41.85

SNOWFALL (IN)
  TODAY           MM
  MONTH TO DATE   MM
  SINCE SEP 1     MM
  SINCE JUL 1     MM
  SNOW DEPTH      MM

DEGREE DAYS
 HEATING
  TODAY            2                         1      1        5
  MONTH TO DATE    6                         4      2        7
  SINCE SEP 1      6                         4      2        7
  SINCE JUL 1      6                         5      1        7

 COOLING
  TODAY            0                         5     -5        0
  MONTH TO DATE  126                        92     34      117
  SINCE SEP 1    126                        92     34      117
  SINCE JAN 1     MM                      1116     MM     1009
..................................................................

WIND (MPH)
  HIGHEST WIND SPEED     9   HIGHEST WIND DIRECTION     E (100)
  HIGHEST GUST SPEED    13   HIGHEST GUST DIRECTION     E (80)
  AVERAGE WIND SPEED     3.0

SKY COVER
  POSSIBLE SUNSHINE  MM
  AVERAGE SKY COVER 0.5

WEATHER CONDITIONS
 THE FOLLOWING WEATHER WAS RECORDED TODAY.
  NO SIGNIFICANT WEATHER WAS OBSERVED.

RELATIVE HUMIDITY (PERCENT)
 HIGHEST    89           600 AM
 LOWEST     57           300 PM
 AVERAGE    73

..........................................................

THE LONDON KY CLIMATE NORMALS FOR TOMORROW
                         NORMAL    RECORD    YEAR
 MAXIMUM TEMPERATURE (F)   80        94      1991
 MINIMUM TEMPERATURE (F)   57        36      1964

SUNRISE AND SUNSET
SEPTEMBER 14 2014.....SUNRISE   718 AM EDT   SUNSET   745 PM EDT
SEPTEMBER 15 2014.....SUNRISE   718 AM EDT   SUNSET   744 PM EDT

-  INDICATES NEGATIVE NUMBERS.
R  INDICATES RECORD WAS SET OR TIED.
MM INDICATES DATA IS MISSING.
T  INDICATES TRACE AMOUNT.

$$

CARICO
