369
CDUS43 KJKL 110624
CLILOZ

CLIMATE REPORT
NATIONAL WEATHER SERVICE JACKSON KY
124 AM EST WED JAN 11 2017

...................................

...THE LONDON KY CLIMATE SUMMARY FOR JANUARY 10 2017...

CLIMATE NORMAL PERIOD 1981 TO 2010
CLIMATE RECORD PERIOD 1954 TO 2017

WEATHER ITEM   OBSERVED TIME   RECORD YEAR NORMAL DEPARTURE LAST
                VALUE   (LST)  VALUE       VALUE  FROM      YEAR
                                                  NORMAL
..................................................................
TEMPERATURE (F)
 YESTERDAY
  MAXIMUM         54   1103 PM  65    1972  44     10       48
  MINIMUM         36    116 AM -15    1970  26     10       17
  AVERAGE         45                        35     10       33

PRECIPITATION (IN)
  YESTERDAY        0.13          2.67 1974   0.11   0.02     0.09
  MONTH TO DATE    0.93                      1.15  -0.22     0.74
  SINCE DEC 1      7.23                      5.39   1.84     6.19

SNOWFALL (IN)
  YESTERDAY       MM
  MONTH TO DATE   MM
  SINCE DEC 1     MM
  SINCE JUL 1     MM
  SNOW DEPTH      MM

DEGREE DAYS
 HEATING
  YESTERDAY       20                        30    -10       32
  MONTH TO DATE  310                       296     14      288
  SINCE DEC 1   1104                      1118    -14      763
  SINCE JUL 1   1695                      1948   -253     1428

 COOLING
  YESTERDAY        0                         0      0        0
  MONTH TO DATE    0                         0      0        0
  SINCE DEC 1      0                         1     -1        0
  SINCE JAN 1      0                         0      0        0
..................................................................

WIND (MPH)
  HIGHEST WIND SPEED    26   HIGHEST WIND DIRECTION    SW (220)
  HIGHEST GUST SPEED    40   HIGHEST GUST DIRECTION    SW (220)
  AVERAGE WIND SPEED    13.8

SKY COVER
  POSSIBLE SUNSHINE  MM
  AVERAGE SKY COVER 0.9

WEATHER CONDITIONS
 THE FOLLOWING WEATHER WAS RECORDED YESTERDAY.
  HEAVY RAIN
  LIGHT RAIN
  FOG

RELATIVE HUMIDITY (PERCENT)
 HIGHEST    64           900 PM
 LOWEST     32           200 AM
 AVERAGE    48

..........................................................

THE LONDON KY CLIMATE NORMALS FOR TODAY
                         NORMAL    RECORD    YEAR
 MAXIMUM TEMPERATURE (F)   44        66      1963
 MINIMUM TEMPERATURE (F)   26       -13      1962

SUNRISE AND SUNSET
JANUARY 11 2017.......SUNRISE   750 AM EST   SUNSET   539 PM EST
JANUARY 12 2017.......SUNRISE   750 AM EST   SUNSET   540 PM EST

-  INDICATES NEGATIVE NUMBERS.
R  INDICATES RECORD WAS SET OR TIED.
MM INDICATES DATA IS MISSING.
T  INDICATES TRACE AMOUNT.

$$
