000
CDUS43 KJKL 050537
CLILOZ

CLIMATE REPORT
NATIONAL WEATHER SERVICE JACKSON KY
137 AM EDT SAT APR 5 2014

...................................

...THE LONDON KY CLIMATE SUMMARY FOR APRIL 4 2014...

CLIMATE NORMAL PERIOD 1981 TO 2010
CLIMATE RECORD PERIOD 1954 TO 2014

WEATHER ITEM   OBSERVED TIME   RECORD YEAR NORMAL DEPARTURE LAST
                VALUE   (LST)  VALUE       VALUE  FROM      YEAR
                                                  NORMAL
..................................................................
TEMPERATURE (F)
 YESTERDAY
  MAXIMUM         66   1222 PM  82    1986  65      1       45
  MINIMUM         43   1107 PM  26    1962  41      2       39
  AVERAGE         55                        53      2       42

PRECIPITATION (IN)
  YESTERDAY        0.49          2.75 1977   0.12   0.37     0.25
  MONTH TO DATE    1.13                      0.51   0.62     0.25
  SINCE MAR 1      6.30                      4.56   1.74     5.70
  SINCE JAN 1     12.81                     11.81   1.00    12.49

SNOWFALL (IN)
  YESTERDAY       MM
  MONTH TO DATE   MM
  SINCE MAR 1     MM
  SINCE JUL 1     MM
  SNOW DEPTH      MM

DEGREE DAYS
 HEATING
  YESTERDAY       10                        12     -2       23
  MONTH TO DATE   13                        51    -38       90
  SINCE MAR 1    664                       600     64      882
  SINCE JUL 1   4171                      3876    295     4230

 COOLING
  YESTERDAY        0                         0      0        0
  MONTH TO DATE    4                         0      4        0
  SINCE MAR 1      4                         3      1        0
  SINCE JAN 1      4                         3      1        0
..................................................................

WIND (MPH)
  HIGHEST WIND SPEED    24   HIGHEST WIND DIRECTION    SW (240)
  HIGHEST GUST SPEED    35   HIGHEST GUST DIRECTION     W (290)
  AVERAGE WIND SPEED     9.9

SKY COVER
  POSSIBLE SUNSHINE  MM
  AVERAGE SKY COVER 0.6

WEATHER CONDITIONS
 THE FOLLOWING WEATHER WAS RECORDED YESTERDAY.
  THUNDERSTORM
  HEAVY RAIN
  RAIN
  LIGHT RAIN
  FOG

RELATIVE HUMIDITY (PERCENT)
 HIGHEST    93          1200 AM
 LOWEST     65          1100 PM
 AVERAGE    79

..........................................................

THE LONDON KY CLIMATE NORMALS FOR TODAY
                         NORMAL    RECORD    YEAR
 MAXIMUM TEMPERATURE (F)   65        86      1988
 MINIMUM TEMPERATURE (F)   41        26      1972


SUNRISE AND SUNSET
APRIL  5 2014.........SUNRISE   716 AM EDT   SUNSET   802 PM EDT
APRIL  6 2014.........SUNRISE   715 AM EDT   SUNSET   803 PM EDT

-  INDICATES NEGATIVE NUMBERS.
R  INDICATES RECORD WAS SET OR TIED.
MM INDICATES DATA IS MISSING.
T  INDICATES TRACE AMOUNT.

$$
JJ
