000
CDUS43 KJKL 082022
CLILOZ

CLIMATE REPORT
NATIONAL WEATHER SERVICE JACKSON KY
421 PM EDT FRI JUL 8 2016

...................................

...THE LONDON KY CLIMATE SUMMARY FOR JULY 8 2016...
VALID TODAY AS OF 0400 PM LOCAL TIME.

CLIMATE NORMAL PERIOD 1981 TO 2010
CLIMATE RECORD PERIOD 1954 TO 2016

WEATHER ITEM   OBSERVED TIME   RECORD YEAR NORMAL DEPARTURE LAST
                VALUE   (LST)  VALUE       VALUE  FROM      YEAR
                                                  NORMAL
..................................................................
TEMPERATURE (F)
 TODAY
  MAXIMUM         88    115 PM 100    1988  87      1       82
  MINIMUM         69    238 AM  50    1972  66      3       70
  AVERAGE         79                        76      3       76

PRECIPITATION (IN)
  TODAY            0.22          1.46 1962   0.14   0.08     0.52
  MONTH TO DATE    3.82                      1.08   2.74     6.48
  SINCE JUN 1      6.15                      5.48   0.67    11.45

SNOWFALL (IN)
  TODAY           MM
  MONTH TO DATE   MM
  SINCE JUN 1     MM
  SINCE JUL 1     MM
  SNOW DEPTH      MM

DEGREE DAYS
 HEATING
  TODAY            0                         0      0        0
  MONTH TO DATE    0                         0      0        0
  SINCE JUN 1      2                         9     -7        2
  SINCE JUL 1      0                         0      0        0

 COOLING
  TODAY           14                        11      3       11
  MONTH TO DATE   99                        88     11       77
  SINCE JUN 1    398                       331     67      384
  SINCE JAN 1    500                       445     55      578
..................................................................

WIND (MPH)
  HIGHEST WIND SPEED    18   HIGHEST WIND DIRECTION    SW (230)
  HIGHEST GUST SPEED    24   HIGHEST GUST DIRECTION    SW (230)
  AVERAGE WIND SPEED     5.5

SKY COVER
  POSSIBLE SUNSHINE  MM
  AVERAGE SKY COVER 0.9

WEATHER CONDITIONS
 THE FOLLOWING WEATHER WAS RECORDED TODAY.
  THUNDERSTORM
  HEAVY RAIN
  RAIN
  LIGHT RAIN

RELATIVE HUMIDITY (PERCENT)
 HIGHEST    93           600 AM
 LOWEST     63           100 PM
 AVERAGE    78
..........................................................

THE LONDON KY CLIMATE NORMALS FOR TOMORROW
                         NORMAL    RECORD    YEAR
 MAXIMUM TEMPERATURE (F)   87       101      1988
 MINIMUM TEMPERATURE (F)   66        53      1961

SUNRISE AND SUNSET
JULY  8 2016..........SUNRISE   624 AM EDT   SUNSET   859 PM EDT
JULY  9 2016..........SUNRISE   625 AM EDT   SUNSET   858 PM EDT

-  INDICATES NEGATIVE NUMBERS.
R  INDICATES RECORD WAS SET OR TIED.
MM INDICATES DATA IS MISSING.
T  INDICATES TRACE AMOUNT.

$$

TAB
