000
CDUS43 KJKL 200541
CLILOZ

CLIMATE REPORT
NATIONAL WEATHER SERVICE JACKSON KY
1241 AM EST FRI FEB 20 2015

...................................

...THE LONDON KY CLIMATE SUMMARY FOR FEBRUARY 19 2015...

CLIMATE NORMAL PERIOD 1981 TO 2010
CLIMATE RECORD PERIOD 1954 TO 2015

WEATHER ITEM   OBSERVED TIME   RECORD YEAR NORMAL DEPARTURE LAST
                VALUE   (LST)  VALUE       VALUE  FROM      YEAR
                                                  NORMAL
..................................................................
TEMPERATURE (F)
 YESTERDAY
  MAXIMUM         10    425 PM  72    1994  51    -41       64
  MINIMUM         -9R   520 AM  -2    1958  30    -39       47
  AVERAGE          1                        40    -39       56

PRECIPITATION (IN)
  YESTERDAY        0.00          1.33 1991   0.14  -0.14     0.16
  MONTH TO DATE    2.09                      2.48  -0.39     3.23
  SINCE DEC 1      8.28                     10.26  -1.98    11.95
  SINCE JAN 1      4.47                      6.02  -1.55     5.51

SNOWFALL (IN)
  YESTERDAY       MM
  MONTH TO DATE   MM
  SINCE DEC 1     MM
  SINCE JUL 1     MM
  SNOW DEPTH      MM

DEGREE DAYS
 HEATING
  YESTERDAY       64                        24     40        9
  MONTH TO DATE  666                       503    163      556
  SINCE DEC 1   2331                      2236     95     2420
  SINCE JUL 1   3275                      3066    209     3287

 COOLING
  YESTERDAY        0                         0      0        0
  MONTH TO DATE    0                         0      0        0
  SINCE DEC 1      0                         1     -1        0
  SINCE JAN 1      0                         0      0        0
..................................................................

WIND (MPH)
  HIGHEST WIND SPEED    18   HIGHEST WIND DIRECTION    NW (300)
  HIGHEST GUST SPEED    22   HIGHEST GUST DIRECTION     W (290)
  AVERAGE WIND SPEED     6.9

SKY COVER
  POSSIBLE SUNSHINE  MM
  AVERAGE SKY COVER 0.3

WEATHER CONDITIONS
 THE FOLLOWING WEATHER WAS RECORDED YESTERDAY.
  HAZE

RELATIVE HUMIDITY (PERCENT)
 HIGHEST    68           600 AM
 LOWEST     41           400 PM
 AVERAGE    55

..........................................................

THE LONDON KY CLIMATE NORMALS FOR TODAY
                         NORMAL    RECORD    YEAR
 MAXIMUM TEMPERATURE (F)   51        74      1986
 MINIMUM TEMPERATURE (F)   30        -6      1960

SUNRISE AND SUNSET
FEBRUARY 20 2015......SUNRISE   719 AM EST   SUNSET   621 PM EST
FEBRUARY 21 2015......SUNRISE   718 AM EST   SUNSET   622 PM EST

-  INDICATES NEGATIVE NUMBERS.
R  INDICATES RECORD WAS SET OR TIED.
MM INDICATES DATA IS MISSING.
T  INDICATES TRACE AMOUNT.

$$
