000
CDUS43 KJKL 090550
CLILOZ

CLIMATE REPORT
NATIONAL WEATHER SERVICE JACKSON KY
150 AM EDT WED APR 9 2014
...................................

...THE LONDON KY CLIMATE SUMMARY FOR APRIL 8 2014...

CLIMATE NORMAL PERIOD 1981 TO 2010
CLIMATE RECORD PERIOD 1954 TO 2014

WEATHER ITEM   OBSERVED TIME   RECORD YEAR NORMAL DEPARTURE LAST
                VALUE   (LST)  VALUE       VALUE  FROM      YEAR
                                                  NORMAL
..................................................................
TEMPERATURE (F)
 YESTERDAY
  MAXIMUM         61    211 PM  86    2001  66     -5       73
  MINIMUM         45    659 AM  19    2007  42      3       49
  AVERAGE         53                        54     -1       61

PRECIPITATION (IN)
  YESTERDAY        T             1.92 1957   0.13  -0.13     0.00
  MONTH TO DATE    1.35                      1.02   0.33     0.25
  SINCE MAR 1      6.52                      5.07   1.45     5.70
  SINCE JAN 1     13.03                     12.32   0.71    12.49

SNOWFALL (IN)
  YESTERDAY       MM
  MONTH TO DATE   MM
  SINCE MAR 1     MM
  SINCE JUL 1     MM
  SNOW DEPTH      MM

DEGREE DAYS
 HEATING
  YESTERDAY       12                        11      1        4
  MONTH TO DATE   60                        97    -37      124
  SINCE MAR 1    711                       646     65      916
  SINCE JUL 1   4218                      3922    296     4264

 COOLING
  YESTERDAY        0                         0      0        0
  MONTH TO DATE    4                         0      4        0
  SINCE MAR 1      4                         3      1        0
  SINCE JAN 1      4                         3      1        0
..................................................................

WIND (MPH)
  HIGHEST WIND SPEED    23   HIGHEST WIND DIRECTION     W (250)
  HIGHEST GUST SPEED    30   HIGHEST GUST DIRECTION    SW (240)
  AVERAGE WIND SPEED     8.4

SKY COVER
  POSSIBLE SUNSHINE  MM
  AVERAGE SKY COVER 0.9

WEATHER CONDITIONS
 THE FOLLOWING WEATHER WAS RECORDED YESTERDAY.
  LIGHT RAIN

RELATIVE HUMIDITY (PERCENT)
 HIGHEST    83           600 AM
 LOWEST     44           100 PM
 AVERAGE    64
..........................................................

THE LONDON KY CLIMATE NORMALS FOR TODAY
                         NORMAL    RECORD    YEAR
 MAXIMUM TEMPERATURE (F)   67        85      1978
 MINIMUM TEMPERATURE (F)   43        23      2007
                                             1972

SUNRISE AND SUNSET
APRIL  9 2014.........SUNRISE   710 AM EDT   SUNSET   806 PM EDT
APRIL 10 2014.........SUNRISE   709 AM EDT   SUNSET   807 PM EDT

-  INDICATES NEGATIVE NUMBERS.
R  INDICATES RECORD WAS SET OR TIED.
MM INDICATES DATA IS MISSING.
T  INDICATES TRACE AMOUNT.

$$
