000
CDUS43 KJKL 302124
CLILOZ

CLIMATE REPORT
NATIONAL WEATHER SERVICE JACKSON KY
424 PM EST THU NOV 30 2017

...................................

...THE LONDON KY CLIMATE SUMMARY FOR NOVEMBER 30 2017...
VALID TODAY AS OF 0400 PM LOCAL TIME.

CLIMATE NORMAL PERIOD 1981 TO 2010
CLIMATE RECORD PERIOD 1954 TO 2017

WEATHER ITEM   OBSERVED TIME   RECORD YEAR NORMAL DEPARTURE LAST
                VALUE   (LST)  VALUE       VALUE  FROM      YEAR
                                                  NORMAL
..................................................................
TEMPERATURE (F)
 TODAY
  MAXIMUM         59    245 PM  71    2006  52      7       62
                                      1998
  MINIMUM         32    734 AM   2    1976  33     -1       43
  AVERAGE         46                        43      3       53

PRECIPITATION (IN)
  TODAY            0.03          3.03 2010   0.14  -0.11     1.35
  MONTH TO DATE    2.00                      3.83  -1.83     2.59
  SINCE SEP 1      9.09                     10.22  -1.13     4.67

SNOWFALL (IN)
  TODAY           MM
  MONTH TO DATE   MM
  SINCE SEP 1     MM
  SINCE JUL 1     MM
  SNOW DEPTH      MM

DEGREE DAYS
 HEATING
  TODAY           19                        22     -3       12
  MONTH TO DATE  514                       525    -11      455
  SINCE SEP 1    781                       829    -48      591
  SINCE JUL 1    781                       830    -49      591

 COOLING
  TODAY            0                         0      0        0
  MONTH TO DATE    6                         2      4        7
  SINCE SEP 1    172                       166      6      284
  SINCE JAN 1   1141                      1190    -49     1507
..................................................................

WIND (MPH)
  HIGHEST WIND SPEED     9   HIGHEST WIND DIRECTION     S (200)
  HIGHEST GUST SPEED    14   HIGHEST GUST DIRECTION     S (200)
  AVERAGE WIND SPEED     0.5

SKY COVER
  POSSIBLE SUNSHINE  MM
  AVERAGE SKY COVER 0.5

WEATHER CONDITIONS
 THE FOLLOWING WEATHER WAS RECORDED TODAY.
  LIGHT RAIN
  HAZE

RELATIVE HUMIDITY (PERCENT)
 HIGHEST    89           300 AM
 LOWEST     62           100 PM
 AVERAGE    76

..........................................................

THE LONDON KY CLIMATE NORMALS FOR TOMORROW
                         NORMAL    RECORD    YEAR
 MAXIMUM TEMPERATURE (F)   52        72      2006
 MINIMUM TEMPERATURE (F)   33         8      1964

SUNRISE AND SUNSET
NOVEMBER 30 2017......SUNRISE   730 AM EST   SUNSET   520 PM EST
DECEMBER  1 2017......SUNRISE   731 AM EST   SUNSET   519 PM EST

-  INDICATES NEGATIVE NUMBERS.
R  INDICATES RECORD WAS SET OR TIED.
MM INDICATES DATA IS MISSING.
T  INDICATES TRACE AMOUNT.

$$

CARICO
