184
CDUS43 KJKL 092023
CLILOZ

CLIMATE REPORT
NATIONAL WEATHER SERVICE JACKSON KY
423 PM EDT MON OCT 9 2017

...................................

...THE LONDON KY CLIMATE SUMMARY FOR OCTOBER 9 2017...
VALID TODAY AS OF 0400 PM LOCAL TIME.

CLIMATE NORMAL PERIOD 1981 TO 2010
CLIMATE RECORD PERIOD 1954 TO 2017

WEATHER ITEM   OBSERVED TIME   RECORD YEAR NORMAL DEPARTURE LAST
                VALUE   (LST)  VALUE       VALUE  FROM      YEAR
                                                  NORMAL
..................................................................
TEMPERATURE (F)
 TODAY
  MAXIMUM         82    259 PM  83    2009  72     10       71
                                      1980
  MINIMUM         69   1209 AM  30    2000  47     22       43
                                      1978
  AVERAGE         76                        59     17       57

PRECIPITATION (IN)
  TODAY            0.04          0.53 1994   0.09  -0.05     0.00
  MONTH TO DATE    2.48                      0.86   1.62     0.00
  SINCE SEP 1      4.27                      4.23   0.04     1.18

SNOWFALL (IN)
  TODAY           MM
  MONTH TO DATE   MM
  SINCE SEP 1     MM
  SINCE JUL 1     MM
  SNOW DEPTH      MM

DEGREE DAYS
 HEATING
  TODAY            0                         7     -7        8
  MONTH TO DATE    4                        49    -45       23
  SINCE SEP 1     45                        95    -50       44
  SINCE JUL 1     45                        96    -51       44

 COOLING
  TODAY           11                         1     10        0
  MONTH TO DATE   24                        11     13       14
  SINCE SEP 1    148                       154     -6      246
  SINCE JAN 1   1117                      1178    -61     1469
..................................................................

WIND (MPH)
  HIGHEST WIND SPEED    12   HIGHEST WIND DIRECTION     W (260)
  HIGHEST GUST SPEED    20   HIGHEST GUST DIRECTION    SW (240)
  AVERAGE WIND SPEED     7.0

SKY COVER
  POSSIBLE SUNSHINE  MM
  AVERAGE SKY COVER 0.9

WEATHER CONDITIONS
 THE FOLLOWING WEATHER WAS RECORDED TODAY.
  LIGHT RAIN
  FOG

RELATIVE HUMIDITY (PERCENT)
 HIGHEST    97           200 AM
 LOWEST     55           300 PM
 AVERAGE    76

..........................................................

THE LONDON KY CLIMATE NORMALS FOR TOMORROW
                         NORMAL    RECORD    YEAR
 MAXIMUM TEMPERATURE (F)   71        83      2010
                                             2008
                                             1980
 MINIMUM TEMPERATURE (F)   47        28      2000
                                             1964

SUNRISE AND SUNSET
OCTOBER  9 2017.......SUNRISE   739 AM EDT   SUNSET   708 PM EDT
OCTOBER 10 2017.......SUNRISE   740 AM EDT   SUNSET   706 PM EDT

-  INDICATES NEGATIVE NUMBERS.
R  INDICATES RECORD WAS SET OR TIED.
MM INDICATES DATA IS MISSING.
T  INDICATES TRACE AMOUNT.

$$

CARICO
