891
CDUS43 KJKL 222019 RRA
CLILOZ

CLIMATE REPORT
NATIONAL WEATHER SERVICE JACKSON KY
419 PM EDT THU JUN 22 2017

...................................

...THE LONDON KY CLIMATE SUMMARY FOR JUNE 22 2017...
VALID TODAY AS OF 0400 PM LOCAL TIME.

CLIMATE NORMAL PERIOD 1981 TO 2010
CLIMATE RECORD PERIOD 1954 TO 2017

WEATHER ITEM   OBSERVED TIME   RECORD YEAR NORMAL DEPARTURE LAST
                VALUE   (LST)  VALUE       VALUE  FROM      YEAR
                                                  NORMAL
..................................................................
TEMPERATURE (F)
 TODAY
  MAXIMUM         73    259 PM  96    1988  85    -12       86
  MINIMUM         67    556 AM  43    1992  64      3       68
  AVERAGE         70                        74     -4       77

PRECIPITATION (IN)
  TODAY            0.18          1.92 1960   0.15   0.03     0.04
  MONTH TO DATE    3.99                      3.29   0.70     2.02
  SINCE JUN 1      3.99                      3.29   0.70     2.02

SNOWFALL (IN)
  TODAY           MM
  MONTH TO DATE   MM
  SINCE JUN 1     MM
  SINCE JUL 1     MM
  SNOW DEPTH      MM

DEGREE DAYS
 HEATING
  TODAY            0                         0      0        0
  MONTH TO DATE    3                         7     -4        2
  SINCE JUN 1      3                         7     -4        2
  SINCE JUL 1   3322                      4203   -881     3676

 COOLING
  TODAY            5                        10     -5       12
  MONTH TO DATE  143                       161    -18      206
  SINCE JUN 1    143                       161    -18      206
  SINCE JAN 1    294                       275     19      308
..................................................................

WIND (MPH)
  HIGHEST WIND SPEED     9   HIGHEST WIND DIRECTION    SE (130)
  HIGHEST GUST SPEED    13   HIGHEST GUST DIRECTION     E (100)
  AVERAGE WIND SPEED     3.2

SKY COVER
  POSSIBLE SUNSHINE  MM
  AVERAGE SKY COVER 0.5

WEATHER CONDITIONS
 THE FOLLOWING WEATHER WAS RECORDED TODAY.
  RAIN
  LIGHT RAIN
  FOG

RELATIVE HUMIDITY (PERCENT)
 HIGHEST    97          1200 PM
 LOWEST     84          1200 AM
 AVERAGE    91
..........................................................

THE LONDON KY CLIMATE NORMALS FOR TOMORROW
                         NORMAL    RECORD    YEAR
 MAXIMUM TEMPERATURE (F)   85        96      1988
 MINIMUM TEMPERATURE (F)   64        44      1972

SUNRISE AND SUNSET
JUNE 22 2017..........SUNRISE   617 AM EDT   SUNSET   900 PM EDT
JUNE 23 2017..........SUNRISE   617 AM EDT   SUNSET   900 PM EDT

-  INDICATES NEGATIVE NUMBERS.
R  INDICATES RECORD WAS SET OR TIED.
MM INDICATES DATA IS MISSING.
T  INDICATES TRACE AMOUNT.

$$

TAB
