288
CDUS43 KJKL 210545 RRA
CLILOZ

CLIMATE REPORT
NATIONAL WEATHER SERVICE JACKSON KY
145 AM EDT SAT OCT 21 2017

...................................

...THE LONDON KY CLIMATE SUMMARY FOR OCTOBER 20 2017...

CLIMATE NORMAL PERIOD 1981 TO 2010
CLIMATE RECORD PERIOD 1954 TO 2017

WEATHER ITEM   OBSERVED TIME   RECORD YEAR NORMAL DEPARTURE LAST
                VALUE   (LST)  VALUE       VALUE  FROM      YEAR
                                                  NORMAL
..................................................................
TEMPERATURE (F)
 YESTERDAY
  MAXIMUM         76    327 PM  82    2016  68      8       82
                                      1963
  MINIMUM         42    701 AM  26    1964  44     -2       61
  AVERAGE         59                        56      3       72

PRECIPITATION (IN)
  YESTERDAY        0.00          0.82 1985   0.10  -0.10     0.38
  MONTH TO DATE    3.45                      1.88   1.57     0.46
  SINCE SEP 1      5.24                      5.25  -0.01     1.64

SNOWFALL (IN)
  YESTERDAY       MM
  MONTH TO DATE   MM
  SINCE SEP 1     MM
  SINCE JUL 1     MM
  SNOW DEPTH      MM

DEGREE DAYS
 HEATING
  YESTERDAY        6                         9     -3        0
  MONTH TO DATE   62                       138    -76       46
  SINCE SEP 1    103                       184    -81       67
  SINCE JUL 1    103                       185    -82       67

 COOLING
  YESTERDAY        0                         0      0        7
  MONTH TO DATE   42                        17     25       43
  SINCE SEP 1    166                       160      6      275
  SINCE JAN 1   1135                      1184    -49     1498
..................................................................

WIND (MPH)
  HIGHEST WIND SPEED     7   HIGHEST WIND DIRECTION     E (110)
  HIGHEST GUST SPEED    11   HIGHEST GUST DIRECTION    SE (120)
  AVERAGE WIND SPEED     0.7

SKY COVER
  POSSIBLE SUNSHINE  MM
  AVERAGE SKY COVER 0.0

WEATHER CONDITIONS
 THE FOLLOWING WEATHER WAS RECORDED YESTERDAY.
  FOG

RELATIVE HUMIDITY (PERCENT)
 HIGHEST    96           500 AM
 LOWEST     36           400 PM
 AVERAGE    66
..........................................................

THE LONDON KY CLIMATE NORMALS FOR TODAY
                         NORMAL    RECORD    YEAR
 MAXIMUM TEMPERATURE (F)   68        83      1979
 MINIMUM TEMPERATURE (F)   44        26      1974

SUNRISE AND SUNSET
OCTOBER 21 2017.......SUNRISE   750 AM EDT   SUNSET   651 PM EDT
OCTOBER 22 2017.......SUNRISE   751 AM EDT   SUNSET   650 PM EDT

-  INDICATES NEGATIVE NUMBERS.
R  INDICATES RECORD WAS SET OR TIED.
MM INDICATES DATA IS MISSING.
T  INDICATES TRACE AMOUNT.

$$
