000
CDUS43 KJKL 160529
CLILOZ

CLIMATE REPORT
NATIONAL WEATHER SERVICE JACKSON KY
1229 AM EST SAT DEC 16 2017

...................................

...THE LONDON KY CLIMATE SUMMARY FOR DECEMBER 15 2017...

CLIMATE NORMAL PERIOD 1981 TO 2010
CLIMATE RECORD PERIOD 1954 TO 2017

WEATHER ITEM   OBSERVED TIME   RECORD YEAR NORMAL DEPARTURE LAST
                VALUE   (LST)  VALUE       VALUE  FROM      YEAR
                                                  NORMAL
..................................................................
TEMPERATURE (F)
 YESTERDAY
  MAXIMUM         33    347 PM  72    1971  47    -14       30
  MINIMUM         28    854 AM   2    2010  29     -1       15
  AVERAGE         31                        38     -7       23

PRECIPITATION (IN)
  YESTERDAY        0.00          1.19 1982   0.14  -0.14     0.00
  MONTH TO DATE    0.66                      2.18  -1.52     2.16
  SINCE DEC 1      0.66                      2.18  -1.52     2.16

SNOWFALL (IN)
  YESTERDAY       MM
  MONTH TO DATE   MM
  SINCE DEC 1     MM
  SINCE JUL 1     MM
  SNOW DEPTH      MM

DEGREE DAYS
 HEATING
  YESTERDAY       34                        27      7       42
  MONTH TO DATE  405                       372     33      429
  SINCE DEC 1    405                       372     33      429
  SINCE JUL 1   1186                      1202    -16     1020

 COOLING
  YESTERDAY        0                         0      0        0
  MONTH TO DATE    0                         0      0        0
  SINCE DEC 1      0                         0      0        0
  SINCE JAN 1   1141                      1190    -49     1507
..................................................................

WIND (MPH)
  HIGHEST WIND SPEED    16   HIGHEST WIND DIRECTION     W (260)
  HIGHEST GUST SPEED    24   HIGHEST GUST DIRECTION     W (250)
  AVERAGE WIND SPEED     5.6

SKY COVER
  POSSIBLE SUNSHINE  MM
  AVERAGE SKY COVER 1.0

WEATHER CONDITIONS
 THE FOLLOWING WEATHER WAS RECORDED YESTERDAY.
  NO SIGNIFICANT WEATHER WAS OBSERVED.

RELATIVE HUMIDITY (PERCENT)
 HIGHEST    69           200 AM
 LOWEST     59           400 PM
 AVERAGE    64

..........................................................

THE LONDON KY CLIMATE NORMALS FOR TODAY
                         NORMAL    RECORD    YEAR
 MAXIMUM TEMPERATURE (F)   47        69      2015
 MINIMUM TEMPERATURE (F)   29        -3      1989

SUNRISE AND SUNSET
DECEMBER 16 2017......SUNRISE   743 AM EST   SUNSET   521 PM EST
DECEMBER 17 2017......SUNRISE   744 AM EST   SUNSET   521 PM EST

-  INDICATES NEGATIVE NUMBERS.
R  INDICATES RECORD WAS SET OR TIED.
MM INDICATES DATA IS MISSING.
T  INDICATES TRACE AMOUNT.

$$
