000
CDUS43 KJKL 102022
CLILOZ

CLIMATE REPORT
NATIONAL WEATHER SERVICE JACKSON KY
422 PM EDT WED SEP 10 2014

...................................

...THE LONDON KY CLIMATE SUMMARY FOR SEPTEMBER 10 2014...
VALID TODAY AS OF 0400 PM LOCAL TIME.

CLIMATE NORMAL PERIOD 1981 TO 2010
CLIMATE RECORD PERIOD 1954 TO 2014


WEATHER ITEM   OBSERVED TIME   RECORD YEAR NORMAL DEPARTURE LAST
                VALUE   (LST)  VALUE       VALUE  FROM      YEAR
                                                  NORMAL
..................................................................
TEMPERATURE (F)
 TODAY
  MAXIMUM         83    258 PM  93    2002  82      1       89
                                      1983
  MINIMUM         68    536 AM  43    1956  59      9       68
  AVERAGE         76                        70      6       79

PRECIPITATION (IN)
  TODAY            0.00          1.14 1960   0.11  -0.11     0.00
  MONTH TO DATE    0.86                      1.08  -0.22     0.68
  SINCE SEP 1        MM                      1.08     MM     0.68
  SINCE JAN 1        MM                     33.76     MM    41.72

SNOWFALL (IN)
  TODAY           MM
  MONTH TO DATE   MM
  SINCE SEP 1     MM
  SINCE JUL 1     MM
  SNOW DEPTH      MM

DEGREE DAYS
 HEATING
  TODAY            0                         0      0        0
  MONTH TO DATE    0                         0      0        0
  SINCE SEP 1      0                         0      0        0
  SINCE JUL 1      0                         1     -1        0

 COOLING
  TODAY           11                         6      5       14
  MONTH TO DATE  115                        71     44       92
  SINCE SEP 1     MM                        71     MM       92
  SINCE JAN 1     MM                      1095     MM      984
..................................................................

WIND (MPH)
  HIGHEST WIND SPEED    16   HIGHEST WIND DIRECTION    SW (210)
  HIGHEST GUST SPEED    22   HIGHEST GUST DIRECTION    SW (210)
  AVERAGE WIND SPEED     6.4

SKY COVER
  POSSIBLE SUNSHINE  MM
  AVERAGE SKY COVER 0.3

WEATHER CONDITIONS
 THE FOLLOWING WEATHER WAS RECORDED TODAY.
  FOG

RELATIVE HUMIDITY (PERCENT)
 HIGHEST    90          1200 AM
 LOWEST     55           100 PM
 AVERAGE    73

..........................................................

THE LONDON KY CLIMATE NORMALS FOR TOMORROW
                         NORMAL    RECORD    YEAR
 MAXIMUM TEMPERATURE (F)   81        92      1964
 MINIMUM TEMPERATURE (F)   59        40      1969


SUNRISE AND SUNSET
SEPTEMBER 10 2014.....SUNRISE   714 AM EDT   SUNSET   752 PM EDT
SEPTEMBER 11 2014.....SUNRISE   715 AM EDT   SUNSET   750 PM EDT


-  INDICATES NEGATIVE NUMBERS.
R  INDICATES RECORD WAS SET OR TIED.
MM INDICATES DATA IS MISSING.
T  INDICATES TRACE AMOUNT.


$$


JVM
