000
CDUS43 KJKL 082124
CLILOZ

CLIMATE REPORT
NATIONAL WEATHER SERVICE JACKSON KY
424 PM EST SAT NOV 8 2014

...................................

...THE LONDON KY CLIMATE SUMMARY FOR NOVEMBER 8 2014...
VALID TODAY AS OF 0400 PM LOCAL TIME.

CLIMATE NORMAL PERIOD 1981 TO 2010
CLIMATE RECORD PERIOD 1954 TO 2014

WEATHER ITEM   OBSERVED TIME   RECORD YEAR NORMAL DEPARTURE LAST
                VALUE   (LST)  VALUE       VALUE  FROM      YEAR
                                                  NORMAL
..................................................................
TEMPERATURE (F)
 TODAY
  MAXIMUM         57    359 PM  77    2005  62     -5       54
                                      1975
  MINIMUM         32    642 AM  19    1967  39     -7       29
  AVERAGE         45                        50     -5       42

PRECIPITATION (IN)
  TODAY            0.00          2.66 1986   0.11  -0.11     0.00
  MONTH TO DATE    1.27                      0.91   0.36     0.70
  SINCE SEP 1     11.01                      7.30   3.71     6.86
  SINCE JAN 1       MM                      39.98    MM     47.90

SNOWFALL (IN)
  TODAY           MM
  MONTH TO DATE   MM
  SINCE SEP 1     MM
  SINCE JUL 1     MM
  SNOW DEPTH      MM

DEGREE DAYS
 HEATING
  TODAY           20                        15      5       23
  MONTH TO DATE  154                       111     43      104
  SINCE SEP 1    399                       416    -17      348
  SINCE JUL 1    399                       417    -18      348

 COOLING
  TODAY            0                         0      0        0
  MONTH TO DATE    0                         0      0        0
  SINCE SEP 1    193                       164     29      191
  SINCE JAN 1     MM                      1188     MM     1083
..................................................................

WIND (MPH)
  HIGHEST WIND SPEED    14   HIGHEST WIND DIRECTION     W (250)
  HIGHEST GUST SPEED    18   HIGHEST GUST DIRECTION    SW (220)
  AVERAGE WIND SPEED     3.9

SKY COVER
  POSSIBLE SUNSHINE  MM
  AVERAGE SKY COVER 0.1

WEATHER CONDITIONS
 THE FOLLOWING WEATHER WAS RECORDED TODAY.
  NO SIGNIFICANT WEATHER WAS OBSERVED.

RELATIVE HUMIDITY (PERCENT)
 HIGHEST    89          1200 AM
 LOWEST     35           200 PM
 AVERAGE    62

..........................................................


THE LONDON KY CLIMATE NORMALS FOR TOMORROW
                         NORMAL    RECORD    YEAR
 MAXIMUM TEMPERATURE (F)   61        77      2005
                                             1994
 MINIMUM TEMPERATURE (F)   39        18      1961

SUNRISE AND SUNSET
NOVEMBER  8 2014......SUNRISE   708 AM EST   SUNSET   532 PM EST
NOVEMBER  9 2014......SUNRISE   709 AM EST   SUNSET   531 PM EST

-  INDICATES NEGATIVE NUMBERS.
R  INDICATES RECORD WAS SET OR TIED.
MM INDICATES DATA IS MISSING.
T  INDICATES TRACE AMOUNT.

$$

CARICO
