000
CDUS43 KJKL 142031
CLILOZ

CLIMATE REPORT
NATIONAL WEATHER SERVICE JACKSON KY
427 PM EDT THU APR 14 2016


...................................

...THE LONDON KY CLIMATE SUMMARY FOR APRIL 14 2016...
VALID TODAY AS OF 0400 PM LOCAL TIME.

CLIMATE NORMAL PERIOD 1981 TO 2010
CLIMATE RECORD PERIOD 1954 TO 2016


WEATHER ITEM   OBSERVED TIME   RECORD YEAR NORMAL DEPARTURE LAST
                VALUE   (LST)  VALUE       VALUE  FROM      YEAR
                                                  NORMAL
..................................................................
TEMPERATURE (F)
 TODAY
  MAXIMUM         74    225 PM  87    2006  68      6       65
  MINIMUM         44    630 AM  26    1962  44      0       53
  AVERAGE         59                        56      3       59

PRECIPITATION (IN)
  TODAY            0.00          1.37 2007   0.13  -0.13     1.15
  MONTH TO DATE    0.98                      1.82  -0.84     4.02
  SINCE MAR 1      3.11                      5.87  -2.76     9.35

SNOWFALL (IN)
  TODAY           MM
  MONTH TO DATE   MM
  SINCE MAR 1     MM
  SINCE JUL 1     MM
  SNOW DEPTH      MM

DEGREE DAYS
 HEATING
  TODAY            6                        10     -4        6
  MONTH TO DATE  207                       159     48       75
  SINCE MAR 1    606                       708   -102      599
  SINCE JUL 1   3522                      3984   -462     4220

 COOLING
  TODAY            0                         1     -1        0
  MONTH TO DATE    0                         6     -6       17
  SINCE MAR 1      0                         9     -9       17
  SINCE JAN 1      0                         9     -9       17
..................................................................


WIND (MPH)
  HIGHEST WIND SPEED     8   HIGHEST WIND DIRECTION    SE (150)
  HIGHEST GUST SPEED    11   HIGHEST GUST DIRECTION    SW (230)
  AVERAGE WIND SPEED     3.4


SKY COVER
  POSSIBLE SUNSHINE  MM
  AVERAGE SKY COVER 0.3


WEATHER CONDITIONS
 THE FOLLOWING WEATHER WAS RECORDED TODAY.
  NO SIGNIFICANT WEATHER WAS OBSERVED.


RELATIVE HUMIDITY (PERCENT)
 HIGHEST    62           600 AM
 LOWEST     36           900 AM
 AVERAGE    49

..........................................................


THE LONDON KY CLIMATE NORMALS FOR TOMORROW
                         NORMAL    RECORD    YEAR
 MAXIMUM TEMPERATURE (F)   69        85      2006
                                             1977
 MINIMUM TEMPERATURE (F)   44        27      1963


SUNRISE AND SUNSET
APRIL 14 2016.........SUNRISE   703 AM EDT   SUNSET   811 PM EDT
APRIL 15 2016.........SUNRISE   701 AM EDT   SUNSET   812 PM EDT


-  INDICATES NEGATIVE NUMBERS.
R  INDICATES RECORD WAS SET OR TIED.
MM INDICATES DATA IS MISSING.
T  INDICATES TRACE AMOUNT.




$$
