000
CDUS43 KJKL 230534
CLILOZ

CLIMATE REPORT
NATIONAL WEATHER SERVICE JACKSON KY
134 AM EDT MON MAR 23 2015

...................................

...THE LONDON KY CLIMATE SUMMARY FOR MARCH 22 2015...

CLIMATE NORMAL PERIOD 1981 TO 2010
CLIMATE RECORD PERIOD 1954 TO 2015

WEATHER ITEM   OBSERVED TIME   RECORD YEAR NORMAL DEPARTURE LAST
                VALUE   (LST)  VALUE       VALUE  FROM      YEAR
                                                  NORMAL
..................................................................
TEMPERATURE (F)
 YESTERDAY
  MAXIMUM         65    206 PM  82    2012  61      4       65
  MINIMUM         46    306 AM  15    1986  38      8       45
  AVERAGE         56                        49      7       55

PRECIPITATION (IN)
  YESTERDAY        0.00          1.37 1968   0.13  -0.13     0.00
  MONTH TO DATE    4.66                      2.87   1.79     3.20
  SINCE MAR 1      4.66                      2.87   1.79     3.20
  SINCE JAN 1     12.13                     10.12   2.01     9.71

SNOWFALL (IN)
  YESTERDAY       MM
  MONTH TO DATE   MM
  SINCE MAR 1     MM
  SINCE JUL 1     MM
  SNOW DEPTH      MM

DEGREE DAYS
 HEATING
  YESTERDAY        9                        16     -7       10
  MONTH TO DATE  394                       417    -23      455
  SINCE MAR 1    394                       417    -23      455
  SINCE JUL 1   4015                      3693    322     3962

 COOLING
  YESTERDAY        0                         0      0        0
  MONTH TO DATE    0                         0      0        0
  SINCE MAR 1      0                         0      0        0
  SINCE JAN 1      0                         0      0        0
..................................................................

WIND (MPH)
  HIGHEST WIND SPEED    14   HIGHEST WIND DIRECTION     N (20)
  HIGHEST GUST SPEED    17   HIGHEST GUST DIRECTION     N (10)
  AVERAGE WIND SPEED     6.2

SKY COVER
  POSSIBLE SUNSHINE  MM
  AVERAGE SKY COVER 0.1

WEATHER CONDITIONS
 THE FOLLOWING WEATHER WAS RECORDED YESTERDAY.
  NO SIGNIFICANT WEATHER WAS OBSERVED.

RELATIVE HUMIDITY (PERCENT)
 HIGHEST    76           200 AM
 LOWEST     27           400 PM
 AVERAGE    52

..........................................................

THE LONDON KY CLIMATE NORMALS FOR TODAY
                         NORMAL    RECORD    YEAR
 MAXIMUM TEMPERATURE (F)   61        81      2007
 MINIMUM TEMPERATURE (F)   38        16      1960

SUNRISE AND SUNSET
MARCH 23 2015.........SUNRISE   736 AM EDT   SUNSET   751 PM EDT
MARCH 24 2015.........SUNRISE   734 AM EDT   SUNSET   752 PM EDT

-  INDICATES NEGATIVE NUMBERS.
R  INDICATES RECORD WAS SET OR TIED.
MM INDICATES DATA IS MISSING.
T  INDICATES TRACE AMOUNT.

$$
