000
CDUS43 KJKL 282120
CLILOZ

CLIMATE REPORT
NATIONAL WEATHER SERVICE JACKSON KY
420 PM EST TUE NOV 28 2017

...................................

...THE LONDON KY CLIMATE SUMMARY FOR NOVEMBER 28 2017...
VALID TODAY AS OF 0400 PM LOCAL TIME.

CLIMATE NORMAL PERIOD 1981 TO 2010
CLIMATE RECORD PERIOD 1954 TO 2017

WEATHER ITEM   OBSERVED TIME   RECORD YEAR NORMAL DEPARTURE LAST
                VALUE   (LST)  VALUE       VALUE  FROM      YEAR
                                                  NORMAL
..................................................................
TEMPERATURE (F)
 TODAY
  MAXIMUM         67    306 PM  73    2001  53     14       62
  MINIMUM         29    801 AM  15    1955  33     -4       40
  AVERAGE         48                        43      5       51

PRECIPITATION (IN)
  TODAY            0.00          1.88 2011   0.15  -0.15     0.40
  MONTH TO DATE    1.97                      3.54  -1.57     0.65
  SINCE SEP 1      9.06                      9.93  -0.87     2.73

SNOWFALL (IN)
  TODAY           MM
  MONTH TO DATE   MM
  SINCE SEP 1     MM
  SINCE JUL 1     MM
  SNOW DEPTH      MM

DEGREE DAYS
 HEATING
  TODAY           17                        22     -5       14
  MONTH TO DATE  479                       481     -2      437
  SINCE SEP 1    746                       786    -40      573
  SINCE JUL 1    746                       787    -41      573

 COOLING
  TODAY            0                         0      0        0
  MONTH TO DATE    6                         0      6        7
  SINCE SEP 1    172                       164      8      284
  SINCE JAN 1   1141                      1188    -47     1507
..................................................................

WIND (MPH)
  HIGHEST WIND SPEED    12   HIGHEST WIND DIRECTION     S (190)
  HIGHEST GUST SPEED    19   HIGHEST GUST DIRECTION    SW (220)
  AVERAGE WIND SPEED     2.4

SKY COVER
  POSSIBLE SUNSHINE  MM
  AVERAGE SKY COVER 0.0

WEATHER CONDITIONS
 THE FOLLOWING WEATHER WAS RECORDED TODAY.
  NO SIGNIFICANT WEATHER WAS OBSERVED.

RELATIVE HUMIDITY (PERCENT)
 HIGHEST    92           500 AM
 LOWEST     25           100 PM
 AVERAGE    59

..........................................................

THE LONDON KY CLIMATE NORMALS FOR TOMORROW
                         NORMAL    RECORD    YEAR
 MAXIMUM TEMPERATURE (F)   53        74      2006
 MINIMUM TEMPERATURE (F)   33         7      1976

SUNRISE AND SUNSET
NOVEMBER 28 2017......SUNRISE   728 AM EST   SUNSET   520 PM EST
NOVEMBER 29 2017......SUNRISE   729 AM EST   SUNSET   520 PM EST

-  INDICATES NEGATIVE NUMBERS.
R  INDICATES RECORD WAS SET OR TIED.
MM INDICATES DATA IS MISSING.
T  INDICATES TRACE AMOUNT.

$$

CARICO
