000
CDUS43 KJKL 120524
CLILOZ

CLIMATE REPORT
NATIONAL WEATHER SERVICE JACKSON KY
123 AM EDT MON JUN 12 2017

...................................

...THE LONDON KY CLIMATE SUMMARY FOR JUNE 11 2017...

CLIMATE NORMAL PERIOD 1981 TO 2010
CLIMATE RECORD PERIOD 1954 TO 2017

WEATHER ITEM   OBSERVED TIME   RECORD YEAR NORMAL DEPARTURE LAST
                VALUE   (LST)  VALUE       VALUE  FROM      YEAR
                                                  NORMAL
..................................................................
TEMPERATURE (F)
 YESTERDAY
  MAXIMUM         85    412 PM  91    2016  83      2       91
                                      1956
  MINIMUM         61    531 AM  41    1988  61      0       61
  AVERAGE         73                        72      1       76

PRECIPITATION (IN)
  YESTERDAY        0.00          1.70 2009   0.14  -0.14     0.00
  MONTH TO DATE    0.75                      1.69  -0.94     0.90
  SINCE JUN 1      0.75                      1.69  -0.94     0.90

SNOWFALL (IN)
  YESTERDAY       MM
  MONTH TO DATE   MM
  SINCE JUN 1     MM
  SINCE JUL 1     MM
  SNOW DEPTH      MM

DEGREE DAYS
 HEATING
  YESTERDAY        0                         0      0        0
  MONTH TO DATE    3                         7     -4        2
  SINCE JUN 1      3                         7     -4        2
  SINCE JUL 1   3322                      4203   -881     3676

 COOLING
  YESTERDAY        8                         7      1       11
  MONTH TO DATE   35                        67    -32       77
  SINCE JUN 1     35                        67    -32       77
  SINCE JAN 1    186                       181      5      179
..................................................................

WIND (MPH)
  HIGHEST WIND SPEED    13   HIGHEST WIND DIRECTION    SW (210)
  HIGHEST GUST SPEED    16   HIGHEST GUST DIRECTION     S (180)
  AVERAGE WIND SPEED     3.2

SKY COVER
  POSSIBLE SUNSHINE  MM
  AVERAGE SKY COVER 0.2

WEATHER CONDITIONS
 THE FOLLOWING WEATHER WAS RECORDED YESTERDAY.
  NO SIGNIFICANT WEATHER WAS OBSERVED.

RELATIVE HUMIDITY (PERCENT)
 HIGHEST    90           300 AM
 LOWEST     43          1200 PM
 AVERAGE    67
..........................................................

THE LONDON KY CLIMATE NORMALS FOR TODAY
                         NORMAL    RECORD    YEAR
 MAXIMUM TEMPERATURE (F)   83        91      2013
                                             2008
                                             1984
 MINIMUM TEMPERATURE (F)   61        44      1972

SUNRISE AND SUNSET
JUNE 12 2017..........SUNRISE   616 AM EDT   SUNSET   857 PM EDT
JUNE 13 2017..........SUNRISE   616 AM EDT   SUNSET   857 PM EDT

-  INDICATES NEGATIVE NUMBERS.
R  INDICATES RECORD WAS SET OR TIED.
MM INDICATES DATA IS MISSING.
T  INDICATES TRACE AMOUNT.

$$

GEOGERIAN
