000
CDUS43 KJKL 200521 RRA
CLILOZ

SDFCLILOZ 000
TTAA00 KJKL 200520

CLIMATE REPORT
NATIONAL WEATHER SERVICE JACKSON KY
120 AM EDT SAT AUG 20 2016

...................................

...THE LONDON KY CLIMATE SUMMARY FOR AUGUST 19 2016...

CLIMATE NORMAL PERIOD 1981 TO 2010
CLIMATE RECORD PERIOD 1954 TO 2016


WEATHER ITEM   OBSERVED TIME   RECORD YEAR NORMAL DEPARTURE LAST
                VALUE   (LST)  VALUE       VALUE  FROM      YEAR
                                                  NORMAL
..................................................................
TEMPERATURE (F)
 YESTERDAY
  MAXIMUM         78    205 PM  96    2007  86     -8       86
  MINIMUM         68   1159 PM  54    1982  65      3       69
  AVERAGE         73                        75     -2       78

PRECIPITATION (IN)
  YESTERDAY        0.90          2.02 1999   0.12   0.78     0.62
  MONTH TO DATE    3.21                      2.40   0.81     2.58
  SINCE JUN 1     13.93                     10.84   3.09    18.78

SNOWFALL (IN)
  YESTERDAY       MM
  MONTH TO DATE   MM
  SINCE JUN 1     MM
  SINCE JUL 1     MM
  SNOW DEPTH      MM

DEGREE DAYS
 HEATING
  YESTERDAY        0                         0      0        0
  MONTH TO DATE    0                         0      0        0
  SINCE JUN 1      2                         9     -7        2
  SINCE JUL 1      0                         0      0        0

 COOLING
  YESTERDAY        8                        10     -2       13
  MONTH TO DATE  265                       205     60      202
  SINCE JUN 1    979                       798    181      899
  SINCE JAN 1   1081                       912    169     1093
..................................................................

WIND (MPH)
  HIGHEST WIND SPEED    15   HIGHEST WIND DIRECTION    NW (300)
  HIGHEST GUST SPEED    18   HIGHEST GUST DIRECTION    NW (310)
  AVERAGE WIND SPEED     2.3

SKY COVER
  POSSIBLE SUNSHINE  MM
  AVERAGE SKY COVER 0.6

WEATHER CONDITIONS
 THE FOLLOWING WEATHER WAS RECORDED YESTERDAY.
  HEAVY RAIN
  RAIN
  LIGHT RAIN
  FOG
  FOG W/VISIBILITY <= 1/4 MILE
  HAZE

RELATIVE HUMIDITY (PERCENT)
 HIGHEST    97          1200 AM
 LOWEST     79           600 PM
 AVERAGE    88

..........................................................

THE LONDON KY CLIMATE NORMALS FOR TODAY
                         NORMAL    RECORD    YEAR
 MAXIMUM TEMPERATURE (F)   86        98      1983
 MINIMUM TEMPERATURE (F)   65        54      2012
                                             1976


SUNRISE AND SUNSET
AUGUST 20 2016........SUNRISE   658 AM EDT   SUNSET   821 PM EDT
AUGUST 21 2016........SUNRISE   658 AM EDT   SUNSET   820 PM EDT


-  INDICATES NEGATIVE NUMBERS.
R  INDICATES RECORD WAS SET OR TIED.
MM INDICATES DATA IS MISSING.
T  INDICATES TRACE AMOUNT.


$$

JVM
