000
CDUS43 KJKL 150529
CLILOZ

CLIMATE REPORT
NATIONAL WEATHER SERVICE JACKSON KY
129 AM EDT FRI MAY 15 2015

...................................

...THE LONDON KY CLIMATE SUMMARY FOR MAY 14 2015...

CLIMATE NORMAL PERIOD 1981 TO 2010
CLIMATE RECORD PERIOD 1954 TO 2015


WEATHER ITEM   OBSERVED TIME   RECORD YEAR NORMAL DEPARTURE LAST
                VALUE   (LST)  VALUE       VALUE  FROM      YEAR
                                                  NORMAL
..................................................................
TEMPERATURE (F)
 YESTERDAY
  MAXIMUM         83    335 PM  88    1998  76      7       83
  MINIMUM         50    552 AM  33    1996  53     -3       64
  AVERAGE         67                        64      3       74

PRECIPITATION (IN)
  YESTERDAY        0.00          1.07 1968   0.18  -0.18     0.05
  MONTH TO DATE    0.12                      2.32  -2.20     0.90
  SINCE MAR 1     11.00                     10.42   0.58    11.15
  SINCE JAN 1     18.47                     17.67   0.80    17.66

SNOWFALL (IN)
  YESTERDAY       MM
  MONTH TO DATE   MM
  SINCE MAR 1     MM
  SINCE JUL 1     MM
  SNOW DEPTH      MM

DEGREE DAYS
 HEATING
  YESTERDAY        0                         3     -3        0
  MONTH TO DATE   24                        58    -34       29
  SINCE MAR 1    742                       883   -141      859
  SINCE JUL 1   4363                      4159    204     4366

 COOLING
  YESTERDAY        2                         3     -1        9
  MONTH TO DATE   65                        24     41       66
  SINCE MAR 1     88                        50     38       91
  SINCE JAN 1     88                        50     38       91
..................................................................

WIND (MPH)
  HIGHEST WIND SPEED    12   HIGHEST WIND DIRECTION    SW (240)
  HIGHEST GUST SPEED    16   HIGHEST GUST DIRECTION    SW (240)
  AVERAGE WIND SPEED     3.5

SKY COVER
  POSSIBLE SUNSHINE  MM
  AVERAGE SKY COVER 0.0

WEATHER CONDITIONS
 THE FOLLOWING WEATHER WAS RECORDED YESTERDAY.
  NO SIGNIFICANT WEATHER WAS OBSERVED.

RELATIVE HUMIDITY (PERCENT)
 HIGHEST    68           400 AM
 LOWEST     33           300 PM
 AVERAGE    51

..........................................................

THE LONDON KY CLIMATE NORMALS FOR TODAY
                         NORMAL    RECORD    YEAR
 MAXIMUM TEMPERATURE (F)   76        88      1991
 MINIMUM TEMPERATURE (F)   53        37      1959

SUNRISE AND SUNSET
MAY 15 2015...........SUNRISE   628 AM EDT   SUNSET   837 PM EDT
MAY 16 2015...........SUNRISE   628 AM EDT   SUNSET   838 PM EDT

-  INDICATES NEGATIVE NUMBERS.
R  INDICATES RECORD WAS SET OR TIED.
MM INDICATES DATA IS MISSING.
T  INDICATES TRACE AMOUNT.

$$
