832
CDUS43 KJKL 172021
CLILOZ

CLIMATE REPORT
NATIONAL WEATHER SERVICE JACKSON KY
420 PM EDT SAT SEP 17 2016

...................................

...THE LONDON KY CLIMATE SUMMARY FOR SEPTEMBER 17 2016...
VALID TODAY AS OF 0400 PM LOCAL TIME.

CLIMATE NORMAL PERIOD 1981 TO 2010
CLIMATE RECORD PERIOD 1954 TO 2016

WEATHER ITEM   OBSERVED TIME   RECORD YEAR NORMAL DEPARTURE LAST
                VALUE   (LST)  VALUE       VALUE  FROM      YEAR
                                                  NORMAL
..................................................................
TEMPERATURE (F)
 TODAY
  MAXIMUM         86    101 PM  92    1955  79      7       81
  MINIMUM         66    631 AM  38    2000  57      9       53
  AVERAGE         76                        68      8       67

PRECIPITATION (IN)
  TODAY            0.00          4.32 2004   0.12  -0.12     0.00
  MONTH TO DATE    0.11                      1.91  -1.80     2.26
  SINCE SEP 1      0.11                      1.91  -1.80     2.26

SNOWFALL (IN)
  TODAY           MM
  MONTH TO DATE   MM
  SINCE SEP 1     MM
  SINCE JUL 1     MM
  SNOW DEPTH      MM

DEGREE DAYS
 HEATING
  TODAY            0                         1     -1        0
  MONTH TO DATE    0                         7     -7       12
  SINCE SEP 1      0                         7     -7       12
  SINCE JUL 1      0                         8     -8       12

 COOLING
  TODAY           11                         4      7        2
  MONTH TO DATE  161                       105     56      137
  SINCE SEP 1    161                       105     56      137
  SINCE JAN 1   1384                      1129    255     1308
.................................................................

WIND (MPH)
  HIGHEST WIND SPEED    17   HIGHEST WIND DIRECTION     S (190)
  HIGHEST GUST SPEED    23   HIGHEST GUST DIRECTION     S (200)
  AVERAGE WIND SPEED     4.4

SKY COVER
  POSSIBLE SUNSHINE  MM
  AVERAGE SKY COVER 0.1

WEATHER CONDITIONS
 THE FOLLOWING WEATHER WAS RECORDED TODAY.
  FOG

RELATIVE HUMIDITY (PERCENT)
 HIGHEST    93           500 AM
 LOWEST     44           100 PM
 AVERAGE    69
..........................................................

THE LONDON KY CLIMATE NORMALS FOR TOMORROW
                         NORMAL    RECORD    YEAR
 MAXIMUM TEMPERATURE (F)   79        91      1998
 MINIMUM TEMPERATURE (F)   56        41      1961

SUNRISE AND SUNSET
SEPTEMBER 17 2016.....SUNRISE   720 AM EDT   SUNSET   740 PM EDT
SEPTEMBER 18 2016.....SUNRISE   721 AM EDT   SUNSET   739 PM EDT

-  INDICATES NEGATIVE NUMBERS.
R  INDICATES RECORD WAS SET OR TIED.
MM INDICATES DATA IS MISSING.
T  INDICATES TRACE AMOUNT.

$$

TAB
