176
CDUS43 KJKL 110922
CLILOZ

CLIMATE REPORT
NATIONAL WEATHER SERVICE JACKSON KY
522 AM EDT FRI AUG 11 2017

...................................

...THE LONDON KY CLIMATE SUMMARY FOR AUGUST 10 2017...

CLIMATE NORMAL PERIOD 1981 TO 2010
CLIMATE RECORD PERIOD 1954 TO 2017


WEATHER ITEM   OBSERVED TIME   RECORD YEAR NORMAL DEPARTURE LAST
                VALUE   (LST)  VALUE       VALUE  FROM      YEAR
                                                  NORMAL
..................................................................

TEMPERATURE (F)
 YESTERDAY
  MAXIMUM         80    202 PM  98    1980  86     -6       89
  MINIMUM         69   1159 PM  51    1976  66      3       72
  AVERAGE         75                        76     -1       81

PRECIPITATION (IN)
  YESTERDAY        0.69          1.78 2006   0.13   0.56     0.00
  MONTH TO DATE    3.98                      1.29   2.69     1.84
  SINCE JUN 1     15.04                      9.73   5.31    12.56

SNOWFALL (IN)
  YESTERDAY       MM
  MONTH TO DATE   MM
  SINCE JUN 1     MM
  SINCE JUL 1     MM
  SNOW DEPTH      MM

DEGREE DAYS
 HEATING
  YESTERDAY        0                         0      0        0
  MONTH TO DATE    0                         0      0        0
  SINCE JUN 1      3                         9     -6        2
  SINCE JUL 1      0                         0      0        0

 COOLING
  YESTERDAY       10                        11     -1       16
  MONTH TO DATE   71                       110    -39      139
  SINCE JUN 1    632                       703    -71      853
  SINCE JAN 1    783                       817    -34      955
..................................................................

WIND (MPH)
  HIGHEST WIND SPEED    10   HIGHEST WIND DIRECTION     S (180)
  HIGHEST GUST SPEED    14   HIGHEST GUST DIRECTION     E (90)
  AVERAGE WIND SPEED     3.1


SKY COVER
  POSSIBLE SUNSHINE  MM
  AVERAGE SKY COVER 0.6


WEATHER CONDITIONS
 THE FOLLOWING WEATHER WAS RECORDED YESTERDAY.
  THUNDERSTORM
  HEAVY RAIN
  RAIN
  LIGHT RAIN
  FOG


RELATIVE HUMIDITY (PERCENT)
 HIGHEST    97           400 AM
 LOWEST     71           200 PM
 AVERAGE    84
..........................................................

THE LONDON KY CLIMATE NORMALS FOR TODAY
                         NORMAL    RECORD    YEAR
 MAXIMUM TEMPERATURE (F)   86        94      2010
                                             1999
                                             1983
 MINIMUM TEMPERATURE (F)   65        50      1962


SUNRISE AND SUNSET
AUGUST 11 2017........SUNRISE   650 AM EDT   SUNSET   832 PM EDT
AUGUST 12 2017........SUNRISE   651 AM EDT   SUNSET   831 PM EDT


-  INDICATES NEGATIVE NUMBERS.
R  INDICATES RECORD WAS SET OR TIED.
MM INDICATES DATA IS MISSING.
T  INDICATES TRACE AMOUNT.
$$
