000
CDUS43 KJKL 130535 RRA
CLILOZ

CLIMATE REPORT
NATIONAL WEATHER SERVICE JACKSON KY
134 AM EDT SAT AUG 13 2016

...................................

...THE LONDON KY CLIMATE SUMMARY FOR AUGUST 12 2016...

CLIMATE NORMAL PERIOD 1981 TO 2010
CLIMATE RECORD PERIOD 1954 TO 2016


WEATHER ITEM   OBSERVED TIME   RECORD YEAR NORMAL DEPARTURE LAST
                VALUE   (LST)  VALUE       VALUE  FROM      YEAR
                                                  NORMAL
..................................................................
TEMPERATURE (F)
 YESTERDAY
  MAXIMUM         92    336 PM  95    2007  86      6       83
  MINIMUM         73    633 AM  52    1967  65      8       63
  AVERAGE         83                        76      7       73

PRECIPITATION (IN)
  YESTERDAY        0.00          0.98 2004   0.13  -0.13     0.00
  MONTH TO DATE    1.84                      1.55   0.29     1.28
  SINCE JUN 1     12.56                      9.99   2.57    17.48

SNOWFALL (IN)
  YESTERDAY       MM
  MONTH TO DATE   MM
  SINCE JUN 1     MM
  SINCE JUL 1     MM
  SNOW DEPTH      MM

DEGREE DAYS
 HEATING
  YESTERDAY        0                         0      0        0
  MONTH TO DATE    0                         0      0        0
  SINCE JUN 1      2                         9     -7        2
  SINCE JUL 1      0                         0      0        0

 COOLING
  YESTERDAY       18                        11      7        8
  MONTH TO DATE  173                       132     41      133
  SINCE JUN 1    887                       725    162      830
  SINCE JAN 1    989                       839    150     1024
..................................................................


WIND (MPH)
  HIGHEST WIND SPEED    13   HIGHEST WIND DIRECTION     W (250)
  HIGHEST GUST SPEED    18   HIGHEST GUST DIRECTION     S (190)
  AVERAGE WIND SPEED     4.3


SKY COVER
  POSSIBLE SUNSHINE  MM
  AVERAGE SKY COVER 0.4


WEATHER CONDITIONS
 THE FOLLOWING WEATHER WAS RECORDED YESTERDAY.
  NO SIGNIFICANT WEATHER WAS OBSERVED.


RELATIVE HUMIDITY (PERCENT)
 HIGHEST    93           200 AM
 LOWEST     50           300 PM
 AVERAGE    72

..........................................................


THE LONDON KY CLIMATE NORMALS FOR TODAY
                         NORMAL    RECORD    YEAR
 MAXIMUM TEMPERATURE (F)   86        97      1999
 MINIMUM TEMPERATURE (F)   65        45      1964


SUNRISE AND SUNSET
AUGUST 13 2016........SUNRISE   652 AM EDT   SUNSET   830 PM EDT
AUGUST 14 2016........SUNRISE   653 AM EDT   SUNSET   829 PM EDT


-  INDICATES NEGATIVE NUMBERS.
R  INDICATES RECORD WAS SET OR TIED.
MM INDICATES DATA IS MISSING.
T  INDICATES TRACE AMOUNT.




$$
