000
CDUS43 KJKL 140531
CLILOZ

CLIMATE REPORT
NATIONAL WEATHER SERVICE JACKSON KY
129 AM EDT WED JUN 14 2017
...................................

...THE LONDON KY CLIMATE SUMMARY FOR JUNE 13 2017...

CLIMATE NORMAL PERIOD 1981 TO 2010
CLIMATE RECORD PERIOD 1954 TO 2017

WEATHER ITEM   OBSERVED TIME   RECORD YEAR NORMAL DEPARTURE LAST
                VALUE   (LST)  VALUE       VALUE  FROM      YEAR
                                                  NORMAL
..................................................................
TEMPERATURE (F)
 YESTERDAY
  MAXIMUM         91    355 PM  92    2000  83      8       89
                                      1958
  MINIMUM         68   1159 PM  47    1985  62      6       67
  AVERAGE         80                        72      8       78

PRECIPITATION (IN)
  YESTERDAY        0.02          1.23 1977   0.15  -0.13     0.00
  MONTH TO DATE    0.78                      1.99  -1.21     0.90
  SINCE JUN 1      0.78                      1.99  -1.21     0.90

SNOWFALL (IN)
  YESTERDAY       MM
  MONTH TO DATE   MM
  SINCE JUN 1     MM
  SINCE JUL 1     MM
  SNOW DEPTH      MM

DEGREE DAYS
 HEATING
  YESTERDAY        0                         0      0        0
  MONTH TO DATE    3                         7     -4        2
  SINCE JUN 1      3                         7     -4        2
  SINCE JUL 1   3322                      4203   -881     3676

 COOLING
  YESTERDAY       15                         8      7       13
  MONTH TO DATE   60                        82    -22      102
  SINCE JUN 1     60                        82    -22      102
  SINCE JAN 1    211                       196     15      204
..................................................................

WIND (MPH)
  HIGHEST WIND SPEED    25   HIGHEST WIND DIRECTION     N (20)
  HIGHEST GUST SPEED    34   HIGHEST GUST DIRECTION    NE (30)
  AVERAGE WIND SPEED     4.6

SKY COVER
  POSSIBLE SUNSHINE  MM
  AVERAGE SKY COVER 0.5

WEATHER CONDITIONS
 THE FOLLOWING WEATHER WAS RECORDED YESTERDAY.
  THUNDERSTORM
  LIGHT RAIN
  FOG

RELATIVE HUMIDITY (PERCENT)
 HIGHEST    90          1200 AM
 LOWEST     44           300 PM
 AVERAGE    67
..........................................................

THE LONDON KY CLIMATE NORMALS FOR TODAY
                         NORMAL    RECORD    YEAR
 MAXIMUM TEMPERATURE (F)   83        92      2016
 MINIMUM TEMPERATURE (F)   62        44      1985

SUNRISE AND SUNSET
JUNE 14 2017..........SUNRISE   616 AM EDT   SUNSET   858 PM EDT
JUNE 15 2017..........SUNRISE   616 AM EDT   SUNSET   858 PM EDT

-  INDICATES NEGATIVE NUMBERS.
R  INDICATES RECORD WAS SET OR TIED.
MM INDICATES DATA IS MISSING.
T  INDICATES TRACE AMOUNT.

$$
