000
CDUS43 KJKL 170532
CLILOZ

CLIMATE REPORT
NATIONAL WEATHER SERVICE JACKSON KY
132 AM EDT SUN MAY 17 2015

...................................

...THE LONDON KY CLIMATE SUMMARY FOR MAY 16 2015...

CLIMATE NORMAL PERIOD 1981 TO 2010
CLIMATE RECORD PERIOD 1954 TO 2015


WEATHER ITEM   OBSERVED TIME   RECORD YEAR NORMAL DEPARTURE LAST
                VALUE   (LST)  VALUE       VALUE  FROM      YEAR
                                                  NORMAL
..................................................................
TEMPERATURE (F)
 YESTERDAY
  MAXIMUM         79   1053 AM  89    1962  76      3       58
  MINIMUM         66    544 AM  31    1997  53     13       42
  AVERAGE         73                        65      8       50

PRECIPITATION (IN)
  YESTERDAY        0.01          1.39 2004   0.17  -0.16     0.13
  MONTH TO DATE    0.13                      2.67  -2.54     1.43
  SINCE MAR 1     11.01                     10.77   0.24    11.68
  SINCE JAN 1     18.48                     18.02   0.46    18.19

SNOWFALL (IN)
  YESTERDAY       MM
  MONTH TO DATE   MM
  SINCE MAR 1     MM
  SINCE JUL 1     MM
  SNOW DEPTH      MM

DEGREE DAYS
 HEATING
  YESTERDAY        0                         3     -3       15
  MONTH TO DATE   24                        64    -40       50
  SINCE MAR 1    742                       889   -147      880
  SINCE JUL 1   4363                      4165    198     4387

 COOLING
  YESTERDAY        8                         3      5        0
  MONTH TO DATE   83                        30     53       66
  SINCE MAR 1    106                        56     50       91
  SINCE JAN 1    106                        56     50       91
..................................................................

WIND (MPH)
  HIGHEST WIND SPEED    16   HIGHEST WIND DIRECTION     W (250)
  HIGHEST GUST SPEED    22   HIGHEST GUST DIRECTION    SW (240)
  AVERAGE WIND SPEED     4.7

SKY COVER
  POSSIBLE SUNSHINE  MM
  AVERAGE SKY COVER 0.7

WEATHER CONDITIONS
 THE FOLLOWING WEATHER WAS RECORDED YESTERDAY.
  LIGHT RAIN

RELATIVE HUMIDITY (PERCENT)
 HIGHEST    81           400 AM
 LOWEST     52          1000 AM
 AVERAGE    67

..........................................................

THE LONDON KY CLIMATE NORMALS FOR TODAY
                         NORMAL    RECORD    YEAR
 MAXIMUM TEMPERATURE (F)   77        89      1962
 MINIMUM TEMPERATURE (F)   54        36      1983

SUNRISE AND SUNSET
MAY 17 2015...........SUNRISE   627 AM EDT   SUNSET   839 PM EDT
MAY 18 2015...........SUNRISE   626 AM EDT   SUNSET   840 PM EDT

-  INDICATES NEGATIVE NUMBERS.
R  INDICATES RECORD WAS SET OR TIED.
MM INDICATES DATA IS MISSING.
T  INDICATES TRACE AMOUNT.

$$
