000
CDUS43 KJKL 090537
CLILOZ

CLIMATE REPORT
NATIONAL WEATHER SERVICE JACKSON KY
1230 AM EST THU MAR 9 2017

...................................

...THE LONDON KY CLIMATE SUMMARY FOR MARCH 8 2017...

CLIMATE NORMAL PERIOD 1981 TO 2010
CLIMATE RECORD PERIOD 1954 TO 2017

WEATHER ITEM   OBSERVED TIME   RECORD YEAR NORMAL DEPARTURE LAST
                VALUE   (LST)  VALUE       VALUE  FROM      YEAR
                                                  NORMAL
..................................................................
TEMPERATURE (F)
 YESTERDAY
  MAXIMUM         62    443 PM  82    1974  56      6       73
  MINIMUM         33    716 AM  -1    1960  34     -1       44
  AVERAGE         48                        45      3       59

PRECIPITATION (IN)
  YESTERDAY        0.00          1.70 1995   0.13  -0.13     0.00
  MONTH TO DATE    1.83                      1.07   0.76     0.62
  SINCE MAR 1      1.83                      1.07   0.76     0.62

SNOWFALL (IN)
  YESTERDAY       MM
  MONTH TO DATE   MM
  SINCE MAR 1     MM
  SINCE JUL 1     MM
  SNOW DEPTH      MM

DEGREE DAYS
 HEATING
  YESTERDAY       17                        20     -3        6
  MONTH TO DATE  142                       167    -25      181
  SINCE MAR 1    142                       167    -25      181
  SINCE JUL 1   2737                      3443   -706     3097

 COOLING
  YESTERDAY        0                         0      0        0
  MONTH TO DATE    0                         0      0        0
  SINCE MAR 1      0                         0      0        0
  SINCE JAN 1      0                         0      0        0
..................................................................

WIND (MPH)
  HIGHEST WIND SPEED    25   HIGHEST WIND DIRECTION     W (250)
  HIGHEST GUST SPEED    31   HIGHEST GUST DIRECTION     W (270)
  AVERAGE WIND SPEED     6.2

SKY COVER
  POSSIBLE SUNSHINE  MM
  AVERAGE SKY COVER 0.0

WEATHER CONDITIONS
 THE FOLLOWING WEATHER WAS RECORDED YESTERDAY.
  FOG

RELATIVE HUMIDITY (PERCENT)
 HIGHEST    92           400 AM
 LOWEST     17           400 PM
 AVERAGE    55
..........................................................

THE LONDON KY CLIMATE NORMALS FOR TODAY
                         NORMAL    RECORD    YEAR
 MAXIMUM TEMPERATURE (F)   56        82      1973
 MINIMUM TEMPERATURE (F)   34        12      2008

SUNRISE AND SUNSET
MARCH  9 2017.........SUNRISE   656 AM EST   SUNSET   638 PM EST
MARCH 10 2017.........SUNRISE   654 AM EST   SUNSET   639 PM EST

-  INDICATES NEGATIVE NUMBERS.
R  INDICATES RECORD WAS SET OR TIED.
MM INDICATES DATA IS MISSING.
T  INDICATES TRACE AMOUNT.

$$

SHALLENBERGER
