000
CDUS43 KJKL 252121
CLILOZ

CLIMATE REPORT
NATIONAL WEATHER SERVICE JACKSON KY
421 PM EST WED FEB 25 2015

...................................

...THE LONDON KY CLIMATE SUMMARY FOR FEBRUARY 25 2015...
VALID TODAY AS OF 0400 PM LOCAL TIME.

CLIMATE NORMAL PERIOD 1981 TO 2010
CLIMATE RECORD PERIOD 1954 TO 2015


WEATHER ITEM   OBSERVED TIME   RECORD YEAR NORMAL DEPARTURE LAST
                VALUE   (LST)  VALUE       VALUE  FROM      YEAR
                                                  NORMAL
..................................................................
TEMPERATURE (F)
 TODAY
  MAXIMUM         37    359 PM  74    2000  53    -16       44
  MINIMUM         18    653 AM  -3    1967  32    -14       29
  AVERAGE         28                        42    -14       37

PRECIPITATION (IN)
  TODAY            0.00          1.94 1979   0.13  -0.13     0.00
  MONTH TO DATE    5.09                      3.30   1.79     4.23
  SINCE DEC 1     11.28                     11.08   0.20    12.95
  SINCE JAN 1      7.47                      6.84   0.63     6.51

SNOWFALL (IN)
  TODAY           MM
  MONTH TO DATE   MM
  SINCE DEC 1     MM
  SINCE JUL 1     MM
  SNOW DEPTH      MM

DEGREE DAYS
 HEATING
  TODAY           37                        23     14       28
  MONTH TO DATE  905                       644    261      670
  SINCE DEC 1   2570                      2377    193     2534
  SINCE JUL 1   3514                      3207    307     3401

 COOLING
  TODAY            0                         0      0        0
  MONTH TO DATE    0                         0      0        0
  SINCE DEC 1      0                         1     -1        0
  SINCE JAN 1      0                         0      0        0
..................................................................


WIND (MPH)
  HIGHEST WIND SPEED     6   HIGHEST WIND DIRECTION     E (80)
  HIGHEST GUST SPEED     8   HIGHEST GUST DIRECTION     S (180)
  AVERAGE WIND SPEED     2.0


SKY COVER
  POSSIBLE SUNSHINE  MM
  AVERAGE SKY COVER 0.3


WEATHER CONDITIONS
 THE FOLLOWING WEATHER WAS RECORDED TODAY.
  NO SIGNIFICANT WEATHER WAS OBSERVED.


RELATIVE HUMIDITY (PERCENT)
 HIGHEST    74           700 AM
 LOWEST     41          1200 PM
 AVERAGE    58

..........................................................


THE LONDON KY CLIMATE NORMALS FOR TOMORROW
                         NORMAL    RECORD    YEAR
 MAXIMUM TEMPERATURE (F)   53        81      1977
 MINIMUM TEMPERATURE (F)   32         2      1967


SUNRISE AND SUNSET
FEBRUARY 25 2015......SUNRISE   713 AM EST   SUNSET   626 PM EST
FEBRUARY 26 2015......SUNRISE   712 AM EST   SUNSET   627 PM EST


-  INDICATES NEGATIVE NUMBERS.
R  INDICATES RECORD WAS SET OR TIED.
MM INDICATES DATA IS MISSING.
T  INDICATES TRACE AMOUNT.

$$

CARICO
