000
CDUS43 KJKL 120544
CLILOZ

CLIMATE REPORT
NATIONAL WEATHER SERVICE JACKSON KY
144 AM EDT FRI MAY 12 2017


...................................

...THE LONDON KY CLIMATE SUMMARY FOR MAY 11 2017...

CLIMATE NORMAL PERIOD 1981 TO 2010
CLIMATE RECORD PERIOD 1954 TO 2017


WEATHER ITEM   OBSERVED TIME   RECORD YEAR NORMAL DEPARTURE LAST
                VALUE   (LST)  VALUE       VALUE  FROM      YEAR
                                                  NORMAL
..................................................................
TEMPERATURE (F)
 YESTERDAY
  MAXIMUM         82    330 PM  88    2015  75      7       79
  MINIMUM         60   1148 PM  35    1997  52      8       61
  AVERAGE         71                        64      7       70

PRECIPITATION (IN)
  YESTERDAY        0.99          1.94 2016   0.16   0.83     1.94
  MONTH TO DATE    3.35                      1.78   1.57     2.45
  SINCE MAR 1     13.71                      9.88   3.83     7.48

SNOWFALL (IN)
  YESTERDAY       MM
  MONTH TO DATE   MM
  SINCE MAR 1     MM
  SINCE JUL 1     MM
  SNOW DEPTH      MM

DEGREE DAYS
 HEATING
  YESTERDAY        0                         4     -4        0
  MONTH TO DATE   68                        48     20       46
  SINCE MAR 1    705                       873   -168      676
  SINCE JUL 1   3300                      4149   -849     3592

COOLING
  YESTERDAY        6                         2      4        5
  MONTH TO DATE   13                        17     -4       20
  SINCE MAR 1     70                        43     27       42
  SINCE JAN 1     70                        43     27       42
..................................................................


WIND (MPH)
  HIGHEST WIND SPEED    23   HIGHEST WIND DIRECTION     N (340)
  HIGHEST GUST SPEED    29   HIGHEST GUST DIRECTION     N (350)
  AVERAGE WIND SPEED     6.2


SKY COVER
  POSSIBLE SUNSHINE  MM
  AVERAGE SKY COVER 0.3


WEATHER CONDITIONS
 THE FOLLOWING WEATHER WAS RECORDED YESTERDAY.
  THUNDERSTORM
  HEAVY RAIN
  RAIN
  LIGHT RAIN
  FOG


RELATIVE HUMIDITY (PERCENT)
 HIGHEST    97           900 PM
 LOWEST     45           400 PM
 AVERAGE    71

..........................................................


THE LONDON KY CLIMATE NORMALS FOR TODAY
                         NORMAL    RECORD    YEAR
 MAXIMUM TEMPERATURE (F)   75        89      2000
 MINIMUM TEMPERATURE (F)   52        33      1989


SUNRISE AND SUNSET
MAY 12 2017...........SUNRISE   630 AM EDT   SUNSET   835 PM EDT
MAY 13 2017...........SUNRISE   630 AM EDT   SUNSET   836 PM EDT


-  INDICATES NEGATIVE NUMBERS.
R  INDICATES RECORD WAS SET OR TIED.
MM INDICATES DATA IS MISSING.
T  INDICATES TRACE AMOUNT.




$$
