000
CDUS43 KJKL 150628
CLILOZ

CLIMATE REPORT
NATIONAL WEATHER SERVICE JACKSON KY
128 AM EST WED FEB 15 2017


...................................

...THE LONDON KY CLIMATE SUMMARY FOR FEBRUARY 14 2017...

CLIMATE NORMAL PERIOD 1981 TO 2010
CLIMATE RECORD PERIOD 1954 TO 2017


WEATHER ITEM   OBSERVED TIME   RECORD YEAR NORMAL DEPARTURE LAST
                VALUE   (LST)  VALUE       VALUE  FROM      YEAR
                                                  NORMAL
..................................................................
TEMPERATURE (F)
 YESTERDAY
  MAXIMUM         45    459 PM  70    1959  49     -4       25
  MINIMUM         28    420 AM   3    1960  29     -1       15
  AVERAGE         37                        39     -2       20

PRECIPITATION (IN)
  YESTERDAY        0.17          1.45 1970   0.14   0.03     0.44
  MONTH TO DATE    0.53                      1.82  -1.29     2.12
  SINCE DEC 1     10.91                      9.60   1.31     9.65
  SINCE JAN 1      4.61                      5.36  -0.75     4.20

SNOWFALL (IN)
  YESTERDAY       MM
  MONTH TO DATE   MM
  SINCE DEC 1     MM
  SINCE JUL 1     MM
  SNOW DEPTH      MM

DEGREE DAYS
 HEATING
  YESTERDAY       28                        26      2       45
  MONTH TO DATE  310                       379    -69      437
  SINCE DEC 1   1796                      2112   -316     1943
  SINCE JUL 1   2387                      2942   -555     2608

COOLING
  YESTERDAY        0                         0      0        0
  MONTH TO DATE    0                         0      0        0
  SINCE DEC 1      0                         1     -1        0
  SINCE JAN 1      0                         0      0        0
..................................................................


WIND (MPH)
  HIGHEST WIND SPEED    14   HIGHEST WIND DIRECTION     S (190)
  HIGHEST GUST SPEED    19   HIGHEST GUST DIRECTION     S (190)
  AVERAGE WIND SPEED     3.3


SKY COVER
  POSSIBLE SUNSHINE  MM
  AVERAGE SKY COVER 0.8


WEATHER CONDITIONS
 THE FOLLOWING WEATHER WAS RECORDED YESTERDAY.
  RAIN
  LIGHT RAIN
  FOG


RELATIVE HUMIDITY (PERCENT)
 HIGHEST    92          1100 PM
 LOWEST     53           400 PM
 AVERAGE    73

..........................................................


THE LONDON KY CLIMATE NORMALS FOR TODAY
                         NORMAL    RECORD    YEAR
 MAXIMUM TEMPERATURE (F)   50        69      1989
 MINIMUM TEMPERATURE (F)   29        -4      1960


SUNRISE AND SUNSET
FEBRUARY 15 2017......SUNRISE   725 AM EST   SUNSET   617 PM EST
FEBRUARY 16 2017......SUNRISE   724 AM EST   SUNSET   618 PM EST


-  INDICATES NEGATIVE NUMBERS.
R  INDICATES RECORD WAS SET OR TIED.
MM INDICATES DATA IS MISSING.
T  INDICATES TRACE AMOUNT.




$$
