000
CDUS43 KJKL 130538
CLILOZ

CLIMATE REPORT
NATIONAL WEATHER SERVICE JACKSON KY
135 AM EDT WED APR 13 2016

...................................

...THE LONDON KY CLIMATE SUMMARY FOR APRIL 12 2016...

CLIMATE NORMAL PERIOD 1981 TO 2010
CLIMATE RECORD PERIOD 1954 TO 2016

WEATHER ITEM   OBSERVED TIME   RECORD YEAR NORMAL DEPARTURE LAST
                VALUE   (LST)  VALUE       VALUE  FROM      YEAR
                                                  NORMAL
..................................................................
TEMPERATURE (F)
 YESTERDAY
  MAXIMUM         61    454 PM  86    1977  68     -7       82
  MINIMUM         42   1150 PM  25    1989  43     -1       44
  AVERAGE         52                        56     -4       63

PRECIPITATION (IN)
  YESTERDAY        0.12          1.08 2004   0.14  -0.02     0.00
  MONTH TO DATE    0.98                      1.56  -0.58     2.53
  SINCE MAR 1      3.11                      5.61  -2.50     7.86

SNOWFALL (IN)
  YESTERDAY       MM
  MONTH TO DATE   MM
  SINCE MAR 1     MM
  SINCE JUL 1     MM
  SNOW DEPTH      MM

DEGREE DAYS
 HEATING
  YESTERDAY       13                        10      3        2
  MONTH TO DATE  190                       139     51       69
  SINCE MAR 1    589                       688    -99      593
  SINCE JUL 1   3505                      3964   -459     4214

 COOLING
  YESTERDAY        0                         1     -1        0
  MONTH TO DATE    0                         4     -4       14
  SINCE MAR 1      0                         7     -7       14
  SINCE JAN 1      0                         7     -7       14
..................................................................

WIND (MPH)
  HIGHEST WIND SPEED    15   HIGHEST WIND DIRECTION     N (360)
  HIGHEST GUST SPEED    20   HIGHEST GUST DIRECTION     N (10)
  AVERAGE WIND SPEED     8.0

SKY COVER
  POSSIBLE SUNSHINE  MM
  AVERAGE SKY COVER 0.4

WEATHER CONDITIONS
 THE FOLLOWING WEATHER WAS RECORDED YESTERDAY.
  RAIN
  LIGHT RAIN
  FOG

RELATIVE HUMIDITY (PERCENT)
 HIGHEST    92           400 AM
 LOWEST     25           500 PM
 AVERAGE    59
..........................................................

THE LONDON KY CLIMATE NORMALS FOR TODAY
                         NORMAL    RECORD    YEAR
 MAXIMUM TEMPERATURE (F)   68        86      1977
 MINIMUM TEMPERATURE (F)   44        28      2007
                                             1989

SUNRISE AND SUNSET
APRIL 13 2016.........SUNRISE   704 AM EDT   SUNSET   810 PM EDT
APRIL 14 2016.........SUNRISE   703 AM EDT   SUNSET   811 PM EDT

-  INDICATES NEGATIVE NUMBERS.
R  INDICATES RECORD WAS SET OR TIED.
MM INDICATES DATA IS MISSING.
T  INDICATES TRACE AMOUNT.

$$
GREIF
