000
CDUS43 KJKL 210528
CLILOZ

CLIMATE REPORT
NATIONAL WEATHER SERVICE JACKSON KY
128 AM EDT SAT MAR 21 2015

...................................

...THE LONDON KY CLIMATE SUMMARY FOR MARCH 20 2015...

CLIMATE NORMAL PERIOD 1981 TO 2010
CLIMATE RECORD PERIOD 1954 TO 2015

WEATHER ITEM   OBSERVED TIME   RECORD YEAR NORMAL DEPARTURE LAST
                VALUE   (LST)  VALUE       VALUE  FROM      YEAR
                                                  NORMAL
..................................................................
TEMPERATURE (F)
 YESTERDAY
  MAXIMUM         51   1055 AM  85    2012  60     -9       56
  MINIMUM         45   1159 PM  17    1965  37      8       32
  AVERAGE         48                        48      0       44

PRECIPITATION (IN)
  YESTERDAY        0.10          1.47 1980   0.13  -0.03     0.00
  MONTH TO DATE    4.66                      2.61   2.05     3.20
  SINCE MAR 1      4.66                      2.61   2.05     3.20
  SINCE JAN 1     12.13                      9.86   2.27     9.71

SNOWFALL (IN)
  YESTERDAY       MM
  MONTH TO DATE   MM
  SINCE MAR 1     MM
  SINCE JUL 1     MM
  SNOW DEPTH      MM

DEGREE DAYS
 HEATING
  YESTERDAY       17                        17      0       21
  MONTH TO DATE  376                       385     -9      430
  SINCE MAR 1    376                       385     -9      430
  SINCE JUL 1   3997                      3661    336     3937

 COOLING
  YESTERDAY        0                         0      0        0
  MONTH TO DATE    0                         0      0        0
  SINCE MAR 1      0                         0      0        0
  SINCE JAN 1      0                         0      0        0
..................................................................

WIND (MPH)
  HIGHEST WIND SPEED    12   HIGHEST WIND DIRECTION     W (260)
  HIGHEST GUST SPEED    14   HIGHEST GUST DIRECTION     W (270)
  AVERAGE WIND SPEED     5.5

SKY COVER
  POSSIBLE SUNSHINE  MM
  AVERAGE SKY COVER 1.0

WEATHER CONDITIONS
 THE FOLLOWING WEATHER WAS RECORDED YESTERDAY.
  LIGHT RAIN
  FOG
  HAZE

RELATIVE HUMIDITY (PERCENT)
 HIGHEST    86          1200 AM
 LOWEST     77          1100 AM
 AVERAGE    82
..........................................................

THE LONDON KY CLIMATE NORMALS FOR TODAY
                         NORMAL    RECORD    YEAR
 MAXIMUM TEMPERATURE (F)   60        83      2012
 MINIMUM TEMPERATURE (F)   37        13      1965

SUNRISE AND SUNSET
MARCH 21 2015.........SUNRISE   739 AM EDT   SUNSET   749 PM EDT
MARCH 22 2015.........SUNRISE   737 AM EDT   SUNSET   750 PM EDT

-  INDICATES NEGATIVE NUMBERS.
R  INDICATES RECORD WAS SET OR TIED.
MM INDICATES DATA IS MISSING.
T  INDICATES TRACE AMOUNT.

$$

ABE
